{"id":108,"date":"2024-09-10T00:38:13","date_gmt":"2024-09-09T22:38:13","guid":{"rendered":"https:\/\/www.sf-germany.org\/einheiten\/universe\/?page_id=108"},"modified":"2024-09-16T14:14:26","modified_gmt":"2024-09-16T12:14:26","slug":"rusty-flower","status":"publish","type":"page","link":"https:\/\/www.sf-germany.org\/einheiten\/universe\/archiv\/rusty-flower\/","title":{"rendered":"Rusty Flower"},"content":{"rendered":"<h1>Die Rusty Flower &#8211; Live free in space<\/h1>\n<p>Ein Schiff ohne Zugeh\u00f6rigkeit zu irgend einer Macht &#8211; Gl\u00fccksritter, Abenteurer, immer auf der Suche nach M\u00f6glichkeiten, gr\u00f6\u00dftm\u00f6gliche Freiheit zu leben.<\/p>\n<p>&nbsp;<\/p>\n","protected":false},"excerpt":{"rendered":"<p>Die Rusty Flower &#8211; Live free in space Ein Schiff ohne Zugeh\u00f6rigkeit zu irgend einer Macht &#8211; Gl\u00fccksritter, Abenteurer, immer auf der Suche nach M\u00f6glichkeiten, gr\u00f6\u00dftm\u00f6gliche Freiheit zu leben. &nbsp;<\/p>\n","protected":false},"author":32,"featured_media":0,"parent":24,"menu_order":2,"comment_status":"closed","ping_status":"closed","template":"","meta":{"footnotes":""},"class_list":["post-108","page","type-page","status-publish","hentry"],"_links":{"self":[{"href":"https:\/\/www.sf-germany.org\/einheiten\/universe\/wp-json\/wp\/v2\/pages\/108","targetHints":{"allow":["GET"]}}],"collection":[{"href":"https:\/\/www.sf-germany.org\/einheiten\/universe\/wp-json\/wp\/v2\/pages"}],"about":[{"href":"https:\/\/www.sf-germany.org\/einheiten\/universe\/wp-json\/wp\/v2\/types\/page"}],"author":[{"embeddable":true,"href":"https:\/\/www.sf-germany.org\/einheiten\/universe\/wp-json\/wp\/v2\/users\/32"}],"replies":[{"embeddable":true,"href":"https:\/\/www.sf-germany.org\/einheiten\/universe\/wp-json\/wp\/v2\/comments?post=108"}],"version-history":[{"count":1,"href":"https:\/\/www.sf-germany.org\/einheiten\/universe\/wp-json\/wp\/v2\/pages\/108\/revisions"}],"predecessor-version":[{"id":109,"href":"https:\/\/www.sf-germany.org\/einheiten\/universe\/wp-json\/wp\/v2\/pages\/108\/revisions\/109"}],"up":[{"embeddable":true,"href":"https:\/\/www.sf-germany.org\/einheiten\/universe\/wp-json\/wp\/v2\/pages\/24"}],"wp:attachment":[{"href":"https:\/\/www.sf-germany.org\/einheiten\/universe\/wp-json\/wp\/v2\/media?parent=108"}],"curies":[{"name":"wp","href":"https:\/\/api.w.org\/{rel}","templated":true}]}}