{"id":127,"date":"2025-04-07T13:07:06","date_gmt":"2025-04-07T11:07:06","guid":{"rendered":"https:\/\/www.sf-germany.org\/einheiten\/universe\/?page_id=127"},"modified":"2025-12-30T01:01:56","modified_gmt":"2025-12-30T00:01:56","slug":"sylene-charaktere","status":"publish","type":"page","link":"https:\/\/www.sf-germany.org\/einheiten\/universe\/archiv\/sylene\/sylene-charaktere\/","title":{"rendered":"Sylene &#8211; Charaktere"},"content":{"rendered":"<h1><span style=\"font-weight: 400;\">Jade Clan:\u00a0<\/span><\/h1>\n<p>&nbsp;<\/p>\n<h2><span style=\"font-weight: 400;\">Die Jades:<\/span><\/h2>\n<p><span style=\"font-weight: 400;\">Die genetisch verwandte Familie:\u00a0\u00a0\u00a0\u00a0\u00a0<\/span><\/p>\n<p><span style=\"font-weight: 400;\">Desmond und Nilo &#8222;Papa und Mama&#8220; Jade<\/span><\/p>\n<ol>\n<li><span style=\"font-weight: 400;\"> Rachel: &#8222;Das Gesicht&#8220; der SMC &#8211; in erster Linie repr\u00e4sentative Aufgaben\u00a0<\/span><\/li>\n<li><span style=\"font-weight: 400;\"> Olivier: SSN &#8211; CO &#8218;Not invented here&#8216; COU, verheiratet mit Aniyah Al Awhari<\/span><\/li>\n<li><span style=\"font-weight: 400;\"> Pierre: SMC (designierter Nachfolger von Desmond), liiert mit Katie Duncan, Betazoidin und Erbin des TUST-Konzerns<\/span><\/li>\n<li><span style=\"font-weight: 400;\"> Sondra: Wissenschaftlerin\u00a0<\/span><\/li>\n<li><span style=\"font-weight: 400;\"> Mara: das &#8222;schwarze Schaf&#8220; der Familie<\/span><\/li>\n<li><span style=\"font-weight: 400;\"> Naief: SSN &#8211; CO Killing Offense ROU<\/span><\/li>\n<\/ol>\n<h2><span style=\"font-weight: 400;\">Adoptierte und anders assoziierte Jades:<\/span><\/h2>\n<ul>\n<li><span style=\"font-weight: 400;\">Surreal: &#8222;Tante&#8220; der Jades<\/span><\/li>\n<li><span style=\"font-weight: 400;\">Aina Ana\u00b4y-Jade: Troubleshooterin und adoptiertes Mitglied der Familie Jade<\/span><\/li>\n<li><span style=\"font-weight: 400;\">Aetoo: von Aina gefunden und in den Clan Adoptiert<\/span><\/li>\n<li><span style=\"font-weight: 400;\">Kajira und <\/span>Rayla Jade: zwei M\u00e4dchen von &#8222;Purgatory&#8220; die Mara mitgebracht hat &#8211; Rayla als Sklavin<\/li>\n<\/ul>\n<ul>\n<li style=\"font-weight: 400;\" aria-level=\"1\"><span style=\"font-weight: 400;\">Rayla: Feuerrote Haare, Sommerspro\u00dfen, zierlich mit kleinen Br\u00fcsten. Tr\u00e4gt immer noch ihr Sklavenhalsband als Erinnerung<\/span><\/li>\n<li style=\"font-weight: 400;\" aria-level=\"1\"><span style=\"font-weight: 400;\">Kajira: Blonde Locken bis zum Po. Eher zierlich in der Statur, vielleicht 1,65 gro\u00df, feste, zur Statur passende Br\u00fcste, durchtrainiert, lange Beine. Tr\u00e4gt gerne figurbetont und bauchfrei. Kleidung, in der sie, ohne in der Bewegung behindert zu werden, k\u00e4mpfen kann.<\/span><\/li>\n<li><span style=\"font-weight: 400;\">Ocan Elden Jade &#8211; ehemalige Masterchief der Navy, Hackerin und stark vercybert<\/span><\/li>\n<li>Chester &#8211; Roter, zerzauster, h\u00e4\u00dflicher Kater mit einem Ohr in Fetzen und einem rot gl\u00fchenden Cyberauge, dass ein wenig zu gro\u00df zu sein scheint. Fr\u00fcheres Forschungsobjekt, altert nicht, diverse &#8222;Verbesserungen&#8220; &#8211; von Ocan aus einem AAM-Labor befreit<\/li>\n<\/ul>\n<p>&nbsp;<\/p>\n<h2><span style=\"font-weight: 400;\">Kinder von Aniyah und Olli:<\/span><\/h2>\n<p><span style=\"font-weight: 400;\">Hope Yazgi und\u00a0<\/span><\/p>\n<p><span style=\"font-weight: 400;\">Faith Talih Jade-Al Awhari<\/span><\/p>\n<h2><span style=\"font-weight: 400;\">Andere Clanmitglieder:<\/span><\/h2>\n<p><span style=\"font-weight: 400;\">Dominik &#8211; Leibw\u00e4chter von Olivier Jade, wenn er auf Sylene ist<\/span><\/p>\n<p><span style=\"font-weight: 400;\">Private Zina Theodopoulus &#8211; klein, drahtig, trainiert mit olivefarbiger Haut und schwarzen Haaren bis zu den Schulterbl\u00e4ttern, dunkelbraunen, fast schwarzen Augen. Eindeutig griechischer Herkunft. Leibw\u00e4chterin und Teammitglied von Aetoo und Ocan<\/span><\/p>\n<p>&nbsp;<\/p>\n<h1><span style=\"font-weight: 400;\">Al Awhari Clan\u00a0<\/span><\/h1>\n<p><span style=\"font-weight: 400;\">Ahmad Mazen Al Awhari: Vater, Clanchef und Chef der AAM<\/span><\/p>\n<p><span style=\"font-weight: 400;\">Kamilah Al Awhari: Mutter\u00a0<\/span><\/p>\n<p><span style=\"font-weight: 400;\">Aniyah: Konzernerbin, verheiratet mit Olivier Jade\u00a0<\/span><\/p>\n<p><span style=\"font-weight: 400;\">Alaatin: Auch in der AAM, Manager und Bereichsleiter\u00a0<\/span><\/p>\n<p><span style=\"font-weight: 400;\">Hassan: Der K\u00fcnstler<\/span><\/p>\n<p>&nbsp;<\/p>\n<h2><span style=\"font-weight: 400;\">Andere Clanmitglieder:<\/span><\/h2>\n<p>&nbsp;<\/p>\n<p><span style=\"font-weight: 400;\">&#8222;Nai&#8220; Naijae Al Fahyyd: Die \u00c4rztin und Jugendfreundin von Aniyah<\/span><\/p>\n<p><span style=\"font-weight: 400;\">Yussuf &#8211; Leibw\u00e4chter von Aniyah\u00a0<\/span><\/p>\n<p>&nbsp;<\/p>\n<h1><span style=\"font-weight: 400;\">Mitsuko Clan<\/span><\/h1>\n<p><i><span style=\"font-weight: 400;\">Der Name &#8222;Mitsuko&#8220; stammt aus Japan und setzt sich aus zwei Kanji-Zeichen zusammen: &#8222;Mitsu&#8220; (<\/span><\/i><span style=\"font-weight: 400;\">\u5149<\/span><i><span style=\"font-weight: 400;\">) und &#8222;Ko&#8220; (<\/span><\/i><span style=\"font-weight: 400;\">\u5b50<\/span><i><span style=\"font-weight: 400;\">). &#8222;Mitsu&#8220; bedeutet Licht oder Glanz, w\u00e4hrend &#8222;Ko&#8220; Kind bedeutet. Zusammen kann der Name als &#8222;Kind des Lichts&#8220; oder &#8222;strahlendes Kind&#8220; interpretiert werden.<\/span><\/i><\/p>\n<p>&nbsp;<\/p>\n<p><i><span style=\"font-weight: 400;\">Als Familienname kommt &#8222;Mitsuko&#8220; extrem selten vor, sehr viel h\u00e4ufiger wird er als Vorname gew\u00e4hlt. Der sylenische Clan der Mitsuko hat seinen Firmennamen so gew\u00e4hlt, da er zum einen der Familienname des Clangr\u00fcnders Mitsuko Takumi war, und zum anderen, weil dieser Name dem Ziel und dem Anspruch der Familie gerecht werden sollte, n\u00e4mlich Kinder des Lichts (=des Erfolgs) zu sein.<\/span><\/i><\/p>\n<p>&nbsp;<\/p>\n<ul>\n<li style=\"font-weight: 400;\" aria-level=\"1\"><span style=\"font-weight: 400;\">Michiko Saito (37) &#8211; jetzige Clanchefin, Tochter von Jingu Saito (\u271d)<\/span>\n<ul>\n<li style=\"font-weight: 400;\" aria-level=\"2\"><span style=\"font-weight: 400;\">Riko Yubari &#8211; Leibw\u00e4chterin und intime Freundin von Michiko. Telekinetin<\/span><\/li>\n<\/ul>\n<\/li>\n<li style=\"font-weight: 400;\" aria-level=\"1\"><span style=\"font-weight: 400;\">Yamada Nobunaga &#8211; fr\u00fcher Oyabun (Overboss) von Mitsuko, Onkel von Michiko, von ihr zum Seppuku gezwungen<\/span><\/li>\n<li style=\"font-weight: 400;\" aria-level=\"1\"><span style=\"font-weight: 400;\">Ito Takeru &#8211; Rida (Boss), Leiter des Bereichs Hochtechnologie, fr\u00fcher F\u00f6rderer von Michiko<\/span><\/li>\n<li style=\"font-weight: 400;\" aria-level=\"1\"><span style=\"font-weight: 400;\">Natsuki Takeru &#8211; Frau von Ito, hat Michiko SEHR gern. Michiko wuchs bei den beiden auf, da ihre Eltern keine echte Zeit hatten<\/span><\/li>\n<li style=\"font-weight: 400;\" aria-level=\"1\"><span style=\"font-weight: 400;\">Yuina Ashikaga &#8211; Rida, Nachfolgerin von Kateru<\/span><\/li>\n<li style=\"font-weight: 400;\" aria-level=\"1\"><span style=\"font-weight: 400;\">Yuta Hayao &#8211; Rida, Leiter des Bereiches Terraforming<\/span><\/li>\n<li style=\"font-weight: 400;\" aria-level=\"1\"><span style=\"font-weight: 400;\">Chura Kobayashi &#8211; Rida, Leiter des Bereichs Information und Kommunikation<\/span><\/li>\n<li style=\"font-weight: 400;\" aria-level=\"1\"><span style=\"font-weight: 400;\">Himari Kat\u014d &#8211; Rida, Leiterin des Bereichs Rohstoffgewinnung<\/span><\/li>\n<\/ul>\n<p>&nbsp;<\/p>\n<p><b>Die Schattenabteilung<\/b><\/p>\n<ul>\n<li style=\"font-weight: 400;\" aria-level=\"1\"><span style=\"font-weight: 400;\">Raimund Gross &#8211; (Mr. W\u00fctend) Leiter der Schattenabteilung (\u271d)<\/span><\/li>\n<li style=\"font-weight: 400;\" aria-level=\"1\"><span style=\"font-weight: 400;\">Susanne Berg &#8211; (die Alte) Leiterin der Abt. Aufkl\u00e4rung &#8211; Nachfolgerin von Gross<\/span><\/li>\n<li style=\"font-weight: 400;\" aria-level=\"1\"><span style=\"font-weight: 400;\">Marlene Berg &#8211; (die Sch\u00f6ne) &#8211; Tochter von Susanne und ihre Nachfolgerin<\/span><\/li>\n<li style=\"font-weight: 400;\" aria-level=\"1\"><span style=\"font-weight: 400;\">Svein Bj\u00f8rndalen &#8211; (der Ruhige) &#8211; Leiter der Abteilung Presse und Propaganda<\/span><\/li>\n<li style=\"font-weight: 400;\" aria-level=\"1\"><span style=\"font-weight: 400;\">Adolphe Dechamps &#8211; (der Blonde) &#8211; Leiter des AssasinenTeams<\/span><\/li>\n<\/ul>\n<p>&nbsp;<\/p>\n<ul>\n<li style=\"font-weight: 400;\" aria-level=\"1\"><span style=\"font-weight: 400;\">Sergey Nikolay&#8217;ch Golovko &#8211; Leiter der internen Nachrichtenabteilung, einem Teilbereich der Abteilung Presse und Propaganda<\/span><\/li>\n<\/ul>\n<p>&nbsp;<\/p>\n<h4><span style=\"font-weight: 400;\">Schiffe<\/span><\/h4>\n<ul>\n<li style=\"font-weight: 400;\" aria-level=\"1\"><\/li>\n<li style=\"font-weight: 400;\" aria-level=\"1\"><span style=\"font-weight: 400;\">Mikasa &#8211; eine Aphris-Fregatte der Akonos-Klasse, f\u00fcnfhundert Meter lang, besitzt vier Sprung-Ladeb\u00e4nke, kann also vier Transitionen durchf\u00fchren, bevor die Ladeb\u00e4nke wieder aufgeladen werden m\u00fcssen.<\/span><\/li>\n<\/ul>\n<p>&nbsp;<\/p>\n<p><span style=\"font-weight: 400;\">Real Estates in T\u014dhoku &#8211; T\u014dhoku war zwar wirklich eine wundersch\u00f6ne Gartenkuppel auf dem Gebiet Mitsukos, aber auch gewisserma\u00dfen der Altersruhesitz des Clans.<\/span><\/p>\n<p>&nbsp;<\/p>\n<p><span style=\"font-weight: 400;\">Saito Jima &#8211; Dimorus-Sektor, Talath-System, zweiter Planet &#8222;Laythe&#8220;<\/span><\/p>\n<p><span style=\"font-weight: 400;\">Saito-Chima &#8211; kleine INsel auf Saito Jima, Privatbesitz von Michiko.<\/span><\/p>\n<h1><span style=\"font-weight: 400;\">Mouton Clan\u00a0<\/span><\/h1>\n<ul>\n<li style=\"font-weight: 400;\" aria-level=\"1\"><span style=\"font-weight: 400;\">Jules Moutton &#8211; Clanchef und Chef der GSC (General Supply Center)<\/span><\/li>\n<li style=\"font-weight: 400;\" aria-level=\"1\"><span style=\"font-weight: 400;\">Geraldine Moutton &#8211; Ehefrau von Jules<\/span>\n<ul>\n<li style=\"font-weight: 400;\" aria-level=\"2\"><span style=\"font-weight: 400;\">Jasper &#8211; \u00e4ltester Sohn &#8211; Clanerbe, sehr intelligent und wirtschaftlich geschickt<\/span>\n<ul>\n<li style=\"font-weight: 400;\" aria-level=\"3\"><span style=\"font-weight: 400;\">Scarlett &#8211; Jaspers Frau &#8211; hochintelligente Gesch\u00e4ftsfrau<\/span><\/li>\n<\/ul>\n<\/li>\n<li style=\"font-weight: 400;\" aria-level=\"2\"><span style=\"font-weight: 400;\">Amelia &#8211; zweit\u00e4ltestes Kind &#8211; lieb, zierlich, still<\/span>\n<ul>\n<li style=\"font-weight: 400;\" aria-level=\"3\"><span style=\"font-weight: 400;\">Asher Moutton (geb. Tanguy) &#8211; Amelias Mann &#8211; arrogant, \u00fcberheblich, steif (fast wie ein Brite)<\/span><\/li>\n<\/ul>\n<\/li>\n<li style=\"font-weight: 400;\" aria-level=\"2\"><span style=\"font-weight: 400;\">Cody Rapha\u00ebl &#8211; drittes Kind und Verlobter von Michiko Saito<\/span><\/li>\n<li style=\"font-weight: 400;\" aria-level=\"2\"><span style=\"font-weight: 400;\">Aurelia &#8211; viertes Kind &#8211; spricht 7 Sprachen<\/span><\/li>\n<\/ul>\n<\/li>\n<\/ul>\n<p>&nbsp;<\/p>\n<h1><span style=\"font-weight: 400;\">Die Regierung Sylenes und die Admiralit\u00e4t:\u00a0<\/span><\/h1>\n<p>&nbsp;<\/p>\n<ul>\n<li style=\"font-weight: 400;\" aria-level=\"1\"><span style=\"font-weight: 400;\">Pr\u00e4sident Iain DesMoines<\/span><\/li>\n<li style=\"font-weight: 400;\" aria-level=\"1\">Lordadmiral Walter Neufsteiner &#8211; Navy Chef<\/li>\n<li style=\"font-weight: 400;\" aria-level=\"1\"><span style=\"font-weight: 400;\">Admiral Sabrina Trolstoi (Alt-stimme) &#8211; Chefin des ONI, eines der drei Geheimdienste Sylenes mit Schwerpunkt Milit\u00e4r<\/span><\/li>\n<li style=\"font-weight: 400;\" aria-level=\"1\"><span style=\"font-weight: 400;\">Pierre Jardin &#8211; Chef von Besondere Umst\u00e4nde bzw Special Circumstances &#8211; Ziviler Geheimdienst<\/span><\/li>\n<li style=\"font-weight: 400;\" aria-level=\"1\"><span style=\"font-weight: 400;\">David Mullholland SIS &#8211; Sylene Internal Security<\/span><\/li>\n<li style=\"font-weight: 400;\" aria-level=\"1\"><span style=\"font-weight: 400;\">BU (Beh\u00f6rde f\u00fcr &#8222;Besondere Umst\u00e4nde&#8220;), Spionageabwehr, \u00e4u\u00dfere Sicherheit, &#8218;Doppel-Null-Agenten&#8216; mit Lizenz zum t\u00f6ten<\/span><\/li>\n<\/ul>\n<ul>\n<li aria-level=\"1\"><strong>SMC \u2013 Sylene Mining Corporation &#8211; <\/strong>Desmond Jade<\/li>\n<li aria-level=\"1\"><strong>Mitsuko (MTL Mitsuko Trading Lt.) &#8211;\u00a0<\/strong>Frederick Steelburg \u2013 Mitsuko Vertreter in der \u201eRegierung\u201c<\/li>\n<li aria-level=\"1\"><strong>GSC \u2013 General Supply Center &#8211;\u00a0<\/strong>Jules Moutton<\/li>\n<li aria-level=\"1\"><strong>Al Awhari Mining (AAM)<\/strong> &#8211;\u00a0Muchtar Mohammed James<\/li>\n<\/ul>\n<p>&nbsp;<\/p>\n<h1><span style=\"font-weight: 400;\">Andere Chars aus diversen Plotb\u00f6gen:<\/span><\/h1>\n<h3><span style=\"font-weight: 400;\">Das Nichts Zyklus:<\/span><\/h3>\n<p>&nbsp;<\/p>\n<ul>\n<li style=\"font-weight: 400;\" aria-level=\"1\"><span style=\"font-weight: 400;\">Commander Muriel Decker &#8211; CO CVU &#8218;Pony Express&#8216;<\/span><\/li>\n<li style=\"font-weight: 400;\" aria-level=\"1\"><\/li>\n<\/ul>\n<p>&nbsp;<\/p>\n","protected":false},"excerpt":{"rendered":"<p>Jade Clan:\u00a0 &nbsp; Die Jades: Die genetisch verwandte Familie:\u00a0\u00a0\u00a0\u00a0\u00a0 Desmond und Nilo &#8222;Papa und Mama&#8220; Jade Rachel: &#8222;Das Gesicht&#8220; der SMC &#8211; in erster Linie repr\u00e4sentative Aufgaben\u00a0 Olivier: SSN &#8211; CO &#8218;Not invented here&#8216; COU, verheiratet mit Aniyah Al Awhari Pierre: SMC (designierter Nachfolger von Desmond), liiert mit Katie Duncan, Betazoidin und Erbin des TUST-Konzerns&#8230;<\/p>\n<p class=\"more-link-wrap\"><a href=\"https:\/\/www.sf-germany.org\/einheiten\/universe\/archiv\/sylene\/sylene-charaktere\/\" class=\"more-link\">Read More<span class=\"screen-reader-text\"> &ldquo;Sylene &#8211; Charaktere&rdquo;<\/span> &raquo;<\/a><\/p>\n","protected":false},"author":32,"featured_media":0,"parent":89,"menu_order":0,"comment_status":"closed","ping_status":"closed","template":"","meta":{"footnotes":""},"class_list":["post-127","page","type-page","status-publish","hentry"],"_links":{"self":[{"href":"https:\/\/www.sf-germany.org\/einheiten\/universe\/wp-json\/wp\/v2\/pages\/127","targetHints":{"allow":["GET"]}}],"collection":[{"href":"https:\/\/www.sf-germany.org\/einheiten\/universe\/wp-json\/wp\/v2\/pages"}],"about":[{"href":"https:\/\/www.sf-germany.org\/einheiten\/universe\/wp-json\/wp\/v2\/types\/page"}],"author":[{"embeddable":true,"href":"https:\/\/www.sf-germany.org\/einheiten\/universe\/wp-json\/wp\/v2\/users\/32"}],"replies":[{"embeddable":true,"href":"https:\/\/www.sf-germany.org\/einheiten\/universe\/wp-json\/wp\/v2\/comments?post=127"}],"version-history":[{"count":6,"href":"https:\/\/www.sf-germany.org\/einheiten\/universe\/wp-json\/wp\/v2\/pages\/127\/revisions"}],"predecessor-version":[{"id":161,"href":"https:\/\/www.sf-germany.org\/einheiten\/universe\/wp-json\/wp\/v2\/pages\/127\/revisions\/161"}],"up":[{"embeddable":true,"href":"https:\/\/www.sf-germany.org\/einheiten\/universe\/wp-json\/wp\/v2\/pages\/89"}],"wp:attachment":[{"href":"https:\/\/www.sf-germany.org\/einheiten\/universe\/wp-json\/wp\/v2\/media?parent=127"}],"curies":[{"name":"wp","href":"https:\/\/api.w.org\/{rel}","templated":true}]}}