{"id":130,"date":"2025-04-07T13:12:09","date_gmt":"2025-04-07T11:12:09","guid":{"rendered":"https:\/\/www.sf-germany.org\/einheiten\/universe\/?page_id=130"},"modified":"2025-12-27T22:19:32","modified_gmt":"2025-12-27T21:19:32","slug":"sylene-raumschiffe-und-co","status":"publish","type":"page","link":"https:\/\/www.sf-germany.org\/einheiten\/universe\/archiv\/sylene\/sylene-raumschiffe-und-co\/","title":{"rendered":"Sylene &#8211; Raumschiffe und Co."},"content":{"rendered":"<h1><span style=\"font-weight: 400;\">Sylene: Schiffe und Crews<\/span><\/h1>\n<h4><span style=\"font-weight: 400;\">Allgemeine Informationen zur Flotte<\/span><\/h4>\n<p>&nbsp;<\/p>\n<p><span style=\"font-weight: 400;\">Itreatra-A &#8211; Flottenst\u00fctzpunkt<\/span><\/p>\n<p><span style=\"font-weight: 400;\">Itreatra-B &#8211; Flottenwerft<\/span><\/p>\n<p><span style=\"font-weight: 400;\">QTG &#8211; Quantum Tunnel Gun (Cutie)<\/span><\/p>\n<p><span style=\"font-weight: 400;\">J\u00e4gerstaffeln: Wolf Pack<\/span><\/p>\n<p>&nbsp;<\/p>\n<h4><span style=\"font-weight: 400;\">ROU Killing Offense<\/span><\/h4>\n<p>&nbsp;<\/p>\n<p><span style=\"font-weight: 400;\">Captain Naief Jade (CO)<\/span><\/p>\n<p><span style=\"font-weight: 400;\">Lt. Commander Jonathan Leonard Estrada (XO)<\/span><\/p>\n<p><span style=\"font-weight: 400;\">Lt. Commander Romana Raskolnikowa (XO)<\/span><\/p>\n<p><span style=\"font-weight: 400;\">Lt. Samuel Lejeune (CWI)<\/span><\/p>\n<p><span style=\"font-weight: 400;\">Lt. Juri Lenovo (COMM)<\/span><\/p>\n<p><span style=\"font-weight: 400;\">Lt. Izzy &#8222;Angel&#8220; deVries (Staffelkommandantin der J\u00e4ger)<\/span><\/p>\n<ol>\n<li><span style=\"font-weight: 400;\"> Alex Siegmann (TAK)<\/span><\/li>\n<\/ol>\n<p>&nbsp;<\/p>\n<h4><span style=\"font-weight: 400;\">COU Not Invented Here<\/span><\/h4>\n<p>&nbsp;<\/p>\n<p><span style=\"font-weight: 400;\">Oliver Jade &#8211; CO<\/span><\/p>\n<p><span style=\"font-weight: 400;\">Mary Anne Rose &#8211; XO<\/span><\/p>\n<p><span style=\"font-weight: 400;\">Tess Chalky &#8211; XO<\/span><\/p>\n<p><span style=\"font-weight: 400;\">Amelia Raven &#8211; TAK<\/span><\/p>\n<p>&nbsp;<\/p>\n<h4><span style=\"font-weight: 400;\">ROU Killing Offense<\/span><\/h4>\n<p>&nbsp;<\/p>\n<p><span style=\"font-weight: 400;\">Capt. Naief Jade &#8211; CO<\/span><\/p>\n<p><span style=\"font-weight: 400;\">Commander Alex MacGuire &#8211; Steward der CO<\/span><\/p>\n<p><span style=\"font-weight: 400;\">Lt. Commander Jonathan Leonard Estrada (&#8222;Jay Lo&#8220;)- XO<\/span><\/p>\n<p><span style=\"font-weight: 400;\">Lt. Commander Romana Raskolnikowa &#8211; XO<\/span><\/p>\n<p><span style=\"font-weight: 400;\">Lt. Samuel Lejeune &#8211; CWI<\/span><\/p>\n<p><span style=\"font-weight: 400;\">Lt. Juri Lenovo &#8211; COMM<\/span><\/p>\n<p><span style=\"font-weight: 400;\">Lt. Izzy &#8222;Angel&#8220; deVries &#8211; Staffelkommandant (Wolfpack Primary) der J\u00e4ger<\/span><\/p>\n<ol>\n<li><span style=\"font-weight: 400;\"> Alex Siegmann &#8211; TAK<\/span><\/li>\n<\/ol>\n<p>&nbsp;<\/p>\n<p><span style=\"font-weight: 400;\">15 Zweiergruppen J\u00e4ger an Bord &#8211; genannt Wingmans, kurz Wings Aufgeteilt in frei definierbare Staffeln, genannt Wolfpacks<\/span><\/p>\n<p>&nbsp;<\/p>\n<p><span style=\"font-weight: 400;\">Infos zur Bewaffnung<\/span><\/p>\n<p>&nbsp;<\/p>\n<p><span style=\"font-weight: 400;\">Im Gegensatz zu den kleinen Handfeuerwaffen, die die sylenische Standardwaffe war, verschossen die Railguns kritische Massen, \u00e4hnlich der kritischen Plutoniummassen der Atombomben der alten Erde, beschleunigt auf eine hohe relative Geschwindigkeit, die durch den Aufprall auf Schutzschirmen oder Schiffsh\u00fcllen zur Kettenreaktion gezwungen wurden.<\/span><\/p>\n<p>&nbsp;<\/p>\n<h4><span style=\"font-weight: 400;\">(m)COU Jinx Mistress &#8211; SSN 1783<\/span><\/h4>\n<p>&nbsp;<\/p>\n<p><span style=\"font-weight: 400;\">Captain Skyla Lyma (vor ihrem Abgang zur UFP)<\/span><\/p>\n<p>&nbsp;<\/p>\n<p><span style=\"font-weight: 400;\">Commander Juan Sanchez (m)<\/span> <span style=\"font-weight: 400;\">1O<\/span><\/p>\n<p><span style=\"font-weight: 400;\">Commander Joan Delvira (w)<\/span> <span style=\"font-weight: 400;\">1O<\/span><\/p>\n<p>&nbsp;<\/p>\n<p><span style=\"font-weight: 400;\">&#8222;Helms&#8220; CPO V\u00b4alerie<\/span> <span style=\"font-weight: 400;\">FLG\u00a0<\/span><\/p>\n<p><span style=\"font-weight: 400;\">Lt. Daniel Ortega <\/span> <span style=\"font-weight: 400;\">Navigation<\/span><\/p>\n<p><span style=\"font-weight: 400;\">&#8222;Guns&#8220; Lt(sg) Angel Steiner<\/span> <span style=\"font-weight: 400;\">TAK<\/span><\/p>\n<p><span style=\"font-weight: 400;\">AC (Air Chief) Max &#8222;Mad Max&#8220; LeMer\u00a0 <\/span> <span style=\"font-weight: 400;\">Flight Ops<\/span><\/p>\n<p><span style=\"font-weight: 400;\">&#8222;Sparks&#8220; Lt.(jg) Mark Holden<\/span> <span style=\"font-weight: 400;\">Komm<\/span><\/p>\n<p><span style=\"font-weight: 400;\">Lt(jg) Arvin Magnus<\/span> <span style=\"font-weight: 400;\">OPS<\/span><\/p>\n<p><span style=\"font-weight: 400;\">Commander Emanuelle Ash<\/span> <span style=\"font-weight: 400;\">CING<\/span><\/p>\n<p>&nbsp;<\/p>\n<h4><span style=\"font-weight: 400;\">LAU Screamin\u00b4 Betty &#8211; Teil der Flugstaffel der Jinx Mistress<\/span><\/h4>\n<p>&nbsp;<\/p>\n<p><span style=\"font-weight: 400;\">Ens. Julie &#8222;Sparky&#8220; O\u00b4Farell <\/span> <span style=\"font-weight: 400;\">Navigator\/Waffen Screamin\u00b4Betty<\/span><\/p>\n<p><span style=\"font-weight: 400;\">Lt(jg) James &#8222;Buddy&#8220; Ryan<\/span> <span style=\"font-weight: 400;\">Pilot Screamin\u00b4Betty<\/span><\/p>\n<p>&nbsp;<\/p>\n<h2><span style=\"font-weight: 400;\">Behemoth Fabrikschiffe (generelles):<\/span><\/h2>\n<p>&nbsp;<\/p>\n<p><span style=\"font-weight: 400;\">Snippet:<\/span><\/p>\n<p><span style=\"font-weight: 400;\">\u201cDie Behemoth-Klasse ist die gr\u00f6\u00dfte Fabrikschiffsklasse der SMC. Und Sylenes. Das Teil ist gr\u00f6\u00dfer als mehrere Borg-Kuben und wiegt auch dementsprechend.\u201d<\/span><\/p>\n<p><span style=\"font-weight: 400;\">\u201cWie wird es mit Energie versorgt?\u201d stellte die Ingenieurin die f\u00fcr sie offensichtliche Frage<\/span><\/p>\n<p><span style=\"font-weight: 400;\">\u201cEine Batterie von Schwarzschild-Antimateriereaktoren und seit neuestem ein paar Akashafeld-Generatoren. Der Warpdrive ist am energiehungrigsten.\u201d<\/span><\/p>\n<p>&nbsp;<\/p>\n<h3><span style=\"font-weight: 400;\">Behemoth Fabrikschiffe\u00a0<\/span><\/h3>\n<p><span style=\"font-weight: 400;\">SMC Nostromo II (Fabrikschiff, Behemoth klasse)<\/span><\/p>\n<p><span style=\"font-weight: 400;\">CO &#8211; James Falkner<\/span><\/p>\n<p><span style=\"font-weight: 400;\">&#8222;Der Mann war so um die 50, hatte einen zur\u00fcckweichenden Haaransatz und einen kleinen Wohlstandsbauch. Schwere Arbeitsschuhe lugten unter einer verwaschenen und l\u00f6chrigen Jeans hervor w\u00e4hrend ein quietschbuntes Hawaiihemd \u00fcber den Bauch spannte und ein paar Brusthaare sehen lie\u00df.&#8220;<\/span><\/p>\n<p>&nbsp;<\/p>\n<p><span style=\"font-weight: 400;\">EO &#8211; Franziska &#8222;Franzi&#8220; M\u00fcller -&gt;Frau von Chef Verfahrenstechnik<\/span><\/p>\n<p><span style=\"font-weight: 400;\">&#8222;Die Frau war vielleicht 10 Jahre j\u00fcnger (also ca 40), hatte aber offensichtlich einen durchtrainierten K\u00f6rper. Ein figurbetonendes T-Shirt und zitronengelbe Caprihosen lie\u00dfen keine Zweifel, obwohl auch ihre F\u00fc\u00dfe in schweren Arbeitsschuhen Steckten. Ihre langen dunklen Haare waren von grauen str\u00e4hnen durchzogen und zu einem Pony zusammengefa\u00dft, ganz \u00e4hnlich dem von Mara. Lachfalten um die Augen verliehen ihr eine fr\u00f6hliche Aura und ein Ring piercte ihren Nasenfl\u00fcgel.&#8220;<\/span><\/p>\n<p>&nbsp;<\/p>\n<p><span style=\"font-weight: 400;\">Koch &#8211; Carrie Maus\u00a0<\/span><\/p>\n<p><span style=\"font-weight: 400;\">Sensortechniker Abdullah Ramadan<\/span><\/p>\n<p><span style=\"font-weight: 400;\">Fabrikleiter &#8211; Max M\u00fcller<\/span><\/p>\n<p><span style=\"font-weight: 400;\">NAV &#8211; Sue Shoe<\/span><\/p>\n<p><span style=\"font-weight: 400;\">Chef Verfahrenstechnik Fabrik &#8211; Max M\u00fcller -&gt; Mann von EO<\/span><\/p>\n<p>&nbsp;<\/p>\n<h4><span style=\"font-weight: 400;\">Andere Schiffe der Behemoth-klasse:<\/span><\/h4>\n<p>&nbsp;<\/p>\n<p><span style=\"font-weight: 400;\">Salem Express &#8211; Fabrikschiff der SMC<\/span><\/p>\n<p><span style=\"font-weight: 400;\">Amoco Cadiz &#8211; Fabrikschiff SMC<\/span><\/p>\n<p><span style=\"font-weight: 400;\">Torrey Canyon &#8211; Fabrikschiff SMC<\/span><\/p>\n<p><span style=\"font-weight: 400;\">Exxon Valdez &#8211; Fabrikschiff SMC<\/span><\/p>\n<p><span style=\"font-weight: 400;\">Nostromo III &#8211; Fabrikschiff der SMC<\/span><\/p>\n<p>&nbsp;<\/p>\n<p>&nbsp;<\/p>\n<h4>Sylenische Schiffsklassen (Auszug)<\/h4>\n<p>sCOU super Carrier Offensive Unit (2800+m)<br \/>\nCOU Carrier offensive unit (1800+m)<br \/>\nmCOU Medium Carrier unit (1500+m)<br \/>\nROU Rapid Offensive Unit (1000-1200m)<br \/>\nMOU Medium OU (800m)<br \/>\nLOU Limited OU (600)<br \/>\nGOU General OU (Forschungs\/leicht bewaffnete Kriegsschiffe) (800m)<br \/>\nLAU Light Attack Unit ca 50-75m<br \/>\nICU Intelligence and Countermeasures unit &#8211; alt: LSU &#8211; Light Surveillance Unit &#8211; Raven Class Units (150-200m)<br \/>\nCVU Courier Vehicle Unit &#8211; Kurierschiffe, 80m?<br \/>\nGSV General System Vehicle (5500+) &#8211; Zivilschiff, daher Vehicle<br \/>\nMSV Medium SV (4000+) &#8211; Zivilschiff, daher Vehicle<br \/>\nLSV Limited SV (2500+) &#8211; Zivilschiff, daher Vehicle<\/p>\n<p>Neuer geplanter Schiffstyp: die &#8211; vorl\u00e4ufiger Name &#8211; SAU<br \/>\nSAU &#8211; Stealth Attack Unit &#8211; Eine Art Gunship, in der Gr\u00f6\u00dfe einer Defiant, kann sich komplett tarnen dank Cam-Plates, mit ziemlichem Wumms bewaffnet. Vorl\u00e4ufig nur f\u00fcr Elite-Teams verf\u00fcgbar.<\/p>\n<p><strong>ROUs:<\/strong><\/p>\n<ul style=\"list-style-type: circle;\">\n<li>Torturer Klasse &#8211; ROU &#8211; 1100m<\/li>\n<li>Murderer Klasse &#8211; ROU &#8211; 1400m<\/li>\n<li>Killer Klasse &#8211; ROU &#8211; 1800<\/li>\n<li>Soziopath Klasse &#8211; ROU &#8211; 2000m<\/li>\n<\/ul>\n<p><strong>COUs: <\/strong><\/p>\n<ul style=\"list-style-type: circle;\">\n<li>Abomination Klasse &#8211; COU &#8211; 2400m<\/li>\n<li>Monster Klasse &#8211; COU &#8211; 1800m<\/li>\n<li>Spawn Klasse &#8211; COU &#8211; 2900m<\/li>\n<li>Aberration Klasse &#8211; 3800m -&gt; Hindi Gedir<\/li>\n<\/ul>\n<div class=\"message__5126c cozyMessage__5126c groupStart__5126c wrapper_c19a55 cozy_c19a55 zalgo_c19a55\" tabindex=\"-1\" role=\"article\" data-list-item-id=\"chat-messages___chat-messages-1183483339622064238-1454540245734527253\" aria-setsize=\"-1\" aria-roledescription=\"Nachricht\" aria-labelledby=\"message-username-1454540245734527253 uid_1 message-content-1454540245734527253 uid_2 message-timestamp-1454540245734527253\">\n<div class=\"contents_c19a55\"><\/div>\n<div class=\"buttonContainer_c19a55\">\n<div class=\"buttons__5126c container__040f0 isHeader__040f0\" role=\"group\" aria-label=\"Nachrichtenaktionen\"><\/div>\n<\/div>\n<\/div>\n<div class=\"message__5126c cozyMessage__5126c wrapper_c19a55 cozy_c19a55 zalgo_c19a55\" tabindex=\"-1\" role=\"article\" data-list-item-id=\"chat-messages___chat-messages-1183483339622064238-1454540959265325252\" aria-setsize=\"-1\" aria-roledescription=\"Nachricht\" aria-labelledby=\"message-username-1454540245734527253 uid_1 message-content-1454540959265325252 uid_2 message-timestamp-1454540959265325252\">\n<div class=\"contents_c19a55\">\n<div id=\"message-content-1454540959265325252\" class=\"markup__75297 messageContent_c19a55\">MOU Medium OU (800m) (neu bis 1000m)<\/div>\n<div class=\"markup__75297 messageContent_c19a55\">LOU Limited OU (600) (neu bis 800m)<\/div>\n<div class=\"markup__75297 messageContent_c19a55\">GOU General OU (leicht bewaffnete Kriegsschiffe) (160 &#8211; 300m, ausgenommen Flottentender die 2000m und mehr erreichen)<\/div>\n<div class=\"markup__75297 messageContent_c19a55\">LAU Light Attack Unit ca 75m<\/div>\n<div class=\"markup__75297 messageContent_c19a55\">ICU Intelligence and Countermeasures unit &#8211; alt: LSU &#8211; Light Surveillance Unit &#8211; Raven Class Units (150-200m)<\/div>\n<div class=\"markup__75297 messageContent_c19a55\">CVU Courier Vehicle Unit &#8211; Kurierschiffe, 80m?<\/div>\n<div class=\"markup__75297 messageContent_c19a55\">HTU Heavy Transport Unit<\/div>\n<div class=\"markup__75297 messageContent_c19a55\">MTU Medium Transport Unit<\/div>\n<div class=\"markup__75297 messageContent_c19a55\">LTU Light Transport Unit<\/div>\n<\/div>\n<div class=\"buttonContainer_c19a55\">\n<div class=\"buttons__5126c container__040f0\" role=\"group\" aria-label=\"Nachrichtenaktionen\"><\/div>\n<\/div>\n<\/div>\n<div class=\"message__5126c cozyMessage__5126c wrapper_c19a55 cozy_c19a55 zalgo_c19a55\" tabindex=\"-1\" role=\"article\" data-list-item-id=\"chat-messages___chat-messages-1183483339622064238-1454541348739874907\" aria-setsize=\"-1\" aria-roledescription=\"Nachricht\" aria-labelledby=\"message-username-1454540245734527253 uid_1 message-content-1454541348739874907 uid_2 message-timestamp-1454541348739874907\">\n<div class=\"contents_c19a55\">\n<div id=\"message-content-1454541348739874907\" class=\"markup__75297 messageContent_c19a55\">GOUs und LOUs sind praktisch aus der Flotte verschwunden, weil zu klein f\u00fcr moderne Systeme und Eins\u00e4tze. Die verbliebenen werden oft als Wachboote f\u00fcr Stationen und Kolonien verwendet. Die Klasse der <span style=\"font-size: 1.0625rem;\">MOUs wird noch in kleinen St\u00fcckzahlen gebaut, ist aber auf dem Weg, auch das Schicksal der GOUs und LOUs zu erfahren.\u00a0<\/span><\/div>\n<\/div>\n<\/div>\n","protected":false},"excerpt":{"rendered":"<p>Sylene: Schiffe und Crews Allgemeine Informationen zur Flotte &nbsp; Itreatra-A &#8211; Flottenst\u00fctzpunkt Itreatra-B &#8211; Flottenwerft QTG &#8211; Quantum Tunnel Gun (Cutie) J\u00e4gerstaffeln: Wolf Pack &nbsp; ROU Killing Offense &nbsp; Captain Naief Jade (CO) Lt. Commander Jonathan Leonard Estrada (XO) Lt. Commander Romana Raskolnikowa (XO) Lt. Samuel Lejeune (CWI) Lt. Juri Lenovo (COMM) Lt. Izzy &#8222;Angel&#8220;&#8230;<\/p>\n<p class=\"more-link-wrap\"><a href=\"https:\/\/www.sf-germany.org\/einheiten\/universe\/archiv\/sylene\/sylene-raumschiffe-und-co\/\" class=\"more-link\">Read More<span class=\"screen-reader-text\"> &ldquo;Sylene &#8211; Raumschiffe und Co.&rdquo;<\/span> &raquo;<\/a><\/p>\n","protected":false},"author":32,"featured_media":0,"parent":89,"menu_order":0,"comment_status":"closed","ping_status":"closed","template":"","meta":{"footnotes":""},"class_list":["post-130","page","type-page","status-publish","hentry"],"_links":{"self":[{"href":"https:\/\/www.sf-germany.org\/einheiten\/universe\/wp-json\/wp\/v2\/pages\/130","targetHints":{"allow":["GET"]}}],"collection":[{"href":"https:\/\/www.sf-germany.org\/einheiten\/universe\/wp-json\/wp\/v2\/pages"}],"about":[{"href":"https:\/\/www.sf-germany.org\/einheiten\/universe\/wp-json\/wp\/v2\/types\/page"}],"author":[{"embeddable":true,"href":"https:\/\/www.sf-germany.org\/einheiten\/universe\/wp-json\/wp\/v2\/users\/32"}],"replies":[{"embeddable":true,"href":"https:\/\/www.sf-germany.org\/einheiten\/universe\/wp-json\/wp\/v2\/comments?post=130"}],"version-history":[{"count":3,"href":"https:\/\/www.sf-germany.org\/einheiten\/universe\/wp-json\/wp\/v2\/pages\/130\/revisions"}],"predecessor-version":[{"id":146,"href":"https:\/\/www.sf-germany.org\/einheiten\/universe\/wp-json\/wp\/v2\/pages\/130\/revisions\/146"}],"up":[{"embeddable":true,"href":"https:\/\/www.sf-germany.org\/einheiten\/universe\/wp-json\/wp\/v2\/pages\/89"}],"wp:attachment":[{"href":"https:\/\/www.sf-germany.org\/einheiten\/universe\/wp-json\/wp\/v2\/media?parent=130"}],"curies":[{"name":"wp","href":"https:\/\/api.w.org\/{rel}","templated":true}]}}