{"id":133,"date":"2025-04-07T13:13:31","date_gmt":"2025-04-07T11:13:31","guid":{"rendered":"https:\/\/www.sf-germany.org\/einheiten\/universe\/?page_id=133"},"modified":"2025-04-07T13:13:54","modified_gmt":"2025-04-07T11:13:54","slug":"sylene-locations","status":"publish","type":"page","link":"https:\/\/www.sf-germany.org\/einheiten\/universe\/archiv\/sylene\/sylene-locations\/","title":{"rendered":"Sylene &#8211; Locations"},"content":{"rendered":"<h1><span style=\"font-weight: 400;\">Sylene: Locations<\/span><\/h1>\n<h4><span style=\"font-weight: 400;\">Central<\/span><\/h4>\n<p><span style=\"font-weight: 400;\">Hauptstadt des Planeten &#8211; In mehreren Kuppeln, ober- und unterirdisch gelegen und tiefen unterirdischen G\u00e4ngen. Die Zentralkuppel beinhaltet in der Mitte den pentagon-f\u00f6rmigen Central-Park an dessen f\u00fcnf Ecken die Hauptquartiere der vier Clans und das Regierungsgeb\u00e4ude als f\u00fcnftes Eck liegen. An der Oberfl\u00e4che die Kuppeln des Raumhafens und der Versorgung.\u00a0<\/span><\/p>\n<p>&nbsp;<\/p>\n<h4><span style=\"font-weight: 400;\">Jade Manor<\/span><\/h4>\n<p><span style=\"font-weight: 400;\">Heimatkuppel und Herrenhaus mit umliegenden G\u00e4rten der Jades, architektonisches Durcheinander mit Charme\u00a0<\/span><\/p>\n<p>&nbsp;<\/p>\n<h4><span style=\"font-weight: 400;\">Al Awhari Kuppel<\/span><\/h4>\n<p><span style=\"font-weight: 400;\">die M\u00e4rchen aus tausendundeine Nacht werden hier wahr. W\u00fcste, Steppe, Oasen, Tiere Afrikas, fliegende Teppiche und die Heimat des Clans\u00a0<\/span><\/p>\n<p>&nbsp;<\/p>\n<h4><span style=\"font-weight: 400;\">Landing<\/span><\/h4>\n<p><span style=\"font-weight: 400;\">Kuppel an der Oberfl\u00e4che, der Ort, an dem das Siedlerschiff strandete. Ein Museum der Geschichte der Clans, in der auch Zeremonien stattfinden<\/span><\/p>\n<p><span style=\"font-weight: 400;\">Offiziell der Punkt, an dem das besch\u00e4digte Siedlerschiff seine Bruchlandung auf dem Planeten hingelegt hat.\u00a0<\/span><\/p>\n<p><span style=\"font-weight: 400;\">Heute ein Museum unter einer Kuppel auf der Oberfl\u00e4che. Wird von allen vier Companies betrieben und erhalten, die jede einen Teil der Kuppel f\u00fcr sich reklamiert. Im Zentrum die \u00dcberreste der &#8218;Angels Pencil&#8216; dem Sublicht-Siedlerschiff<\/span><\/p>\n<p>&nbsp;<\/p>\n<h4><span style=\"font-weight: 400;\">Baker1364<\/span><\/h4>\n<p>&nbsp;<\/p>\n<p><span style=\"font-weight: 400;\">Infantrie Major Grimm (CSO der Basis und interne sicherheit)<\/span><\/p>\n<p><span style=\"font-weight: 400;\">Lt. Meier (Externe sicherheit)<\/span><\/p>\n<p><span style=\"font-weight: 400;\">Prof. Nikolaj (Kolja) &#8222;Crazy&#8220; Ivanov (Chefwissenschaftler)<\/span><\/p>\n<p>&nbsp;<\/p>\n<h4><span style=\"font-weight: 400;\">Dry Tortuga, Tortuga IV (Terraforming und Forschungsstation Juliet II)<\/span><\/h4>\n<p>&nbsp;<\/p>\n<p><span style=\"font-weight: 400;\">Mark Dennis &#8211; Sicherheitschef<\/span><\/p>\n<p><span style=\"font-weight: 400;\">Marcia Nikolaios &#8211; Chef Forscherin<\/span><\/p>\n<p><span style=\"font-weight: 400;\">Hans Zimmer &#8211; Mikrobiologe<\/span><\/p>\n<p><span style=\"font-weight: 400;\">Sandra Sux &#8211; Technikerin<\/span><\/p>\n<p>&nbsp;<\/p>\n<h4><span style=\"font-weight: 400;\">Skunk Works Raumstation &#8211; geheime SMC Forschungsstation und Werft<\/span><\/h4>\n<p>&nbsp;<\/p>\n<p><span style=\"font-weight: 400;\">Ort an dem die &#8218;Things that go Bump in the Night&#8216; gebaut wurde.\u00a0<\/span><\/p>\n<p>&nbsp;<\/p>\n<p><span style=\"font-weight: 400;\">Charles T&#8217;Ranquil &#8211; Chef vor Ort &#8211; Wissenschaftler<\/span><\/p>\n<p>&nbsp;<\/p>\n<h4><span style=\"font-weight: 400;\">Midway Station &#8211; Forschungs- und Werftkomplex\u00a0<\/span><\/h4>\n<p><span style=\"font-weight: 400;\">Hier sollte ein planetoidengro\u00dfes Schiff &#8211; ein &#8218;Systemschiff&#8216; &#8211; entstehen, welches zur L\u00f6sung des \u00dcberbev\u00f6lkerungsproblems Syslenes beitragen sollte. Leider ging etwas sehr schief<\/span><\/p>\n<p>&nbsp;<\/p>\n","protected":false},"excerpt":{"rendered":"<p>Sylene: Locations Central Hauptstadt des Planeten &#8211; In mehreren Kuppeln, ober- und unterirdisch gelegen und tiefen unterirdischen G\u00e4ngen. Die Zentralkuppel beinhaltet in der Mitte den pentagon-f\u00f6rmigen Central-Park an dessen f\u00fcnf Ecken die Hauptquartiere der vier Clans und das Regierungsgeb\u00e4ude als f\u00fcnftes Eck liegen. An der Oberfl\u00e4che die Kuppeln des Raumhafens und der Versorgung.\u00a0 &nbsp; Jade&#8230;<\/p>\n<p class=\"more-link-wrap\"><a href=\"https:\/\/www.sf-germany.org\/einheiten\/universe\/archiv\/sylene\/sylene-locations\/\" class=\"more-link\">Read More<span class=\"screen-reader-text\"> &ldquo;Sylene &#8211; Locations&rdquo;<\/span> &raquo;<\/a><\/p>\n","protected":false},"author":32,"featured_media":0,"parent":89,"menu_order":0,"comment_status":"closed","ping_status":"closed","template":"","meta":{"footnotes":""},"class_list":["post-133","page","type-page","status-publish","hentry"],"_links":{"self":[{"href":"https:\/\/www.sf-germany.org\/einheiten\/universe\/wp-json\/wp\/v2\/pages\/133","targetHints":{"allow":["GET"]}}],"collection":[{"href":"https:\/\/www.sf-germany.org\/einheiten\/universe\/wp-json\/wp\/v2\/pages"}],"about":[{"href":"https:\/\/www.sf-germany.org\/einheiten\/universe\/wp-json\/wp\/v2\/types\/page"}],"author":[{"embeddable":true,"href":"https:\/\/www.sf-germany.org\/einheiten\/universe\/wp-json\/wp\/v2\/users\/32"}],"replies":[{"embeddable":true,"href":"https:\/\/www.sf-germany.org\/einheiten\/universe\/wp-json\/wp\/v2\/comments?post=133"}],"version-history":[{"count":2,"href":"https:\/\/www.sf-germany.org\/einheiten\/universe\/wp-json\/wp\/v2\/pages\/133\/revisions"}],"predecessor-version":[{"id":136,"href":"https:\/\/www.sf-germany.org\/einheiten\/universe\/wp-json\/wp\/v2\/pages\/133\/revisions\/136"}],"up":[{"embeddable":true,"href":"https:\/\/www.sf-germany.org\/einheiten\/universe\/wp-json\/wp\/v2\/pages\/89"}],"wp:attachment":[{"href":"https:\/\/www.sf-germany.org\/einheiten\/universe\/wp-json\/wp\/v2\/media?parent=133"}],"curies":[{"name":"wp","href":"https:\/\/api.w.org\/{rel}","templated":true}]}}