{"id":1563,"date":"2019-10-29T21:50:50","date_gmt":"2019-10-29T20:50:50","guid":{"rendered":"http:\/\/www.sf-germany.org\/einheiten\/uss-galathea\/?page_id=1563"},"modified":"2021-01-02T09:57:05","modified_gmt":"2021-01-02T08:57:05","slug":"levka-solowyova","status":"publish","type":"page","link":"https:\/\/www.sf-germany.org\/einheiten\/uss-galathea\/die-crew\/nichtspielercharaktere\/levka-solowyova\/","title":{"rendered":"Levka Solowyova"},"content":{"rendered":"\n<div style=\"float: right; margin-left: 15px; margin-bottom: 15px; font-size: 11px; min-width: 350px; width: 25%; padding-left: 10px; padding-right: 10px;\">\n<table style=\"width: 100%; border: 0px outset #003366; background: #ffffff; box-shadow: rgba(255, 255, 255, 0.75) 0.1em 0.1em 0.5em; border-radius: 1em;\" border=\"3\" cellspacing=\"10\" align=\"right\">\n<tbody>\n<tr style=\"height: 15px;\">\n<td style=\"font-weight: bold; border: 0px solid transparent; width: 100%; height: 15px;\" colspan=\"2\" align=\"center\">\u00a0<\/td>\n<\/tr>\n<tr style=\"height: 144px;\">\n<td style=\"background: transparent; border: 0px solid transparent; width: 100%; height: 144px;\" colspan=\"2\" align=\"center\"><img loading=\"lazy\" decoding=\"async\" src=\"https:\/\/www.sf-germany.org\/einheiten\/hephaistos\/wp-content\/uploads\/2016\/01\/CharBild.png\" alt=\"\" width=\"179\" height=\"140\" \/><\/td>\n<\/tr>\n<tr style=\"height: 15px;\">\n<td style=\"font-weight: bold; border: 0px solid transparent; width: 100%; height: 15px;\" colspan=\"2\" align=\"center\"><b>Levka Solowyova\u00a0<\/b><\/td>\n<\/tr>\n<tr style=\"height: 15px;\">\n<td style=\"font-weight: bold; border: 0px solid transparent; width: 50%; height: 15px;\" align=\"right\" width=\"50%\">Status<\/td>\n<td style=\"border: 0px solid transparent; width: 50%; height: 15px;\" align=\"left\" width=\"50%\">NPC<\/td>\n<\/tr>\n<tr style=\"height: 15px;\">\n<td style=\"font-weight: bold; border: 0px solid transparent; width: 50%; height: 15px;\" align=\"right\" width=\"50%\">Spieler<\/td>\n<td style=\"border: 0px solid transparent; width: 50%; height: 15px;\" align=\"left\" width=\"50%\">Effi<\/td>\n<\/tr>\n<tr style=\"height: 15px;\">\n<td style=\"font-weight: bold; border: 0px solid #003366; background: #555555; box-shadow: rgba(255, 255, 255, 0.75) 0.1em 0.1em 0.5em; border-radius: 1em; width: 100%; height: 15px;\" colspan=\"2\" align=\"center\"><span style=\"color: #ffffff;\">Dienstliche Informationen<\/span><\/td>\n<\/tr>\n<tr style=\"height: 28px;\">\n<td style=\"font-weight: bold; border: 0px solid transparent; width: 50%; height: 28px;\" align=\"right\" width=\"50%\">Ranggrafik<\/td>\n<td style=\"border: 0px solid transparent; width: 50%; height: 28px;\" align=\"left\" width=\"50%\"><img loading=\"lazy\" decoding=\"async\" class=\"alignnone\" src=\"https:\/\/www.sf-germany.com\/images\/schemata\/sto\/weiss\/ziv.png\" alt=\"Commander\" width=\"128\" height=\"32\" \/><\/td>\n<\/tr>\n<tr style=\"height: 15px;\">\n<td style=\"font-weight: bold; border: 0px solid transparent; width: 50%; height: 15px;\" align=\"right\" width=\"50%\">Rang<\/td>\n<td style=\"border: 0px solid transparent; width: 50%; height: 15px;\" align=\"left\" width=\"50%\">Zivilist<\/td>\n<\/tr>\n<tr style=\"height: 15px;\">\n<td style=\"font-weight: bold; border: 0px solid transparent; width: 50%; height: 15px;\" align=\"right\" width=\"50%\">Posten<\/td>\n<td style=\"border: 0px solid transparent; width: 50%; height: 15px;\" align=\"left\" width=\"50%\">Mutter des CO<\/td>\n<\/tr>\n<tr style=\"height: 15px;\">\n<td style=\"font-weight: bold; border: 0px solid transparent; width: 50%; height: 15px;\" align=\"right\" width=\"50%\">Stationierung<\/td>\n<td style=\"border: 0px solid transparent; width: 50%; height: 15px;\" align=\"left\" width=\"50%\">USS Galathea<\/td>\n<\/tr>\n<tr style=\"height: 15px;\">\n<td style=\"font-weight: bold; border: 0px solid #003366; background: #555555; box-shadow: rgba(255, 255, 255, 0.75) 0.1em 0.1em 0.5em; border-radius: 1em; width: 100%; height: 15px;\" colspan=\"2\" align=\"center\"><span style=\"color: #ffffff;\">Physische Beschreibung<\/span><\/td>\n<\/tr>\n<tr style=\"height: 15px;\">\n<td style=\"font-weight: bold; border: 0px solid transparent; width: 50%; height: 15px;\" align=\"right\" width=\"50%\">Spezies<\/td>\n<td style=\"border: 0px solid transparent; width: 50%; height: 15px;\" align=\"left\" width=\"50%\">Mensch<\/td>\n<\/tr>\n<tr style=\"height: 15px;\">\n<td style=\"font-weight: bold; border: 0px solid transparent; width: 50%; height: 15px;\" align=\"right\" width=\"50%\">Geschlecht<\/td>\n<td style=\"border: 0px solid transparent; width: 50%; height: 15px;\" align=\"left\" width=\"50%\">weiblich<\/td>\n<\/tr>\n<tr style=\"height: 15px;\">\n<td style=\"font-weight: bold; border: 0px solid transparent; width: 50%; height: 15px;\" align=\"right\" width=\"50%\">Gr\u00f6\u00dfe<\/td>\n<td style=\"border: 0px solid transparent; width: 50%; height: 15px;\" align=\"left\" width=\"50%\">\u00a0161 cm<\/td>\n<\/tr>\n<tr style=\"height: 15px;\">\n<td style=\"font-weight: bold; border: 0px solid transparent; width: 50%; height: 15px;\" align=\"right\" width=\"50%\">Gewicht<\/td>\n<td style=\"border: 0px solid transparent; width: 50%; height: 15px;\" align=\"left\" width=\"50%\">\u00a056 kg<\/td>\n<\/tr>\n<tr style=\"height: 15px;\">\n<td style=\"font-weight: bold; border: 0px solid transparent; width: 50%; height: 15px;\" align=\"right\" width=\"50%\">Hautfarbe<\/td>\n<td style=\"border: 0px solid transparent; width: 50%; height: 15px;\" align=\"left\" width=\"50%\">hell<\/td>\n<\/tr>\n<tr style=\"height: 15px;\">\n<td style=\"font-weight: bold; border: 0px solid transparent; width: 50%; height: 15px;\" align=\"right\" width=\"50%\">Haarfarbe<\/td>\n<td style=\"border: 0px solid transparent; width: 50%; height: 15px;\" align=\"left\" width=\"50%\">dkl.-braun \/ ergraut<\/td>\n<\/tr>\n<tr style=\"height: 15px;\">\n<td style=\"font-weight: bold; border: 0px solid transparent; width: 50%; height: 15px;\" align=\"right\" width=\"50%\">Augenfarbe<\/td>\n<td style=\"border: 0px solid transparent; width: 50%; height: 15px;\" align=\"left\" width=\"50%\">blau<\/td>\n<\/tr>\n<tr style=\"height: 15px;\">\n<td style=\"font-weight: bold; border: 0px solid #003366; background: #555555; box-shadow: rgba(255, 255, 255, 0.75) 0.1em 0.1em 0.5em; border-radius: 1em; width: 100%; height: 15px;\" colspan=\"2\" align=\"center\"><span style=\"color: #ffffff;\">Biographische Informationen<\/span><\/td>\n<\/tr>\n<tr style=\"height: 15px;\">\n<td style=\"font-weight: bold; border: 0px solid transparent; width: 50%; height: 15px;\" align=\"right\" width=\"50%\">Geburtsort<\/td>\n<td style=\"border: 0px solid transparent; width: 50%; height: 15px;\" align=\"left\" width=\"50%\">Russland, Erde<\/td>\n<\/tr>\n<tr style=\"height: 15px;\">\n<td style=\"font-weight: bold; border: 0px solid transparent; width: 50%; height: 15px;\" align=\"right\" width=\"50%\">Geburtstag<\/td>\n<td style=\"border: 0px solid transparent; width: 50%; height: 15px;\" align=\"left\" width=\"50%\">01.03.2349<\/td>\n<\/tr>\n<tr style=\"height: 15px;\">\n<td style=\"font-weight: bold; border: 0px solid transparent; width: 50%; height: 15px;\" align=\"right\" width=\"50%\">Sexualit\u00e4t<\/td>\n<td style=\"border: 0px solid transparent; width: 50%; height: 15px;\" align=\"left\" width=\"50%\">&#8212;<\/td>\n<\/tr>\n<tr style=\"height: 15px;\">\n<td style=\"font-weight: bold; border: 0px solid transparent; width: 50%; height: 15px;\" align=\"right\" width=\"50%\">Familienstand<\/td>\n<td style=\"border: 0px solid transparent; width: 50%; height: 15px;\" align=\"left\" width=\"50%\">verwitwet<\/td>\n<\/tr>\n<tr style=\"height: 15px;\">\n<td style=\"font-weight: bold; border: 0px solid transparent; width: 50%; height: 15px;\" align=\"right\" width=\"50%\">Familie<\/td>\n<td style=\"border: 0px solid transparent; width: 50%; height: 15px;\" align=\"left\" width=\"50%\">\n<ul>\n<li><a href=\"https:\/\/www.sf-germany.org\/einheiten\/uss-galathea\/die-crew\/spielercharaktere\/asolowyov\/\">Aleksander<\/a> (Sohn)<\/li>\n<li><a href=\"https:\/\/www.sf-germany.org\/einheiten\/uss-galathea\/die-crew\/spielercharaktere\/asolowyov\/ji-yeong\/\">Ji-Yeong<\/a> (Enkelin)<\/li>\n<li>Ekaterina Orlova (Tochter)<\/li>\n<li>Piotr Nika Orlov (Schwiegersohn)<\/li>\n<li>Ksenia Valentina Orlova (Enkelin)<\/li>\n<li>Kyrill Vadim Orlov (Enkel)<\/li>\n<\/ul>\n<\/td>\n<\/tr>\n<tr style=\"height: 15px;\">\n<td style=\"font-weight: bold; border: 0px solid transparent; width: 50%; height: 15px;\" align=\"right\" width=\"50%\">Religion<\/td>\n<td style=\"border: 0px solid transparent; width: 50%; height: 15px;\" align=\"left\" width=\"50%\">Rus. Orthodox<\/td>\n<\/tr>\n<tr style=\"height: 15px;\">\n<td style=\"font-weight: bold; border: 0px solid #003366; background: #555555; box-shadow: rgba(255, 255, 255, 0.75) 0.1em 0.1em 0.5em; border-radius: 1em; width: 100%; height: 15px;\" colspan=\"2\" align=\"center\"><span style=\"color: #ffffff;\">Politische informationen<\/span><\/td>\n<\/tr>\n<tr style=\"height: 15px;\">\n<td style=\"font-weight: bold; border: 0px solid transparent; width: 50%; height: 15px;\" align=\"right\" width=\"50%\">Buergerschaft<\/td>\n<td style=\"border: 0px solid transparent; width: 50%; height: 15px;\" align=\"left\" width=\"50%\">F\u00f6derationsb\u00fcrger<\/td>\n<\/tr>\n<\/tbody>\n<\/table>\n<\/div>\n<!-- Inhaltsverzeichnis -->\n<div style=\"width: 25%; padding: 10px; margin-bottom: 15px; font-size: 11px; border: 1px solid #333333; display: inline-block;\"><strong>Inhalt<\/strong>\n<ul>\n<li><a href=\"#beschreibung\">Beschreibung<\/a><\/li>\n<li><a href=\"#lebenslauf\">Lebenslauf<\/a><\/li>\n<li><a href=\"#psychologisches\">Psychologisches Profil<\/a><\/li>\n<li><a href=\"#ausbildung\">Ausbildung &amp; Spezialgebiete<\/a><\/li>\n<li><a href=\"#spezies\">Besonderheiten<\/a><\/li>\n<li><a href=\"#hobbies\">Hobbies<\/a><\/li>\n<li><a href=\"#medizinisches\">Medizinisches Profil<\/a><\/li>\n<li><a href=\"#familie\">Familie<\/a><\/li>\n<li><a href=\"#klassifiziert\">Klassifizierte Sektion<\/a><\/li>\n<\/ul>\n<\/div>\n<!-- Inhalte -->\n<h2><a id=\"beschreibung\"><\/a>Beschreibung<\/h2>\n<p><em>Levka Solowyova<\/em> (geb. <em>Ajenkova<\/em>) ist mit Mitte 60 noch immer sehr r\u00fcstig, obgleich das Alter nat\u00fcrlich nicht spurlos an ihr vorbei gegangen ist. So sind die langen, dicken und einst dunkel-braunen Haare mittlerweile vollst\u00e4ndig ergraut und werden von ihr meist zu einem silbernen Dutt gebunden. Das gebr\u00e4unte Gesicht ist von Freude, Leid und Entbehrungen gleicherma\u00dfen gekennzeichnet und wei\u00dft tiefe Falten auf, die der Dame jedoch vor Allem Charakter verleihen. Die geb\u00fcrtige Russin ist 161cm gro\u00df, die blauen Augen sind &#8211; auch dank einer Operation vor einigen Jahren &#8211; noch sehr klar.<\/p>\n<hr \/>\n<h2><a id=\"lebenslauf\"><\/a>Lebenslauf<\/h2>\n<h3>Kindheit und Jugend<\/h3>\n<p>Levka wird am 01.03. 2349 in der russischen Provinz Baschkortostan, nahe der Stadt \u0423\u0444\u0430, geboren und w\u00e4chst mit ihren vier Geschwistern auf dem Land auf.<\/p>\n<h3>Schule und Ausbildung<\/h3>\n<p>Levka besucht die Grund- und Mittelschule, erlangt aber keine h\u00f6here Schulbildung. Schon fr\u00fch hilft sie auf dem elterlichen Hof mit und lernt dort alles, was man zum F\u00fchren eines Haushaltes und eines Hofs braucht.<\/p>\n<p>In der Schule lernt sie auch ihren sp\u00e4teren Mann Sergej kennen, den sie 2366 heiratet.<\/p>\n<h3>Der Hof<\/h3>\n<p>Zusammen mit ihren Mann, einem gelernten Schreiner, bewirtschaftet Levka einen H\u00fchnerhof. Am 17.11.2368 kommt ihr Sohn Aleksander zur Welt. 11.05.2371 wird ihre Tochter Ekaterina geboren.<\/p>\n<p>2384 verl\u00e4sst <a href=\"https:\/\/www.sf-germany.org\/einheiten\/uss-galathea\/die-crew\/spielercharaktere\/asolowyov\/\">Aleksander<\/a> den elterlichen Hof, um in den Weltraum zu fliegen. Er kehrt erst Jahre sp\u00e4ter &#8211; zusammen mit seiner Frau und Tochter &#8211; zur\u00fcck. Doch erst nach der Trennung von seiner Frau kommt es zur Vers\u00f6hnung Aleksanders mit seinem Vater und dem Einzug von Aleksander und <a href=\"https:\/\/www.sf-germany.org\/einheiten\/uss-galathea\/die-crew\/spielercharaktere\/asolowyov\/ji-yeong\/\">Ji-Yeong<\/a> auf dem Hof.<\/p>\n<p>Ekaterina w\u00e4chst hingegen bei ihren Eltern auf, besucht die h\u00f6here Schule, studiert und wird schlie\u00dflich Hochzeitsplanerin &#8230; auf Risa.<\/p>\n<p>2405 stirbt Levkas Mann Sergej.<\/p>\n<h3>USS Galathea<\/h3>\n<p>Als Aleksander, mit Ji-Yeongs Unterst\u00fctzung, beschlie\u00dft, dass Kommando auf der Galathea anzunehmen, \u00fcberrascht sie die beiden, in dem sie verk\u00fcndet, mitzukommen. Sturk\u00f6pfig wie sie ist, l\u00e4sst sie sich davon nicht abbringen, schlie\u00dflich muss ja irgendwer auf die beiden aufpassen. Und insgeheim ist Aleksander auch sehr froh, bei diesem neuen Abschnitt seines Lebens nicht mit Ji-Yeong allein zu sein, sondern mit seiner Mutter eine weitere Vertrauensperson in der N\u00e4he zu wissen.<\/p>\n<hr \/>\n<h2><a id=\"psychologisches\"><\/a>Psychologisches Profil<\/h2>\n<p>Levka Solowyova ist eine willensstarke &#8211; manche w\u00fcrden sagen: sture &#8211; \u00e4ltere Dame, die im hohen Alter noch einmal einen zweiten Fr\u00fchling erlebt. Befreit von ihren Pflichten und nun vor allem nur noch &#8222;Oma&#8220;, genie\u00dft sie das Leben. Sie hat keine wirkliche Angst vor dem Tod &#8211; nur davor, am Ende zu bereuen, zu wenig gesehen zu haben. So st\u00fcrzt sie sich &#8211; nicht immer ganz vern\u00fcnftig &#8211; in neue Erfahrungen und probiert viel aus. Dies sorgt auch daf\u00fcr, dass sie mit moderner Standardtechnologie erstaunlich gut zurecht kommt &#8211; auch wenn sie Kontrollpulte mit gro\u00dfen Tasten und Displays mit gro\u00dfer Schrift bevorzugt.<\/p>\n<p>Levka ist es gewohnt, anzupacken und hat eine sehr pragmatische Sicht auf Probleme. Als Frau, die H\u00fchner geschlachtet und Ziegen zur Welt gebracht hat, wei\u00df sie mit anzupacken. Sie l\u00e4sst sich auch von einem &#8222;Strauchdieb&#8220; mit einem Phaser nicht ins Bockshorn jagen und beh\u00e4lt in Krisen oft einen k\u00fchlen Kopf.<\/p>\n<p>Ihren Mitmenschen gegen\u00fcber ist sie freundlich und pflegt eine gute Nachbarschaft. Allerdings hat sie etwas gegen &#8222;liederliche&#8220; Personen und \u00e4ndert eine einmal gefasste Meinung nur schwer.<\/p>\n<h3>St\u00e4rken &amp; Schw\u00e4chen<\/h3>\n<h4><strong>St\u00e4rken<\/strong><\/h4>\n<ul>\n<li>Willensstark, Durchsetzungsstark<\/li>\n<li>Pragmatisch<\/li>\n<li>typische &#8222;Dorf-Oma&#8220;<\/li>\n<\/ul>\n<h4><strong>Schw\u00e4chen<\/strong><\/h4>\n<ul>\n<li>lehnt Liederlichkeiten und &#8222;schl\u00fcpfrige Moral&#8220; ab<\/li>\n<li>\u00e4ndert eine einmal gefasste Meinung nur schwer<\/li>\n<li>besteht auf feste Regel und Rituale<\/li>\n<\/ul>\n<h4><strong>Vorlieben<\/strong><\/h4>\n<ul>\n<li>Levka besteht auf das gemeinsame Familienessen jeden Sonntag, p\u00fcnktlich um 12. Und wenn der Captain da zu sp\u00e4t kommt, wird er auch wie ein kleiner Schuljunge getadelt. Niemand entkommt seiner Mutter!<\/li>\n<li>Das Leben genie\u00dfen<\/li>\n<li>S\u00fc\u00dfspeisen<\/li>\n<\/ul>\n<h4><strong>Abneigungen<\/strong><\/h4>\n<ul>\n<li>Neureiche<\/li>\n<li>Leute, die nicht anpacken k\u00f6nnen<\/li>\n<li>Vulkanier (die k\u00f6nnen sich nicht richtig freuen und nicht feiern)<\/li>\n<\/ul>\n<hr \/>\n<h2>Disziplinarische Akte<\/h2>\n<ul>\n<li>Levka ist in ihrer Jugend ein paar Mal bei Sch\u00fclerprotesten aufgegriffen worden<\/li>\n<\/ul>\n<hr \/>\n<h2><a id=\"ausbildung\"><\/a>Ausbildung &amp; Spezialgebiete<\/h2>\n<h3><strong>Zivile Vorbildung<\/strong><\/h3>\n<ul>\n<li>Levka ist Hausfrau, Mutter und B\u00e4uerin und hat im Laufe ihres Lebens die Fertigkeiten erworben, die man hierf\u00fcr braucht.<\/li>\n<\/ul>\n<p><strong>Sprachen<\/strong><\/p>\n<p>Levka spricht folgende Sprachen:<\/p>\n<ul>\n<li>Menschliche Sprachen\n<ul>\n<li>Russisch (Muttersprache)<\/li>\n<li>F\u00f6derationsstandard (sicher)<\/li>\n<li>Koreanisch (einige Kose- und Schimpfw\u00f6rter, von ihrer Enkelin)<\/li>\n<\/ul>\n<\/li>\n<\/ul>\n<h2><strong><a id=\"spezies\"><\/a>Besonderheiten der eigenen Spezies<\/strong><\/h2>\n<p>Keine<\/p>\n<h2><strong>Sonstiges<\/strong><\/h2>\n<ul>\n<li>Sie ist die typische Gro\u00dfmutter, die bei einem Familienessen so lange auftischt, bis alle platzen und dann den Rest noch einpackt. Dabei kocht sie sehr gut &#8211; wenn gleich nat\u00fcrlich &#8222;nur&#8220; russische K\u00fcche.<\/li>\n<\/ul>\n<hr \/>\n<h2><a id=\"hobbies\"><\/a>Hobbies<\/h2>\n<ul>\n<li>Lesen<\/li>\n<li>Sticken, Stricken, N\u00e4hen<\/li>\n<li>Ski fahren<\/li>\n<li>Holo-Squash<\/li>\n<li>Base-Jumping<\/li>\n<\/ul>\n<hr \/>\n<h2><a id=\"medizinisches\"><\/a>Medizinisches Profil<\/h2>\n<p>Levka Solowyova ist jung geblieben und f\u00fcr ihr Alter sehr fit. Sie treibt regelm\u00e4\u00dfig Sport.<\/p>\n<p><strong>Vergangene Verletzungen<\/strong><\/p>\n<ul>\n<li>verschiedene versorgte und verheilte Verletzungen von ihrer Zeit auf dem Hof<\/li>\n<\/ul>\n<p><strong>Krankheiten &amp; Gesundheit<\/strong><\/p>\n<ul>\n<li>Seit einer Augen-OP 2409 sieht sie wieder ausgezeichnet<\/li>\n<li>Sie hat leichte H\u00f6hrschwierigkeiten, weigert sich aber, ein H\u00f6hrger\u00e4t zu tragen.<\/li>\n<li>typische Altersleiden<\/li>\n<\/ul>\n<hr \/>\n<h2><a id=\"klassifiziert\"><\/a>Klassifzierte Sektion<\/h2>\n<p>Keine Eintr\u00e4ge<\/p>\n\n\n\n<hr class=\"wp-block-separator\"\/>\n\n\n\n<h2><a id=\"familie\" style=\"font-size: 1.95em; font-weight: 600;\"><\/a>Personen &amp; Familie<\/h2>\n\n\n\n<div class=\"wp-block-columns has-2-columns is-layout-flex wp-container-core-columns-is-layout-9d6595d7 wp-block-columns-is-layout-flex\">\n<div class=\"wp-block-column is-layout-flow wp-block-column-is-layout-flow\">\n<h3>Aleksander Solowyov<\/h3>\n\n\n\n<p><strong>Sohn<\/strong><\/p>\n\n\n\n<p><p>Levka ist stolz auf ihren Sohn, h\u00f6rt aber nat\u00fcrlich niemals auf, seine Mutter zu sein. Und so kann sie ihn durchaus mal h\u00e4ufiger mit ihrer ungefragt ge\u00e4u\u00dferten Meinung oder einer &#8222;Bitte&#8220; nerven. Aleksander sucht dennoch bei Problemen das Gespr\u00e4ch mit ihr, er\u00f6ffnet ihre Lebenserfahrung ihm doch immer wieder neue Perspektiven &#8211; auch wenn die L\u00f6sungen am Ende dann selten so aussehen, wie Levka es sich vorgestellt hat.<\/p>\n<p><a href=\"https:\/\/www.sf-germany.org\/einheiten\/uss-galathea\/die-crew\/spielercharaktere\/asolowyov\/\">[mehr<\/a>]<\/p><\/p>\n<\/div>\n\n\n\n<div class=\"wp-block-column is-layout-flow wp-block-column-is-layout-flow\">\n<h3>Ji-Yeong Solowyova&nbsp;<\/h3>\n\n\n\n<p><strong>Enkelin<\/strong><\/p>\n\n\n\n<p><p>Levka ist vernarrt in ihre Enkelin und h\u00fctet sie wie ein Augapfel. Dabei ist sie h\u00e4ufig weniger streng als Aleksander. Ji-Yeong hat jedoch auch lernen m\u00fcssen, dass ihre Babuschka stur sein kann. Gleichsam hat Levka auch darauf bestanden, dass Ji-Yeong &#8222;etwas Ordentliches&#8220; lernt und ihr Kochen sowie Haushaltsf\u00fchrung beigebracht.<\/p>\n<p>[<a href=\"https:\/\/www.sf-germany.org\/einheiten\/uss-galathea\/die-crew\/spielercharaktere\/asolowyov\/ji-yeong\/\">mehr<\/a>]<\/p><\/p>\n<\/div>\n<\/div>\n\n\n\n<div class=\"wp-block-columns has-2-columns is-layout-flex wp-container-core-columns-is-layout-9d6595d7 wp-block-columns-is-layout-flex\">\n<div class=\"wp-block-column is-layout-flow wp-block-column-is-layout-flow\">\n<h3 class=\"wp-block-heading\">Dr. Min-Ji Solowyova<\/h3>\n\n\n\n<p><strong>Schwiegertochter<\/strong>, geb. Choe<\/p>\n\n\n\n<p>Levka hat kein gutes Wort f\u00fcr ihre Schwiegertochter \u00fcbrig und erw\u00e4hnt diese \u00fcblicherweise nicht einmal. Wenn das Gespr\u00e4ch doch einmal auf sie kommt, vermeidet sie es, Min-Ji beim Namen zu nennen, sondern bezeichnet sie in der Regel als &#8222;diese Frau&#8220;.<\/p>\n<\/div>\n\n\n\n<div class=\"wp-block-column is-layout-flow wp-block-column-is-layout-flow\">\n<h3>Marcus Stierer<\/h3>\n\n\n\n<p><strong>Freund des Hauses<\/strong><\/p>\n\n\n\n<p>Levka sch\u00e4tzt Marcus als Freund ihres Sohnes und Ersatzonkel f\u00fcr Ji-Yeong. Marcus ist an ihrem Tisch immer gerne willkommen.<\/p>\n<\/div>\n<\/div>\n\n\n\n<div class=\"wp-block-columns has-2-columns is-layout-flex wp-container-core-columns-is-layout-9d6595d7 wp-block-columns-is-layout-flex\">\n<div class=\"wp-block-column is-layout-flow wp-block-column-is-layout-flow\">\n<h3>Ekaterina Orlova<\/h3>\n<p><strong>Tochter<\/strong><\/p>\n\n\n\n<p>Levka ist auch auf ihre Tochter stolz, aber seit Ekaterina diesen Orlov geheiratet hat und auf Risa lebt, haben sich Mutter und Tochter entfremdet. Auch davor war das Verh\u00e4ltnis &#8211; wie so oft zwischen Mutter und Tochter &#8211; nie ganz einfach, vor Allem da Ekaterina mehr ein &#8222;Papa-Kind&#8220; war.<\/p>\n<\/div>\n\n\n\n<div class=\"wp-block-column is-layout-flow wp-block-column-is-layout-flow\">\n<h3>Piotr Nika Orlov<\/h3>\n<p><strong>Schwiegersohn<\/strong><\/p>\n<p>Vermutlich ist es ein gutes Zeichen, dass Levka ihren Schwiegersohn immerhin beim Namen nennt und mit ihm spricht &#8211; wenn es sein muss. Allerdings findet sie h\u00e4ufig etwas zu kritisieren und ist der Meinung, dass er nicht gut genug f\u00fcr ihre Tochter sei.<\/p>\n<\/div>\n<\/div>\n\n\n\n<div class=\"wp-block-columns has-2-columns is-layout-flex wp-container-core-columns-is-layout-9d6595d7 wp-block-columns-is-layout-flex\">\n<div class=\"wp-block-column is-layout-flow wp-block-column-is-layout-flow\">\n<h3>Ksenia Valentina Orlova<\/h3>\n<p><strong>Enkelin<\/strong><\/p>\n<p>Levka liebt ihre Enkelin, h\u00e4lt Ksenia aber f\u00fcr ein verzogenes G\u00f6r, zu der Ekaterina ruhig strenger sein k\u00f6nnte.<\/p>\n<\/div>\n\n\n\n<div class=\"wp-block-column is-layout-flow wp-block-column-is-layout-flow\">\n<h3>Kyrill Vadim Orlov<\/h3>\n<p><strong>Enkelin<\/strong><\/p>\n<p>Levka hat Kyrill kaum gesehen und in ihrem Kopf ist er immer noch &#8222;der kleine Junge&#8220;.<\/p>\n<\/div>\n<\/div>\n","protected":false},"excerpt":{"rendered":"<p>\u00a0 Levka Solowyova\u00a0 Status NPC Spieler Effi Dienstliche Informationen Ranggrafik Rang Zivilist Posten Mutter des CO Stationierung USS Galathea Physische Beschreibung Spezies Mensch Geschlecht weiblich Gr\u00f6\u00dfe \u00a0161 cm Gewicht \u00a056 kg Hautfarbe hell Haarfarbe dkl.-braun \/ ergraut Augenfarbe blau Biographische Informationen Geburtsort Russland, Erde Geburtstag 01.03.2349 Sexualit\u00e4t &#8212; Familienstand verwitwet Familie Aleksander (Sohn) Ji-Yeong (Enkelin) [&hellip;]<\/p>\n","protected":false},"author":5,"featured_media":1126,"parent":2004,"menu_order":0,"comment_status":"closed","ping_status":"closed","template":"","meta":{"footnotes":""},"class_list":["post-1563","page","type-page","status-publish","has-post-thumbnail","hentry"],"publishpress_future_action":{"enabled":false,"date":"2026-05-08 20:20:13","action":"change-status","newStatus":"draft","terms":[],"taxonomy":"","extraData":[]},"publishpress_future_workflow_manual_trigger":{"enabledWorkflows":[]},"_links":{"self":[{"href":"https:\/\/www.sf-germany.org\/einheiten\/uss-galathea\/wp-json\/wp\/v2\/pages\/1563","targetHints":{"allow":["GET"]}}],"collection":[{"href":"https:\/\/www.sf-germany.org\/einheiten\/uss-galathea\/wp-json\/wp\/v2\/pages"}],"about":[{"href":"https:\/\/www.sf-germany.org\/einheiten\/uss-galathea\/wp-json\/wp\/v2\/types\/page"}],"author":[{"embeddable":true,"href":"https:\/\/www.sf-germany.org\/einheiten\/uss-galathea\/wp-json\/wp\/v2\/users\/5"}],"replies":[{"embeddable":true,"href":"https:\/\/www.sf-germany.org\/einheiten\/uss-galathea\/wp-json\/wp\/v2\/comments?post=1563"}],"version-history":[{"count":6,"href":"https:\/\/www.sf-germany.org\/einheiten\/uss-galathea\/wp-json\/wp\/v2\/pages\/1563\/revisions"}],"predecessor-version":[{"id":1745,"href":"https:\/\/www.sf-germany.org\/einheiten\/uss-galathea\/wp-json\/wp\/v2\/pages\/1563\/revisions\/1745"}],"up":[{"embeddable":true,"href":"https:\/\/www.sf-germany.org\/einheiten\/uss-galathea\/wp-json\/wp\/v2\/pages\/2004"}],"wp:featuredmedia":[{"embeddable":true,"href":"https:\/\/www.sf-germany.org\/einheiten\/uss-galathea\/wp-json\/wp\/v2\/media\/1126"}],"wp:attachment":[{"href":"https:\/\/www.sf-germany.org\/einheiten\/uss-galathea\/wp-json\/wp\/v2\/media?parent=1563"}],"curies":[{"name":"wp","href":"https:\/\/api.w.org\/{rel}","templated":true}]}}