{"id":3283,"date":"2020-06-22T00:01:07","date_gmt":"2020-06-21T22:01:07","guid":{"rendered":"http:\/\/www.sf-germany.org\/einheiten\/uss-galathea\/?page_id=3283"},"modified":"2025-01-22T00:21:07","modified_gmt":"2025-01-21T23:21:07","slug":"flower-starshine-mayfair","status":"publish","type":"page","link":"https:\/\/www.sf-germany.org\/einheiten\/uss-galathea\/die-crew\/nichtspielercharaktere\/flower-starshine-mayfair\/","title":{"rendered":"Flower Starshine Mayfair"},"content":{"rendered":"<div style=\"float: right; margin-left: 15px; margin-bottom: 15px; font-size: 11px; min-width: 350px; width: 25%; padding-left: 10px; padding-right: 10px;\">\r\n<table style=\"width: 100%; border: 0px outset #003366; background: #ffffff; box-shadow: rgba(255, 255, 255, 0.75) 0.1em 0.1em 0.5em; border-radius: 1em; height: 609px;\" border=\"3\" cellspacing=\"10\" align=\"right\">\r\n<tbody>\r\n<tr style=\"height: 15px;\">\r\n<td style=\"font-weight: bold; border: 0px solid transparent; width: 100%; height: 15px;\" colspan=\"2\" align=\"center\"><\/td>\r\n<\/tr>\r\n<tr style=\"height: 144px;\">\r\n<td style=\"background: transparent; border: 0px solid transparent; width: 100%; height: 144px;\" colspan=\"2\" align=\"center\"><!-- hier das Charakterbild einf\u00fcgen -->\r\n<img loading=\"lazy\" decoding=\"async\" class=\"alignnone wp-image-7795 size-medium\" src=\"https:\/\/www.sf-germany.org\/einheiten\/uss-galathea\/wp-content\/uploads\/2023\/05\/Flower-Nurse3-300x300.jpg\" alt=\"\" width=\"300\" height=\"300\" srcset=\"https:\/\/www.sf-germany.org\/einheiten\/uss-galathea\/wp-content\/uploads\/2023\/05\/Flower-Nurse3-300x300.jpg 300w, https:\/\/www.sf-germany.org\/einheiten\/uss-galathea\/wp-content\/uploads\/2023\/05\/Flower-Nurse3-150x150.jpg 150w, https:\/\/www.sf-germany.org\/einheiten\/uss-galathea\/wp-content\/uploads\/2023\/05\/Flower-Nurse3-768x768.jpg 768w, https:\/\/www.sf-germany.org\/einheiten\/uss-galathea\/wp-content\/uploads\/2023\/05\/Flower-Nurse3-96x96.jpg 96w, https:\/\/www.sf-germany.org\/einheiten\/uss-galathea\/wp-content\/uploads\/2023\/05\/Flower-Nurse3.jpg 869w\" sizes=\"auto, (max-width: 300px) 100vw, 300px\" \/><\/td>\r\n<\/tr>\r\n<tr style=\"height: 15px;\">\r\n<td style=\"font-weight: bold; border: 0px solid transparent; width: 100%; height: 15px;\" colspan=\"2\" align=\"center\">Flower Starshine Mayfair<\/td>\r\n<\/tr>\r\n<tr style=\"height: 15px;\">\r\n<td style=\"font-weight: bold; border: 0px solid transparent; width: 50%; height: 15px;\" align=\"right\" width=\"50%\">Status<\/td>\r\n<td style=\"border: 0px solid transparent; width: 50%; height: 15px;\" align=\"left\" width=\"50%\">NPC<\/td>\r\n<\/tr>\r\n<tr style=\"height: 15px;\">\r\n<td style=\"font-weight: bold; border: 0px solid transparent; width: 50%; height: 15px;\" align=\"right\" width=\"50%\">Spieler<\/td>\r\n<td style=\"border: 0px solid transparent; width: 50%; height: 15px;\" align=\"left\" width=\"50%\">Sunny<\/td>\r\n<\/tr>\r\n<tr style=\"height: 15px;\">\r\n<td style=\"font-weight: bold; border: 0px solid #003366; background: #555555; box-shadow: rgba(255, 255, 255, 0.75) 0.1em 0.1em 0.5em; border-radius: 1em; width: 100%; height: 15px;\" colspan=\"2\" align=\"center\"><span style=\"color: #ffffff;\">Dienstliche Informationen<\/span><\/td>\r\n<\/tr>\r\n<tr style=\"height: 15px;\">\r\n<td style=\"font-weight: bold; border: 0px solid transparent; width: 50%; text-align: right; height: 15px;\">Ranggrafik<\/td>\r\n<td style=\"border: 0px solid transparent; width: 50%; height: 15px;\"><img loading=\"lazy\" decoding=\"async\" class=\"alignnone\" src=\"https:\/\/www.sf-germany.com\/images\/schemata\/sto\/blau\/po1.png\" alt=\"\" width=\"100\" height=\"25\" \/><\/td>\r\n<\/tr>\r\n<tr style=\"height: 15px;\">\r\n<td style=\"font-weight: bold; border: 0px solid transparent; width: 50%; height: 15px;\" align=\"right\" width=\"50%\">Rang<\/td>\r\n<td style=\"border: 0px solid transparent; width: 50%; height: 15px;\" align=\"left\" width=\"50%\">PO1<\/td>\r\n<\/tr>\r\n<tr style=\"height: 15px;\">\r\n<td style=\"font-weight: bold; border: 0px solid transparent; width: 50%; height: 15px;\" align=\"right\" width=\"50%\">Posten<\/td>\r\n<td style=\"border: 0px solid transparent; width: 50%; height: 15px;\" align=\"left\" width=\"50%\">Krankenschwester\r\nRettungssanit\u00e4terin<\/td>\r\n<\/tr>\r\n<tr style=\"height: 15px;\">\r\n<td style=\"font-weight: bold; border: 0px solid transparent; width: 50%; height: 15px;\" align=\"right\" width=\"50%\">Stationierung<\/td>\r\n<td style=\"border: 0px solid transparent; width: 50%; height: 15px;\" align=\"left\" width=\"50%\">USS Galathea<\/td>\r\n<\/tr>\r\n<tr style=\"height: 15px;\">\r\n<td style=\"font-weight: bold; border: 0px solid #003366; background: #555555; box-shadow: rgba(255, 255, 255, 0.75) 0.1em 0.1em 0.5em; border-radius: 1em; width: 100%; height: 15px;\" colspan=\"2\" align=\"center\"><span style=\"color: #ffffff;\">Physische Beschreibung<\/span><\/td>\r\n<\/tr>\r\n<tr style=\"height: 15px;\">\r\n<td style=\"font-weight: bold; border: 0px solid transparent; width: 50%; height: 15px;\" align=\"right\" width=\"50%\">Spezies<\/td>\r\n<td style=\"border: 0px solid transparent; width: 50%; height: 15px;\" align=\"left\" width=\"50%\">Mensch<\/td>\r\n<\/tr>\r\n<tr style=\"height: 15px;\">\r\n<td style=\"font-weight: bold; border: 0px solid transparent; width: 50%; height: 15px;\" align=\"right\" width=\"50%\">Geschlecht<\/td>\r\n<td style=\"border: 0px solid transparent; width: 50%; height: 15px;\" align=\"left\" width=\"50%\">weiblich<\/td>\r\n<\/tr>\r\n<tr style=\"height: 15px;\">\r\n<td style=\"font-weight: bold; border: 0px solid transparent; width: 50%; height: 15px;\" align=\"right\" width=\"50%\">Gr\u00f6\u00dfe<\/td>\r\n<td style=\"border: 0px solid transparent; width: 50%; height: 15px;\" align=\"left\" width=\"50%\">165 cm<\/td>\r\n<\/tr>\r\n<tr style=\"height: 15px;\">\r\n<td style=\"font-weight: bold; border: 0px solid transparent; width: 50%; height: 15px;\" align=\"right\" width=\"50%\">Gewicht<\/td>\r\n<td style=\"border: 0px solid transparent; width: 50%; height: 15px;\" align=\"left\" width=\"50%\">\u00a060 kg<\/td>\r\n<\/tr>\r\n<tr style=\"height: 15px;\">\r\n<td style=\"font-weight: bold; border: 0px solid transparent; width: 50%; height: 15px;\" align=\"right\" width=\"50%\">Hautfarbe<\/td>\r\n<td style=\"border: 0px solid transparent; width: 50%; height: 15px;\" align=\"left\" width=\"50%\">blass, Sommersprossen<\/td>\r\n<\/tr>\r\n<tr style=\"height: 15px;\">\r\n<td style=\"font-weight: bold; border: 0px solid transparent; width: 50%; height: 15px;\" align=\"right\" width=\"50%\">Haarfarbe<\/td>\r\n<td style=\"border: 0px solid transparent; width: 50%; height: 15px;\" align=\"left\" width=\"50%\">blond, lang mit Locken<\/td>\r\n<\/tr>\r\n<tr style=\"height: 15px;\">\r\n<td style=\"font-weight: bold; border: 0px solid transparent; width: 50%; height: 15px;\" align=\"right\" width=\"50%\">Augenfarbe<\/td>\r\n<td style=\"border: 0px solid transparent; width: 50%; height: 15px;\" align=\"left\" width=\"50%\">hellblau<\/td>\r\n<\/tr>\r\n<tr style=\"height: 15px;\">\r\n<td style=\"font-weight: bold; border: 0px solid transparent; width: 50%; text-align: right; height: 15px;\">bevorzugte Uniform-Variante<\/td>\r\n<td style=\"border: 0px solid transparent; width: 50%; height: 15px;\">2364 | 2369 | 2373 | 2395 | Sierra 2409 | Odyssey | Sierra II<\/td>\r\n<\/tr>\r\n<tr style=\"height: 15px;\">\r\n<td style=\"font-weight: bold; border: 0px solid #003366; background: #555555; box-shadow: rgba(255, 255, 255, 0.75) 0.1em 0.1em 0.5em; border-radius: 1em; width: 100%; height: 15px;\" colspan=\"2\" align=\"center\"><span style=\"color: #ffffff;\">Biographische Informationen<\/span><\/td>\r\n<\/tr>\r\n<tr style=\"height: 15px;\">\r\n<td style=\"font-weight: bold; border: 0px solid transparent; width: 50%; height: 15px;\" align=\"right\" width=\"50%\">Geburtsort<\/td>\r\n<td style=\"border: 0px solid transparent; width: 50%; height: 15px;\" align=\"left\" width=\"50%\">Erde, San Francisco<\/td>\r\n<\/tr>\r\n<tr style=\"height: 15px;\">\r\n<td style=\"font-weight: bold; border: 0px solid transparent; width: 50%; height: 15px;\" align=\"right\" width=\"50%\">Geburtstag<\/td>\r\n<td style=\"border: 0px solid transparent; width: 50%; height: 15px;\" align=\"left\" width=\"50%\">04.07.2388<\/td>\r\n<\/tr>\r\n<tr style=\"height: 15px;\">\r\n<td style=\"font-weight: bold; border: 0px solid transparent; width: 50%; height: 15px;\" align=\"right\" width=\"50%\">Sexualit\u00e4t<\/td>\r\n<td style=\"border: 0px solid transparent; width: 50%; height: 15px;\" align=\"left\" width=\"50%\"><\/td>\r\n<\/tr>\r\n<tr style=\"height: 15px;\">\r\n<td style=\"font-weight: bold; border: 0px solid transparent; width: 50%; height: 15px;\" align=\"right\" width=\"50%\">Familienstand<\/td>\r\n<td style=\"border: 0px solid transparent; width: 50%; height: 15px;\" align=\"left\" width=\"50%\">Ledig, tr\u00e4umt aber von der ganz gro\u00dfen Liebe &#8211; jedoch fast jede Woche mit neuer Besetzung.<\/td>\r\n<\/tr>\r\n<tr style=\"height: 15px;\">\r\n<td style=\"font-weight: bold; border: 0px solid transparent; width: 50%; height: 15px;\" align=\"right\" width=\"50%\">Familie<\/td>\r\n<td style=\"border: 0px solid transparent; width: 50%; height: 15px;\" align=\"left\" width=\"50%\">&#8211; Vater Morning John Mayfair \u2013 Inhaber Antiquit\u00e4tengesch\u00e4ft\r\n\r\n&#8211; Mutter: Dharma Mayfair \u2013 Inhaberin eines Blumengesch\u00e4fts\r\n\r\nSummer Mayfair \u2013 Schwester \u2013 Yogalehrerin;\r\n\r\nSky Mayfair \u2013 Bruder \u2013 Autor Holodeck \u2013 Romane;\r\n\r\nRiver Mayfair \u2013 Schwester \u2013 Modedesignerin; Ozean Mayfair \u2013 Schwester \u2013 Kinderg\u00e4rtnerin;\r\n\r\nDaydream Mayfair \u2013 Bruder &#8211; Visagist;\r\n\r\nAngel Mayfair \u2013 Schwester &#8211; Model;<\/td>\r\n<\/tr>\r\n<tr style=\"height: 15px;\">\r\n<td style=\"font-weight: bold; border: 0px solid transparent; width: 50%; height: 15px;\" align=\"right\" width=\"50%\">Religion<\/td>\r\n<td style=\"border: 0px solid transparent; width: 50%; height: 15px;\" align=\"left\" width=\"50%\"><\/td>\r\n<\/tr>\r\n<tr style=\"height: 15px;\">\r\n<td style=\"font-weight: bold; border: 0px solid #003366; background: #555555; box-shadow: rgba(255, 255, 255, 0.75) 0.1em 0.1em 0.5em; border-radius: 1em; width: 100%; height: 15px;\" colspan=\"2\" align=\"center\"><span style=\"color: #ffffff;\">Politische informationen<\/span><\/td>\r\n<\/tr>\r\n<tr style=\"height: 15px;\">\r\n<td style=\"font-weight: bold; border: 0px solid transparent; width: 50%; height: 15px;\" align=\"right\" width=\"50%\">Buergerschaft<\/td>\r\n<td style=\"border: 0px solid transparent; width: 50%; height: 15px;\" align=\"left\" width=\"50%\">F\u00f6derationsb\u00fcrger<\/td>\r\n<\/tr>\r\n<\/tbody>\r\n<\/table>\r\n<\/div>\r\n<!-- Inhaltsverzeichnis -->\r\n<div style=\"width: 25%; padding: 10px; margin-bottom: 15px; font-size: 11px; border: 1px solid #333333; display: inline-block;\">\r\n\r\n<strong>Inhalt<\/strong>\r\n<ul>\r\n \t<li><a href=\"#beschreibung\">Beschreibung<\/a><\/li>\r\n \t<li><a href=\"#lebenslauf\">Lebenslauf<\/a><\/li>\r\n \t<li><a href=\"#psychologisches\">Psychologisches Profil<\/a><\/li>\r\n \t<li><a href=\"#disziplin\">Disziplinarische Vermerke<\/a><\/li>\r\n \t<li><a href=\"#ausbildung\">Ausbildung &amp; Spezialgebiete<\/a><\/li>\r\n \t<li><a href=\"#spezies\">Besonderheiten<\/a><\/li>\r\n \t<li><a href=\"#hobbies\">Hobbies<\/a><\/li>\r\n \t<li><a href=\"#medizinisches\">Medizinisches Profil<\/a><\/li>\r\n \t<li><a href=\"#familie\">Familie<\/a><\/li>\r\n \t<li><a href=\"#haustiere\">Haustiere<\/a><\/li>\r\n \t<li><a href=\"#klassifiziert\">Klassifizierte Sektion<\/a><\/li>\r\n<\/ul>\r\n<!-- Ende des Inhaltsverzeichnis -->\r\n\r\n<\/div>\r\n<!-- Inhalte -->\r\n<h2><a id=\"beschreibung\"><\/a>Beschreibung<\/h2>\r\nFlower ist eine h\u00fcbsche junge Frau, mit langen lockigen hellblonden Haaren. Ihre roten Lippen ziert fast immer ein freundliches L\u00e4cheln. Ihr blauen Augen unterstreichen die freundliche und aufgeschlossene Art.\r\n\r\n<hr \/>\r\n\r\n<h2><a id=\"lebenslauf\"><\/a>Lebenslauf<\/h2>\r\nSchon Flowers Eltern zogen einen etwas alternativen Lebensstil vor. Sie hatten ihre ganz eigenen Ansichten und Lebenseinstellungen welche sie auch an ihre Kinder weitergaben. Flower wurde als siebtes Kind der Familie und als Nesth\u00e4kchen geboren. Das Leben in einer Gro\u00dffamilie war f\u00fcr Flower schon immer ein Abenteuer und hat sie zu dem Menschen werden lassen, der sie heute ist.\r\n\r\nSchon immer hatte Flower Spa\u00df daran Anderen zu helfen und setzt sich schon in der Schule f\u00fcr andere Menschen ein.\r\n\r\nNach der Schule hat Flower sich f\u00fcr das Medizinstudium qualifiziert, denn schon immer war sie sehr intelligent. Nach gut zwei Semestern stand f\u00fcr die junge Frau jedoch fest, dass der Beruf des Arztes nicht das Richtige f\u00fcr sie war.\r\n\r\nSie wollte sich mehr mit den Menschen befassen, nicht immer nur mit ihren Krankheiten. So absolvierte sie eine Ausbildung zur Krankenpflegerin, welche sie mit Auszeichnung absolvierte.\r\n\r\nZur Sternenflotte ging sie der Liebe wegen. Ein junger Offizier hatte kurz nach ihrer Ausbildung das Herz der Krankenschwester im Sturm erobert. Die Liebe hielt nicht lange, ihr Interesse an der Sternenflotte hingegen fesselt sie noch heute. Jeder neue Tag ist f\u00fcr Flower ein Abenteuer.\r\n<h3>Tabellarischer Lebenslauf<\/h3>\r\n<table style=\"border-collapse: collapse; width: 61.0932%; height: 115px;\">\r\n<tbody>\r\n<tr style=\"height: 23px;\">\r\n<td style=\"width: 11.5075%; background-color: #ed801a; height: 23px;\"><strong>Jahr<\/strong><\/td>\r\n<td style=\"width: 49.598%; background-color: #ed801a; height: 23px;\"><strong>Ereignis<\/strong><\/td>\r\n<\/tr>\r\n<tr style=\"height: 23px;\">\r\n<td style=\"width: 11.5075%; height: 23px;\">2415<\/td>\r\n<td style=\"width: 49.598%; height: 23px;\">Versetzung auf die USS Odyssey<\/td>\r\n<\/tr>\r\n<tr style=\"height: 23px;\">\r\n<td style=\"width: 11.5075%; height: 23px;\">2416<\/td>\r\n<td style=\"width: 49.598%; height: 23px;\">Versetzung auf die USS Galathea, zusammen mit Ensign Than<\/td>\r\n<\/tr>\r\n<tr style=\"height: 23px;\">\r\n<td style=\"width: 11.5075%; height: 23px;\"><\/td>\r\n<td style=\"width: 49.598%; height: 23px;\"><\/td>\r\n<\/tr>\r\n<tr style=\"height: 23px;\">\r\n<td style=\"width: 11.5075%; height: 23px;\"><\/td>\r\n<td style=\"width: 49.598%; height: 23px;\"><\/td>\r\n<\/tr>\r\n<\/tbody>\r\n<\/table>\r\n\r\n<hr \/>\r\n\r\n<h2><a id=\"psychologisches\"><\/a>Psychologisches Profil<\/h2>\r\nFlower ist ein unglaublich freundlicher und f\u00fcrsorglicher Mensch. Sie liebt den Kontakt zu fast allen Lebewesen und hat \u00fcberhaupt keine Ber\u00fchrungs\u00e4ngste, auch nicht mit schwierigen Pers\u00f6nlichkeiten. Sie liebt es Anderen zu helfen und freut sich wirklich immer wenn sie gebraucht wird.\u00a0 F\u00fcr unendlich vieles kann sie sich begeistern und wirkt oft wie ein kleiner Wirbelsind der kaum zu stoppen ist. Leider schie\u00dft sie gern auch mal mit ihrer aufgedrehten und \u00fcberm\u00fctigen Art leicht \u00fcbers Ziel hinaus und st\u00f6\u00dft die Leute damit vor den Kopf.\r\n\r\nSie liebt das Leben und versucht es in jeder Minuten aus vollen Z\u00fcgen zu genie\u00dfen, leider vergisst sie dabei oft das Morgen, was sie schon mehr als einmal in Schwierigkeiten gebracht hat.\r\n\r\nAufgeschlossen war die junge Frau schon immer, sch\u00fcchtern nie, sie liebt es neue Bekanntschaften zu schlie\u00dfen und auch Freunde findet sie sehr schnell.\r\n\r\nFast immer ist sie auf der Suche nach der ganz, ganz gro\u00dfen Liebe, wobei ihr Hauptakteur in dem aktuellen Liebensroma doch sehr rasch wechseln kann. Einer der wenigen Umst\u00e4nde der ihr die Laune vermiesen kann und sie wirklich traurig werden l\u00e4sst, selbst wenn sie oft diejenige ist welche die Beziehung beendet.\r\n\r\nFlower ist ein sehr einf\u00fchlsamer Mensch, was wohl auch ein Grund daf\u00fcr ist, dass sie ihren Job so gut macht und noch nie wirklich gr\u00f6\u00dfere Probleme mit einem Patienten hatte. Auf die eine oder andere Art hat sie noch jeden Patienten um den Finger wickeln k\u00f6nnen.\r\n\r\nAuch wenn sie durch ihre extrem freundliche und oft \u00fcberdrehte Art schnell f\u00fcr naiv gehalten wird, ist sie das nur bedingt so. Flower kann sehr verantwortungsvoll sein und ist oft zielstrebiger als man es ihr zutraut.\r\n\r\nFlower kleidet sich sehr gern sehr, sehr freiz\u00fcgig.\r\n<h3>St\u00e4rken &amp; Schw\u00e4chen<\/h3>\r\n<strong>Positiv:<\/strong>\r\n<ul>\r\n \t<li>Flower ist in der Lage an wirklich jeder Situation noch ein K\u00f6rnchen Gutes zu finden.<\/li>\r\n \t<li>Es ist nicht einfach, ihr die immer w\u00e4hrende gute Laune zu verderben.<\/li>\r\n<\/ul>\r\n<strong>Negativ:<\/strong>\r\n<ul>\r\n \t<li>Sehr impulsiv<\/li>\r\n \t<li>Naiv wenn es um M\u00e4nner geht<\/li>\r\n \t<li>Feiert gern<\/li>\r\n<\/ul>\r\n<strong>Vorlieben:<\/strong>\r\n<ul>\r\n \t<li>Tee<\/li>\r\n \t<li>Blumen (besonders Sonnenblumen)<\/li>\r\n \t<li>Musik<\/li>\r\n \t<li>Tanz<\/li>\r\n \t<li>Yoga<\/li>\r\n \t<li>Kuchen<\/li>\r\n \t<li>Gesellschaft<\/li>\r\n<\/ul>\r\n<strong>Abneigungen:\u00a0<\/strong>\r\n<ul>\r\n \t<li>Streit<\/li>\r\n \t<li>Zickereien<\/li>\r\n \t<li>Spinnen\/ Ungeziefer<\/li>\r\n \t<li>Krankheiten<\/li>\r\n \t<li>Einsamkeit<\/li>\r\n<\/ul>\r\n<h3><a id=\"diziplin\"><\/a>Personalakte &amp; Disziplinarische Vermerke<\/h3>\r\n<ul>\r\n \t<li>keine besonderen Eintr\u00e4ge<\/li>\r\n<\/ul>\r\n\r\n<hr \/>\r\n\r\n<h2><a id=\"ausbildung\"><\/a>Ausbildung &amp; Spezialgebiete<\/h2>\r\n<h3>Zivile Vorbildung<\/h3>\r\n<ul>\r\n \t<li>Abgebrochenes Studium der Medizin (2 Semester)<\/li>\r\n \t<li>Ausbildung zur Krankenschwester (San Francisco Hospital)<\/li>\r\n \t<li>Kurse f\u00fcr Naturheilkunde und Kr\u00e4uterkunde<\/li>\r\n<\/ul>\r\n<h3>Ausbildung bei der Sternenflotte<\/h3>\r\n<ul>\r\n \t<li>Rettungssanit\u00e4terin (SF &#8211; Akademie)<\/li>\r\n \t<li>Selbstverteidigungskurs (SF &#8211; Akademie)<\/li>\r\n<\/ul>\r\n<h3>Fort- und Weiterbildungen<\/h3>\r\n<ul>\r\n \t<li>Kurs Menschenf\u00fchrung f\u00fcr Oberschwestern (SF-Akademie)<\/li>\r\n<\/ul>\r\n<h2>Sprachen<\/h2>\r\n<ul>\r\n \t<li>F\u00f6derationsstandard<\/li>\r\n \t<li><\/li>\r\n<\/ul>\r\n<h2><a id=\"spezies\"><\/a>Besonderheiten der eigenen Spezies<\/h2>\r\nKeine\r\n<h2>Sonstiges<\/h2>\r\nKein Eintrag\r\n\r\n<hr \/>\r\n\r\n<h2><a id=\"hobbies\"><\/a>Hobbies<\/h2>\r\n<ul>\r\n \t<li>Malen<\/li>\r\n \t<li>Wandern<\/li>\r\n \t<li>Schwimmen<\/li>\r\n \t<li>Radfahren<\/li>\r\n \t<li>Kr\u00e4uterheilkunde<\/li>\r\n<\/ul>\r\n\r\n<hr \/>\r\n\r\n<h2><a id=\"medizinisches\"><\/a>Medizinisches Profil<\/h2>\r\n<strong>Krankheiten &amp; Gesundheit:<\/strong>\r\n<ul>\r\n \t<li>keine Auff\u00e4lligkeiten<\/li>\r\n<\/ul>\r\n\r\n<hr \/>\r\n\r\n<h2><a id=\"familie\"><\/a>Familie<\/h2>\r\n<h3>Morning John Mayfair<\/h3>\r\nVater, Inhaber Antiquit\u00e4tengesch\u00e4ft\r\n<h3>Dharma Mayfair<\/h3>\r\nMutter, Inhaberin eines Blumengesch\u00e4fts\r\n<h3>Summer Mayfair<\/h3>\r\nSchwester, Yogalehrerin\r\n<h3>Sky Mayfair<\/h3>\r\nBruder, Autor f\u00fcr\u00a0 Holodeck\u2013Romane;\r\n<h3>River Mayfair<\/h3>\r\nSchwester, Modedesignerin\r\n<h3>Ozean Mayfair<\/h3>\r\nSchwester, Kinderg\u00e4rtnerin;\r\n<h3>Daydream Mayfair<\/h3>\r\nBruder, Visagist;\r\n<h3>Angel Mayfair<\/h3>\r\nSchwester, Model;\r\n\r\n&nbsp;\r\n<h2><a id=\"haustiere\"><\/a>Haustiere<\/h2>\r\n&nbsp;\r\n<h2><a id=\"klassifiziert\"><\/a>Klassifizierte Sektion<\/h2>\r\nKeine Eintr\u00e4ge\r\n\r\n<!-- \/wp:post-content -->","protected":false},"excerpt":{"rendered":"<p>Flower Starshine Mayfair Status NPC Spieler Sunny Dienstliche Informationen Ranggrafik Rang PO1 Posten Krankenschwester Rettungssanit\u00e4terin Stationierung USS Galathea Physische Beschreibung Spezies Mensch Geschlecht weiblich Gr\u00f6\u00dfe 165 cm Gewicht \u00a060 kg Hautfarbe blass, Sommersprossen Haarfarbe blond, lang mit Locken Augenfarbe hellblau bevorzugte Uniform-Variante 2364 | 2369 | 2373 | 2395 | Sierra 2409 | Odyssey | [&hellip;]<\/p>\n","protected":false},"author":9,"featured_media":7795,"parent":2004,"menu_order":50,"comment_status":"closed","ping_status":"closed","template":"","meta":{"footnotes":""},"class_list":["post-3283","page","type-page","status-publish","has-post-thumbnail","hentry"],"publishpress_future_action":{"enabled":false,"date":"2026-04-21 22:43:38","action":"change-status","newStatus":"draft","terms":[],"taxonomy":"","extraData":[]},"publishpress_future_workflow_manual_trigger":{"enabledWorkflows":[]},"_links":{"self":[{"href":"https:\/\/www.sf-germany.org\/einheiten\/uss-galathea\/wp-json\/wp\/v2\/pages\/3283","targetHints":{"allow":["GET"]}}],"collection":[{"href":"https:\/\/www.sf-germany.org\/einheiten\/uss-galathea\/wp-json\/wp\/v2\/pages"}],"about":[{"href":"https:\/\/www.sf-germany.org\/einheiten\/uss-galathea\/wp-json\/wp\/v2\/types\/page"}],"author":[{"embeddable":true,"href":"https:\/\/www.sf-germany.org\/einheiten\/uss-galathea\/wp-json\/wp\/v2\/users\/9"}],"replies":[{"embeddable":true,"href":"https:\/\/www.sf-germany.org\/einheiten\/uss-galathea\/wp-json\/wp\/v2\/comments?post=3283"}],"version-history":[{"count":10,"href":"https:\/\/www.sf-germany.org\/einheiten\/uss-galathea\/wp-json\/wp\/v2\/pages\/3283\/revisions"}],"predecessor-version":[{"id":7796,"href":"https:\/\/www.sf-germany.org\/einheiten\/uss-galathea\/wp-json\/wp\/v2\/pages\/3283\/revisions\/7796"}],"up":[{"embeddable":true,"href":"https:\/\/www.sf-germany.org\/einheiten\/uss-galathea\/wp-json\/wp\/v2\/pages\/2004"}],"wp:featuredmedia":[{"embeddable":true,"href":"https:\/\/www.sf-germany.org\/einheiten\/uss-galathea\/wp-json\/wp\/v2\/media\/7795"}],"wp:attachment":[{"href":"https:\/\/www.sf-germany.org\/einheiten\/uss-galathea\/wp-json\/wp\/v2\/media?parent=3283"}],"curies":[{"name":"wp","href":"https:\/\/api.w.org\/{rel}","templated":true}]}}