{"id":3651,"date":"2020-08-31T20:09:01","date_gmt":"2020-08-31T18:09:01","guid":{"rendered":"http:\/\/www.sf-germany.org\/einheiten\/uss-galathea\/?page_id=3651"},"modified":"2021-06-17T08:06:45","modified_gmt":"2021-06-17T06:06:45","slug":"sara-al-sadat","status":"publish","type":"page","link":"https:\/\/www.sf-germany.org\/einheiten\/uss-galathea\/die-crew\/nichtspielercharaktere\/sara-al-sadat\/","title":{"rendered":"Sara Al Sadat"},"content":{"rendered":"<div style=\"float: right; margin-left: 15px; margin-bottom: 15px; font-size: 11px; min-width: 350px; width: 25%; padding-left: 10px; padding-right: 10px;\">\r\n<table style=\"width: 100%; border: 0px outset #003366; background: #ffffff; box-shadow: rgba(255, 255, 255, 0.75) 0.1em 0.1em 0.5em; border-radius: 1em; height: 607px;\" border=\"3\" cellspacing=\"10\" align=\"right\">\r\n<tbody>\r\n<tr style=\"height: 15px;\">\r\n<td style=\"font-weight: bold; border: 0px solid transparent; width: 100%; height: 15px;\" colspan=\"2\" align=\"center\"><\/td>\r\n<\/tr>\r\n<tr style=\"height: 144px;\">\r\n<td style=\"background: transparent; border: 0px solid transparent; width: 100%; height: 144px;\" colspan=\"2\" align=\"center\"><!-- hier das Charakterbild einf\u00fcgen -->\r\n<img loading=\"lazy\" decoding=\"async\" class=\"alignnone size-full wp-image-1126\" src=\"https:\/\/www.sf-germany.org\/einheiten\/uss-galathea\/wp-content\/uploads\/2019\/08\/images.png\" alt=\"\" width=\"262\" height=\"192\" \/><\/td>\r\n<\/tr>\r\n<tr style=\"height: 15px;\">\r\n<td style=\"font-weight: bold; border: 0px solid transparent; width: 100%; height: 15px;\" colspan=\"2\" align=\"center\">Sara Al Sadat<\/td>\r\n<\/tr>\r\n<tr style=\"height: 15px;\">\r\n<td style=\"font-weight: bold; border: 0px solid transparent; width: 50%; height: 15px;\" align=\"right\" width=\"50%\">Status<\/td>\r\n<td style=\"border: 0px solid transparent; width: 50%; height: 15px;\" align=\"left\" width=\"50%\">NPC<\/td>\r\n<\/tr>\r\n<tr style=\"height: 15px;\">\r\n<td style=\"font-weight: bold; border: 0px solid transparent; width: 50%; height: 15px;\" align=\"right\" width=\"50%\">Spieler<\/td>\r\n<td style=\"border: 0px solid transparent; width: 50%; height: 15px;\" align=\"left\" width=\"50%\"><\/td>\r\n<\/tr>\r\n<tr style=\"height: 15px;\">\r\n<td style=\"font-weight: bold; border: 0px solid #003366; background: #555555; box-shadow: rgba(255, 255, 255, 0.75) 0.1em 0.1em 0.5em; border-radius: 1em; width: 100%; height: 15px;\" colspan=\"2\" align=\"center\"><span style=\"color: #ffffff;\">Dienstliche Informationen<\/span><\/td>\r\n<\/tr>\r\n<tr style=\"height: 28px;\">\r\n<td style=\"font-weight: bold; border: 0px solid transparent; width: 50%; height: 28px;\" align=\"right\" width=\"50%\">Ranggrafik<\/td>\r\n<td style=\"border: 0px solid transparent; width: 50%; height: 28px;\" align=\"left\" width=\"50%\"><!-- Es gibt die R\u00e4nge in \/gelb\/, \/rot\/, \/blau\/ und \/wei\u00df\/, manche auch in \/gruen\/ -->\r\n<img decoding=\"async\" src=\"https:\/\/www.sf-germany.com\/images\/schemata\/variant\/gelb\/crwm.jpg\" alt=\"Crewman 1st class\" \/><\/td>\r\n<\/tr>\r\n<tr style=\"height: 15px;\">\r\n<td style=\"font-weight: bold; border: 0px solid transparent; width: 50%; height: 15px;\" align=\"right\" width=\"50%\">Rang<\/td>\r\n<td style=\"border: 0px solid transparent; width: 50%; height: 15px;\" align=\"left\" width=\"50%\">Crewman<\/td>\r\n<\/tr>\r\n<tr style=\"height: 15px;\">\r\n<td style=\"font-weight: bold; border: 0px solid transparent; width: 50%; height: 15px;\" align=\"right\" width=\"50%\">Posten<\/td>\r\n<td style=\"border: 0px solid transparent; width: 50%; height: 15px;\" align=\"left\" width=\"50%\"><\/td>\r\n<\/tr>\r\n<tr style=\"height: 15px;\">\r\n<td style=\"font-weight: bold; border: 0px solid transparent; width: 50%; height: 15px;\" align=\"right\" width=\"50%\">Stationierung<\/td>\r\n<td style=\"border: 0px solid transparent; width: 50%; height: 15px;\" align=\"left\" width=\"50%\">USS Galathea<\/td>\r\n<\/tr>\r\n<tr style=\"height: 15px;\">\r\n<td style=\"font-weight: bold; border: 0px solid #003366; background: #555555; box-shadow: rgba(255, 255, 255, 0.75) 0.1em 0.1em 0.5em; border-radius: 1em; width: 100%; height: 15px;\" colspan=\"2\" align=\"center\"><span style=\"color: #ffffff;\">Physische Beschreibung<\/span><\/td>\r\n<\/tr>\r\n<tr style=\"height: 15px;\">\r\n<td style=\"font-weight: bold; border: 0px solid transparent; width: 50%; height: 15px;\" align=\"right\" width=\"50%\">Spezies<\/td>\r\n<td style=\"border: 0px solid transparent; width: 50%; height: 15px;\" align=\"left\" width=\"50%\">Mensch<\/td>\r\n<\/tr>\r\n<tr style=\"height: 15px;\">\r\n<td style=\"font-weight: bold; border: 0px solid transparent; width: 50%; height: 15px;\" align=\"right\" width=\"50%\">Geschlecht<\/td>\r\n<td style=\"border: 0px solid transparent; width: 50%; height: 15px;\" align=\"left\" width=\"50%\">weiblich<\/td>\r\n<\/tr>\r\n<tr style=\"height: 15px;\">\r\n<td style=\"font-weight: bold; border: 0px solid transparent; width: 50%; height: 15px;\" align=\"right\" width=\"50%\">Gr\u00f6\u00dfe<\/td>\r\n<td style=\"border: 0px solid transparent; width: 50%; height: 15px;\" align=\"left\" width=\"50%\">\u00a0169 cm<\/td>\r\n<\/tr>\r\n<tr style=\"height: 15px;\">\r\n<td style=\"font-weight: bold; border: 0px solid transparent; width: 50%; height: 15px;\" align=\"right\" width=\"50%\">Gewicht<\/td>\r\n<td style=\"border: 0px solid transparent; width: 50%; height: 15px;\" align=\"left\" width=\"50%\">\u00a053 kg<\/td>\r\n<\/tr>\r\n<tr style=\"height: 15px;\">\r\n<td style=\"font-weight: bold; border: 0px solid transparent; width: 50%; height: 15px;\" align=\"right\" width=\"50%\">Hautfarbe<\/td>\r\n<td style=\"border: 0px solid transparent; width: 50%; height: 15px;\" align=\"left\" width=\"50%\">oliv<\/td>\r\n<\/tr>\r\n<tr style=\"height: 15px;\">\r\n<td style=\"font-weight: bold; border: 0px solid transparent; width: 50%; height: 15px;\" align=\"right\" width=\"50%\">Haarfarbe<\/td>\r\n<td style=\"border: 0px solid transparent; width: 50%; height: 15px;\" align=\"left\" width=\"50%\">schwarz<\/td>\r\n<\/tr>\r\n<tr style=\"height: 15px;\">\r\n<td style=\"font-weight: bold; border: 0px solid transparent; width: 50%; height: 15px;\" align=\"right\" width=\"50%\">Augenfarbe<\/td>\r\n<td style=\"border: 0px solid transparent; width: 50%; height: 15px;\" align=\"left\" width=\"50%\">braun<\/td>\r\n<\/tr>\r\n<tr style=\"height: 15px;\">\r\n<td style=\"font-weight: bold; border: 0px solid transparent; width: 50%; text-align: right; height: 15px;\">bevorzugte Uniform-Variante<\/td>\r\n<td style=\"border: 0px solid transparent; width: 50%; height: 15px;\">Sierra II<\/td>\r\n<\/tr>\r\n<tr style=\"height: 15px;\">\r\n<td style=\"font-weight: bold; border: 0px solid #003366; background: #555555; box-shadow: rgba(255, 255, 255, 0.75) 0.1em 0.1em 0.5em; border-radius: 1em; width: 100%; height: 15px;\" colspan=\"2\" align=\"center\"><span style=\"color: #ffffff;\">Biographische Informationen<\/span><\/td>\r\n<\/tr>\r\n<tr style=\"height: 15px;\">\r\n<td style=\"font-weight: bold; border: 0px solid transparent; width: 50%; height: 15px;\" align=\"right\" width=\"50%\">Geburtsort<\/td>\r\n<td style=\"border: 0px solid transparent; width: 50%; height: 15px;\" align=\"left\" width=\"50%\">Abu Dhabi, Erde<\/td>\r\n<\/tr>\r\n<tr style=\"height: 15px;\">\r\n<td style=\"font-weight: bold; border: 0px solid transparent; width: 50%; height: 15px;\" align=\"right\" width=\"50%\">Geburtstag<\/td>\r\n<td style=\"border: 0px solid transparent; width: 50%; height: 15px;\" align=\"left\" width=\"50%\">07.07.2380<\/td>\r\n<\/tr>\r\n<tr style=\"height: 15px;\">\r\n<td style=\"font-weight: bold; border: 0px solid transparent; width: 50%; height: 15px;\" align=\"right\" width=\"50%\">Sexualit\u00e4t<\/td>\r\n<td style=\"border: 0px solid transparent; width: 50%; height: 15px;\" align=\"left\" width=\"50%\">hetero-sexuell<\/td>\r\n<\/tr>\r\n<tr style=\"height: 15px;\">\r\n<td style=\"font-weight: bold; border: 0px solid transparent; width: 50%; height: 15px;\" align=\"right\" width=\"50%\">Familienstand<\/td>\r\n<td style=\"border: 0px solid transparent; width: 50%; height: 15px;\" align=\"left\" width=\"50%\">ledig<\/td>\r\n<\/tr>\r\n<tr style=\"height: 15px;\">\r\n<td style=\"font-weight: bold; border: 0px solid transparent; width: 50%; height: 15px;\" align=\"right\" width=\"50%\">Familie<\/td>\r\n<td style=\"border: 0px solid transparent; width: 50%; height: 15px;\" align=\"left\" width=\"50%\"><\/td>\r\n<\/tr>\r\n<tr style=\"height: 15px;\">\r\n<td style=\"font-weight: bold; border: 0px solid transparent; width: 50%; height: 15px;\" align=\"right\" width=\"50%\">Religion<\/td>\r\n<td style=\"border: 0px solid transparent; width: 50%; height: 15px;\" align=\"left\" width=\"50%\">Atheist<\/td>\r\n<\/tr>\r\n<tr style=\"height: 15px;\">\r\n<td style=\"font-weight: bold; border: 0px solid #003366; background: #555555; box-shadow: rgba(255, 255, 255, 0.75) 0.1em 0.1em 0.5em; border-radius: 1em; width: 100%; height: 15px;\" colspan=\"2\" align=\"center\"><span style=\"color: #ffffff;\">Politische informationen<\/span><\/td>\r\n<\/tr>\r\n<tr style=\"height: 15px;\">\r\n<td style=\"font-weight: bold; border: 0px solid transparent; width: 50%; height: 15px;\" align=\"right\" width=\"50%\">Buergerschaft<\/td>\r\n<td style=\"border: 0px solid transparent; width: 50%; height: 15px;\" align=\"left\" width=\"50%\">F\u00f6derationsb\u00fcrger<\/td>\r\n<\/tr>\r\n<\/tbody>\r\n<\/table>\r\n<\/div>\r\n<!-- Inhaltsverzeichnis -->\r\n<div style=\"width: 25%; padding: 10px; margin-bottom: 15px; font-size: 11px; border: 1px solid #333333; display: inline-block;\">\r\n\r\n<strong>Inhalt<\/strong>\r\n<ul>\r\n \t<li><a href=\"#beschreibung\">Beschreibung<\/a><\/li>\r\n \t<li><a href=\"#lebenslauf\">Lebenslauf<\/a><\/li>\r\n \t<li><a href=\"#psychologisches\">Psychologisches Profil<\/a><\/li>\r\n \t<li><a href=\"#disziplin\">Disziplinarische Vermerke<\/a><\/li>\r\n \t<li><a href=\"#ausbildung\">Ausbildung &amp; Spezialgebiete<\/a><\/li>\r\n \t<li><a href=\"#spezies\">Besonderheiten<\/a><\/li>\r\n \t<li><a href=\"#hobbies\">Hobbies<\/a><\/li>\r\n \t<li><a href=\"#medizinisches\">Medizinisches Profil<\/a><\/li>\r\n \t<li><a href=\"#familie\">Familie<\/a><\/li>\r\n \t<li><a href=\"#haustiere\">Haustiere<\/a><\/li>\r\n \t<li><a href=\"#klassifiziert\">Klassifizierte Sektion<\/a><\/li>\r\n<\/ul>\r\n<!-- Ende des Inhaltsverzeichnis -->\r\n\r\n<\/div>\r\n<!-- Inhalte -->\r\n<h2><a id=\"beschreibung\"><\/a>Beschreibung<\/h2>\r\nSara Al Sadat ist Technikerin und gemeinsam mit ihren Schwestern auf der Galathea.\r\nAu\u00dferdem ist sie Teil der Theatergruppe und scheint an Grwydro Aru interessiert zu sein.<span style=\"color: #999999;\"><i>\r\n<\/i><\/span>\r\n\r\nDie Technikerin hat langes gewelltes Haar, welches w\u00e4hrend der Dienstzeit stets geflochten getragen wird. Wie auch ihre Schwestern ist sie schlank. Ihre K\u00f6rperform entspricht einem umgedrehten Dreieck, ihre Schultern sind also breiter als die H\u00fcfte und sie hat wenig Taille.\r\n\r\n&nbsp;\r\n\r\n<hr \/>\r\n\r\n<h2><a id=\"lebenslauf\"><\/a>Lebenslauf<\/h2>\r\nSara war stets neugierig und wollte verstehen wie Dinge funktionieren.Dies f\u00fchrte dazu, dass sie mit einer technischen Ausbildung begann.\r\n<h3>Kindheit und Jugend<\/h3>\r\n&nbsp;\r\n<h3>Ausbildung<\/h3>\r\nIhre Ausbildung fokussierte sich auf Elektrotechnik, Maschinenbau und Konstruktion.\r\n<h3>Karriere bei der Sternenflotte<\/h3>\r\nSara bewarb sich bei der Sternenflotte um als Unteroffizier ausgebildet zu werden. Aufgrund ihrer guten Noten, wurde die Bewerbung angenommen und so begann ihre Ausbildung mit den Grundlagen der technischen Crew. Nach dem ersten Abschnitt entschied sich die junge Frau f\u00fcr die Lebenserhaltungssysteme.\r\n<h3>Tabellarischer Lebenslauf<\/h3>\r\n&nbsp;\r\n<table style=\"border-collapse: collapse; width: 100%;\">\r\n<tbody>\r\n<tr>\r\n<td style=\"width: 11.5075%; background-color: #ed801a;\"><strong>Jahr<\/strong><\/td>\r\n<td style=\"width: 88.4925%; background-color: #ed801a;\"><strong>Ereignis<\/strong><\/td>\r\n<\/tr>\r\n<tr>\r\n<td style=\"width: 11.5075%;\">2380<\/td>\r\n<td style=\"width: 88.4925%;\">Geburt, Abu Dhabi<\/td>\r\n<\/tr>\r\n<tr>\r\n<td style=\"width: 11.5075%;\">2399<\/td>\r\n<td style=\"width: 88.4925%;\">Bewerbung als Unteroffizier bei der Sternenflotte<\/td>\r\n<\/tr>\r\n<tr>\r\n<td style=\"width: 11.5075%;\">2399<\/td>\r\n<td style=\"width: 88.4925%;\">Beginn der Ausbildung als Technik Recruit<\/td>\r\n<\/tr>\r\n<tr>\r\n<td style=\"width: 11.5075%;\">2401<\/td>\r\n<td style=\"width: 88.4925%;\">Dienst auf DS7 als Technik Recruit<\/td>\r\n<\/tr>\r\n<tr>\r\n<td style=\"width: 11.5075%;\">2402<\/td>\r\n<td style=\"width: 88.4925%;\">Fortsetzung der Ausbildung als Apprentice<\/td>\r\n<\/tr>\r\n<tr>\r\n<td style=\"width: 11.5075%;\">2404<\/td>\r\n<td style=\"width: 88.4925%;\">Dienst als Operations Apprentice auf der USS Bellerophon<\/td>\r\n<\/tr>\r\n<tr>\r\n<td style=\"width: 11.5075%;\">2406<\/td>\r\n<td style=\"width: 88.4925%;\">Spezialisierung auf Elektronik: Lebenserhaltung an der Akademie und abschlie\u00dfende Pr\u00fcfung als Crewman<\/td>\r\n<\/tr>\r\n<tr>\r\n<td style=\"width: 11.5075%;\">2407<\/td>\r\n<td style=\"width: 88.4925%;\">Dienst als Technikerin der Lebenserhaltungssysteme auf DS 2<\/td>\r\n<\/tr>\r\n<tr>\r\n<td style=\"width: 11.5075%;\">2410<\/td>\r\n<td style=\"width: 88.4925%;\">Dienst als Technikerin der Lebenserhaltungssysteme auf der USS Yamato<\/td>\r\n<\/tr>\r\n<tr>\r\n<td style=\"width: 11.5075%;\">2413<\/td>\r\n<td style=\"width: 88.4925%;\">Dienst als Technikerin der Lebenserhaltungssysteme auf der USS Sarek<\/td>\r\n<\/tr>\r\n<tr>\r\n<td style=\"width: 11.5075%;\">2415<\/td>\r\n<td style=\"width: 88.4925%;\">Versetzung auf die USS Galathea<\/td>\r\n<\/tr>\r\n<\/tbody>\r\n<\/table>\r\n\r\n<hr \/>\r\n\r\n<h2><a id=\"psychologisches\"><\/a>Psychologisches Profil<\/h2>\r\nSara ist lebensfroh und offen, wenn auch eher still. Sie genie\u00dft es andere strahlen zu sehen und hilft ihnen gerne dabei ihren eigenen Glanz zu finden. Sie ist r\u00fccksichtsvoll und von den vier Schwestern wohl die st\u00e4rkste Empathin. Gleichzeitig genie\u00dft sie es mit Maschinen zu arbeiten, denn auch wenn Maschinen ebenso Aufmerksamkeit brauchen wie Humanoide, sind sie meist doch pflegeleichter. Sara vergisst manchmal auf ihre eigenen Bed\u00fcrfnisse zu achten und stellt oft die Bed\u00fcrfnisse ihrer Schwestern oder Freunde \u00fcber ihre eigenen.\r\nSie ist kreativ und handwerklich geschickt, jedoch nicht so belesen und gebildet wie ihre Schwestern.\r\nSie leidet an einer Spinnenphobie, hat diese jedoch recht gut im Griff.\r\n<h3>St\u00e4rken &amp; Schw\u00e4chen<\/h3>\r\n<strong>Positiv:<\/strong>\r\n<ul>\r\n \t<li>Starke Empathie<\/li>\r\n \t<li>ruhig, offen, freundlich, lebensfroh<\/li>\r\n \t<li>Intelligent<\/li>\r\n<\/ul>\r\n<strong>Negativ:<\/strong>\r\n<ul>\r\n \t<li>Starke Empathie<\/li>\r\n \t<li>manchmal mag sie Maschinen lieber als Menschen<\/li>\r\n<\/ul>\r\n<strong>Vorlieben:<\/strong>\r\n<ul>\r\n \t<li>Steampunk<\/li>\r\n \t<li>Schneidern<\/li>\r\n \t<li>Menschen helfen<\/li>\r\n \t<li>Handwerk &amp; Handarbeit<\/li>\r\n \t<li>gelb, gelb-orange &amp; Gold als Farben<\/li>\r\n<\/ul>\r\n<strong>Abneigungen:\u00a0<\/strong>\r\n<ul>\r\n \t<li>Spinnen<\/li>\r\n \t<li>Hoffnungslosigkeit<\/li>\r\n<\/ul>\r\n<h3><a id=\"diziplin\"><\/a>Personalakte &amp; Disziplinarische Vermerke<\/h3>\r\n<ul>\r\n \t<li><\/li>\r\n<\/ul>\r\n\r\n<hr \/>\r\n\r\n<h2><a id=\"ausbildung\"><\/a>Ausbildung &amp; Spezialgebiete<\/h2>\r\n<h3>Zivile Vorbildung<\/h3>\r\nNach der Grundschule besuchte Sara eine h\u00f6here technische Lehranstalt wo sie Grundlagen Elektrotechnik, Maschinenbau und Konstruktion erlernte.\r\n<h3>Sternenflottenausbildung<\/h3>\r\n<strong>Hauptf\u00e4cher<\/strong>\r\n<ul>\r\n \t<li>Technik\r\n<ul>\r\n \t<li>Lebenserhaltung<\/li>\r\n<\/ul>\r\n<\/li>\r\n<\/ul>\r\n<strong>Nebenf\u00e4cher<\/strong>\r\n<ul>\r\n \t<li>Psychologie<\/li>\r\n \t<li>Modedesign<\/li>\r\n \t<li>N\u00e4hen<\/li>\r\n \t<li>Kost\u00fcmbilden<\/li>\r\n \t<li>Make-up Artist<\/li>\r\n \t<li>Hairstylist<\/li>\r\n<\/ul>\r\n<h2>Sprachen<\/h2>\r\n<ul>\r\n \t<li>F\u00f6derationsstandard<\/li>\r\n \t<li>Arabisch<\/li>\r\n \t<li>Japanisch<\/li>\r\n \t<li>Russisch<\/li>\r\n \t<li>Vulkanisch<\/li>\r\n<\/ul>\r\n<h2><a id=\"spezies\"><\/a>Besonderheiten der eigenen Spezies<\/h2>\r\nKeine\r\n<h2>Sonstiges<\/h2>\r\n&nbsp;\r\n\r\n<hr \/>\r\n\r\n<h2><a id=\"hobbies\"><\/a>Hobbies<\/h2>\r\n<ul>\r\n \t<li>Steampunk<\/li>\r\n \t<li>Kleidung und Kost\u00fcme n\u00e4hen<\/li>\r\n \t<li>Handwerk &amp; Handarbeit<\/li>\r\n<\/ul>\r\n\r\n<hr \/>\r\n\r\n<h2><a id=\"medizinisches\"><\/a>Medizinisches Profil<\/h2>\r\n<strong>\r\nKrankheiten &amp; Gesundheit:<\/strong>\r\n<ul>\r\n \t<li>Arachnophobie<\/li>\r\n<\/ul>\r\n\r\n<hr \/>\r\n\r\n<h2><a id=\"familie\"><\/a>Familie<\/h2>\r\nIhre Schwestern <a href=\"https:\/\/www.sf-germany.org\/einheiten\/uss-galathea\/die-crew\/nichtspielercharaktere\/shani-al-sadat\/\">Shani<\/a>, <a href=\"https:\/\/www.sf-germany.org\/einheiten\/uss-galathea\/die-crew\/nichtspielercharaktere\/tamira-al-sadat\/\">Tamira<\/a> und <a href=\"https:\/\/www.sf-germany.org\/einheiten\/uss-galathea\/die-crew\/nichtspielercharaktere\/fariba-al-sadat\/\">Fariba<\/a> sind ebenfalls auf der Galathea.\r\n\r\n<strong>Abdul Al Sadat<\/strong>\r\n\r\nVater von vier T\u00f6chtern und drei S\u00f6hnen. Abdul ist Antiquit\u00e4tenh\u00e4ndler.\r\n\r\n<strong>Nusaiaba Al Sadat<\/strong>\r\n\r\nEhefrau von Abdul, Mutter von vier T\u00f6chtern und drei S\u00f6hnen. Hausfrau und Mutter.\r\n\r\n<strong>Faatin Al Sadat<\/strong>\r\n\r\n\u00c4ltester Sohn und erstgeborenes Kind der Al Sadats. Faatin arbeitet mit seinem Vater zusammen im Antiquit\u00e4ten-Laden und wird ihn eines Tages \u00fcbernehmen.\r\n\r\n<strong>Nazim Al Sadat<\/strong>\r\n\r\nZweitgeborener Sohn, jedoch drittes Kind der Familie. Crewman auf der USS Musashi.\r\n\r\n<strong>Sam Al Sadat<\/strong>\r\n\r\nJ\u00fcngstes Kind der Al Sadat Familie, studiert Arch\u00e4ologie in Kairo.\r\n<h2><a id=\"haustiere\"><\/a>Haustiere<\/h2>\r\n&nbsp;\r\n\r\n<hr \/>\r\n\r\n<h2><a id=\"klassifiziert\"><\/a>Klassifizierte Sektion<\/h2>\r\nKeine Eintr\u00e4ge\r\n<h1>NRPG<\/h1>\r\nSara ist die gute Seele der vier Schwestern. Sie ist sanftm\u00fctig, freundlich, offen und sehr empathisch. Sie hilft gerne anderen, vergisst dabei manchmal auf sich selbst. Auch ist sie die kreativste der vier und liebt Handwerk und Handarbeit. Sara tr\u00e4gt gerne gelb Schattierungen, sandfarbene T\u00f6ne, gelbe Orangeschattierungen und Gold. Sie tr\u00e4gt selten Schmuck, wenn dann aber meist Gold.\r\n\r\nSara ist auf Deck 18 in einem Mannschaftsquartier mit drei anderen Mitgliedern der technischen Crew untergebracht. Anfangs hatte dies auch f\u00fcr Unstimmigkeiten unter den Schwestern gef\u00fchrt, denn Shani wollte ein Familienquartier. Unter dem Vorwand der verschiedenen Aufgabenbereiche haben jedoch Fariba und Sara sich dagegen ausgesprochen und Tamira enthielt sich einer Aussage.\r\n\r\n<!-- \/wp:post-content -->","protected":false},"excerpt":{"rendered":"<p>Sara Al Sadat Status NPC Spieler Dienstliche Informationen Ranggrafik Rang Crewman Posten Stationierung USS Galathea Physische Beschreibung Spezies Mensch Geschlecht weiblich Gr\u00f6\u00dfe \u00a0169 cm Gewicht \u00a053 kg Hautfarbe oliv Haarfarbe schwarz Augenfarbe braun bevorzugte Uniform-Variante Sierra II Biographische Informationen Geburtsort Abu Dhabi, Erde Geburtstag 07.07.2380 Sexualit\u00e4t hetero-sexuell Familienstand ledig Familie Religion Atheist Politische informationen Buergerschaft [&hellip;]<\/p>\n","protected":false},"author":12,"featured_media":1126,"parent":2004,"menu_order":0,"comment_status":"closed","ping_status":"closed","template":"","meta":{"footnotes":""},"class_list":["post-3651","page","type-page","status-publish","has-post-thumbnail","hentry"],"publishpress_future_action":{"enabled":false,"date":"2026-05-07 11:02:39","action":"change-status","newStatus":"draft","terms":[],"taxonomy":"","extraData":[]},"publishpress_future_workflow_manual_trigger":{"enabledWorkflows":[]},"_links":{"self":[{"href":"https:\/\/www.sf-germany.org\/einheiten\/uss-galathea\/wp-json\/wp\/v2\/pages\/3651","targetHints":{"allow":["GET"]}}],"collection":[{"href":"https:\/\/www.sf-germany.org\/einheiten\/uss-galathea\/wp-json\/wp\/v2\/pages"}],"about":[{"href":"https:\/\/www.sf-germany.org\/einheiten\/uss-galathea\/wp-json\/wp\/v2\/types\/page"}],"author":[{"embeddable":true,"href":"https:\/\/www.sf-germany.org\/einheiten\/uss-galathea\/wp-json\/wp\/v2\/users\/12"}],"replies":[{"embeddable":true,"href":"https:\/\/www.sf-germany.org\/einheiten\/uss-galathea\/wp-json\/wp\/v2\/comments?post=3651"}],"version-history":[{"count":12,"href":"https:\/\/www.sf-germany.org\/einheiten\/uss-galathea\/wp-json\/wp\/v2\/pages\/3651\/revisions"}],"predecessor-version":[{"id":4614,"href":"https:\/\/www.sf-germany.org\/einheiten\/uss-galathea\/wp-json\/wp\/v2\/pages\/3651\/revisions\/4614"}],"up":[{"embeddable":true,"href":"https:\/\/www.sf-germany.org\/einheiten\/uss-galathea\/wp-json\/wp\/v2\/pages\/2004"}],"wp:featuredmedia":[{"embeddable":true,"href":"https:\/\/www.sf-germany.org\/einheiten\/uss-galathea\/wp-json\/wp\/v2\/media\/1126"}],"wp:attachment":[{"href":"https:\/\/www.sf-germany.org\/einheiten\/uss-galathea\/wp-json\/wp\/v2\/media?parent=3651"}],"curies":[{"name":"wp","href":"https:\/\/api.w.org\/{rel}","templated":true}]}}