{"id":4353,"date":"2021-03-02T10:37:14","date_gmt":"2021-03-02T09:37:14","guid":{"rendered":"http:\/\/www.sf-germany.org\/einheiten\/uss-galathea\/?page_id=4353"},"modified":"2021-03-02T10:49:58","modified_gmt":"2021-03-02T09:49:58","slug":"die-bienen","status":"publish","type":"page","link":"https:\/\/www.sf-germany.org\/einheiten\/uss-galathea\/stellarkatographie\/oktens-wiege\/xenobiologie\/die-bienen\/","title":{"rendered":"Die Bienen"},"content":{"rendered":"\n<table style=\"border-collapse: collapse; margin-left: 10px; margin-bottom: 5px; width: 40%; float: right; position: relative; top: 10px; background-color: white;\">\n<tbody>\n<tr>\n<td style=\"text-align: center;\" colspan=\"2\">\n<h1><strong>&#8222;Die Bienen&#8220;<\/strong><\/h1>\n<\/td>\n<\/tr>\n<tr>\n<td colspan=\"2\"><img loading=\"lazy\" decoding=\"async\" class=\"size-medium wp-image-1138 aligncenter\" src=\"https:\/\/www.sf-germany.org\/einheiten\/uss-galathea\/wp-content\/uploads\/2019\/08\/kisspng-united-federation-of-planets-star-trek-starfleet-l-lcars-skin-pack-for-zooper-play-app-for-free-fiise-5beffec8d2d3f5.5452805115424549848636-300x173.jpg\" alt=\"\" width=\"300\" height=\"173\" srcset=\"https:\/\/www.sf-germany.org\/einheiten\/uss-galathea\/wp-content\/uploads\/2019\/08\/kisspng-united-federation-of-planets-star-trek-starfleet-l-lcars-skin-pack-for-zooper-play-app-for-free-fiise-5beffec8d2d3f5.5452805115424549848636-300x173.jpg 300w, https:\/\/www.sf-germany.org\/einheiten\/uss-galathea\/wp-content\/uploads\/2019\/08\/kisspng-united-federation-of-planets-star-trek-starfleet-l-lcars-skin-pack-for-zooper-play-app-for-free-fiise-5beffec8d2d3f5.5452805115424549848636-768x444.jpg 768w, https:\/\/www.sf-germany.org\/einheiten\/uss-galathea\/wp-content\/uploads\/2019\/08\/kisspng-united-federation-of-planets-star-trek-starfleet-l-lcars-skin-pack-for-zooper-play-app-for-free-fiise-5beffec8d2d3f5.5452805115424549848636.jpg 900w\" sizes=\"auto, (max-width: 300px) 100vw, 300px\" \/><\/td>\n<\/tr>\n<tr>\n<td style=\"vertical-align: top; width: 10%;\"><strong>Andere Namen:<\/strong><\/td>\n<td><\/td>\n<\/tr>\n<tr>\n<td style=\"vertical-align: top; width: 10%;\"><strong>Wissenschaftl. Name:<\/strong><\/td>\n<td><\/td>\n<\/tr>\n<tr>\n<td style=\"vertical-align: top; width: 10%;\"><strong>Quadrant:<\/strong><\/td>\n<td>Alpha<\/td>\n<\/tr>\n<tr>\n<td style=\"vertical-align: top; width: 10%;\"><strong>Herkunft:<\/strong><\/td>\n<td>3. Planet (Lawapa); Alpha-K-11.78.281 System; Oktens Wiege<\/td>\n<\/tr>\n<tr>\n<td style=\"vertical-align: top; width: 10%;\"><strong>Lebensraum:<\/strong><\/td>\n<td><\/td>\n<\/tr>\n<tr>\n<td style=\"vertical-align: top;\"><strong>Entdeckt:<\/strong><\/td>\n<td><\/td>\n<\/tr>\n<tr>\n<td style=\"vertical-align: top;\"><strong>Entdecker:<\/strong><\/td>\n<td><\/td>\n<\/tr>\n<tr>\n<td style=\"background-color: #a7a7a7; text-align: center; vertical-align: top;\" colspan=\"2\"><strong>Taxionomie\u00a0<\/strong><\/td>\n<\/tr>\n<tr>\n<td style=\"vertical-align: top;\"><strong>\u00dcberstamm:\u00a0\u00a0<\/strong><\/td>\n<td><\/td>\n<\/tr>\n<tr>\n<td style=\"vertical-align: top;\"><strong>Stamm:\u00a0\u00a0<\/strong><\/td>\n<td><\/td>\n<\/tr>\n<tr>\n<td style=\"vertical-align: top;\"><strong>Unterstamm:<\/strong><\/td>\n<td><\/td>\n<\/tr>\n<tr>\n<td style=\"vertical-align: top;\"><strong>Klasse:<\/strong><\/td>\n<td><\/td>\n<\/tr>\n<tr>\n<td style=\"vertical-align: top;\"><strong>Ordnung:\u00a0<\/strong><\/td>\n<td><\/td>\n<\/tr>\n<tr>\n<td style=\"vertical-align: top;\"><strong>Unterordnung:\u00a0\u00a0<\/strong><\/td>\n<td><\/td>\n<\/tr>\n<tr>\n<td style=\"vertical-align: top;\"><strong>Familie:\u00a0\u00a0<\/strong><\/td>\n<td><\/td>\n<\/tr>\n<tr>\n<td style=\"background-color: #ababab; text-align: center;\" colspan=\"2\"><strong>Merkmale<\/strong><\/td>\n<\/tr>\n<tr>\n<td><strong>Gr\u00f6\u00dfe:<\/strong><\/td>\n<td>Zwischen 0,5 und 5 Meter K\u00f6rperl\u00e4nge<\/td>\n<\/tr>\n<tr>\n<td><strong>Gewicht:<\/strong><\/td>\n<td><\/td>\n<\/tr>\n<tr>\n<td><strong>Exoh\u00fclle:<\/strong><\/td>\n<td><\/td>\n<\/tr>\n<tr>\n<td><strong>K\u00f6rperbau:<\/strong><\/td>\n<td><\/td>\n<\/tr>\n<tr>\n<td><strong>Lebens-erwartung:<\/strong><\/td>\n<td><\/td>\n<\/tr>\n<tr>\n<td style=\"background-color: #a7a7a7; text-align: center;\" colspan=\"2\"><strong>Verhalten<\/strong><\/td>\n<\/tr>\n<tr>\n<td><strong>Nahrung:<\/strong><\/td>\n<td><\/td>\n<\/tr>\n<tr>\n<td><strong>Fortpflanzung:<\/strong><\/td>\n<td><\/td>\n<\/tr>\n<tr>\n<td><strong>Verteidigung:<\/strong><\/td>\n<td><\/td>\n<\/tr>\n<tr>\n<td><strong>Nat. Feinde:<\/strong><\/td>\n<td><\/td>\n<\/tr>\n<\/tbody>\n<\/table>\n<h2><strong>Kurzfassung<\/strong><\/h2>\n<p>Die Bienen sind Insekten von unterschiedlicher Gr\u00f6\u00dfe (50cm L\u00e4nge bei den sogenannten &#8222;Kommunikatoren&#8220; bis hin zu 5m L\u00e4nge bei den &#8222;Kapazit\u00e4ten&#8220;).<br \/>\nSie sehen aus wie eine Kreuzung aus Bienen oder Wespen mit Libellen. Sie sind entweder mit Fell besehen (Bienen) oder aber gepanzert (Wespen) und haben dazu einen langen Schwanz und vier Hautfl\u00fcgel. Die &#8222;Kapazit\u00e4ten&#8220; verlieren ihre Fl\u00fcgel, nachdem sie ein unterirdisches Nest angelegt haben und mit dem Br\u00fcten beginnen.<\/p>\n<h2><strong>Wissenschaftliche Beschreibung<\/strong><\/h2>\n<h3><strong>K\u00f6rperbau<\/strong><\/h3>\n<p>Die Bienen unterteilen sich in:<\/p>\n<ul>\n<li>Kapazit\u00e4t:\u00a0 \u00a0 \u00a0 Die K\u00f6nigin des Stammes. Jede Kapazit\u00e4t in direkter telepathischer Verbindung mit allen anderen Kapazit\u00e4ten und bildet mit ihnen zusammen eine Schwarmintelligenz. Je mehr Kapazit\u00e4ten es gibt, desto intelligenter ist die Gesamtheit der Kapazit\u00e4ten. Diese Schwarmintelligenz sieht sich selber nur als SIE.<\/li>\n<li>Kommunikatorin: Eine kleine, rund 50cm gro\u00dfe, nicht gepanzerte Biene mit Fell aber stark ausgepr\u00e4gten F\u00fchlern, die diffizil unterteilt sind. Sie \u00e4hneln weniger den Gliederf\u00fchlern einer Biene als vielmehr den gef\u00e4cherten F\u00fchlern irdischer Maik\u00e4fer. Die Kommunikatoren k\u00f6nnen auch mit anderen Spezies kommunizieren und dienten urspr\u00fcnglich als Verbindungsglied zwischen den Bienen und den HERREN.<\/li>\n<li>Kundschafter:\u00a0 \u00a0Die etwa 60 cm gro\u00dfen Sucher der BIENEN. Sie sind es, die vor allem neue Nahrungsgebiete finden. Sie sind aber auch die W\u00e4chter und Alarmgeber im Falle von Gefahren. Die Kundschafter haben deutlich besser ausgebildete Augen als alle anderen BIENEN.<\/li>\n<li>Sammlerin:\u00a0 \u00a0 \u00a0 Die Arbeitsbienen schlechthin. Sie sind rund einen Meter lang und auch nicht gepanzert. Ihre Aufgaben sind es, den Nektar von den LECKEREN BL\u00dcTEN zu sammeln und diesen in die GEF\u00c4SSE zu verbringen.<\/li>\n<li>Drohne: Die Kinderm\u00e4dchen (oder -jungs) der BIENEN. Die etwa 75 cm gro\u00dfen Drohnen k\u00fcmmern sich um die Brutpflege, halten das Nest heil und sauber und erweitern es auch bei Bedarf. Au\u00dferdem befruchten sie die Eier. Auch sie sind nicht gepanzert.<\/li>\n<li>Kriegerin:\u00a0 \u00a0 \u00a0 Sie sind die gepanzerten BIENEN von knapp 2 Metern L\u00e4nge, die viel mehr an Wespen oder Hornissen erinnern. Sie sind die K\u00e4mpfer und Besch\u00fctzer aller anderen BIENEN. Als einzige der BEINEN sondert ihr Stachel wirklich hochgef\u00e4hrliches Gift ab.<\/li>\n<\/ul>\n<h3><strong>Sinnesorgane<\/strong><\/h3>\n<p>&nbsp;<\/p>\n<h3><strong>Lebensweise<\/strong><\/h3>\n<p>&nbsp;<\/p>\n<h3><strong>Fortpflanzung<\/strong><\/h3>\n<p>Ihre Lebensspanne betr\u00e4gt je nach Art zwischen 5 und 15 Jahren. Jeder Stamm der BIENEN hat eine Kapazit\u00e4t, die nachdem sie ein Nest gegr\u00fcndet hat ihre Fl\u00fcgel verliert, vor allem die Nachkommen zur Welt bringt.<\/p>\n<h3><strong>Ern\u00e4hrung<\/strong><\/h3>\n<p>Die BIENEN waren, seit sie sich erinnern k\u00f6nnen, die Nahrungsmittellieferanten der HERREN. Kundschafter suchen nach neuen Nahrungsquellen und die Sammler sammeln dann den Nektar der Pflanzen und sondern ihn in Gef\u00e4\u00dfe ab, die die Drohnen zuvor erstellen. Dieser Nektar wurde fr\u00fcher dann durch die HERREN durch ein Nahrungssekret ersetzt um ihn ihrerseits als Nahrungserg\u00e4nzung zu nutzen. Seit die HERREN aber fort sind, fehlt dieser letzte Schritt weshalb die BIENEN sich jetzt wieder selber von dem Nektar ern\u00e4hren.<\/p>\n<hr \/>\n<p><span style=\"color: #808080;\">Disclaimer: Dies ist ein rein fiktionales Werk<\/span><\/p>\n","protected":false},"excerpt":{"rendered":"<p>&#8222;Die Bienen&#8220; Andere Namen: Wissenschaftl. Name: Quadrant: Alpha Herkunft: 3. Planet (Lawapa); Alpha-K-11.78.281 System; Oktens Wiege Lebensraum: Entdeckt: Entdecker: Taxionomie\u00a0 \u00dcberstamm:\u00a0\u00a0 Stamm:\u00a0\u00a0 Unterstamm: Klasse: Ordnung:\u00a0 Unterordnung:\u00a0\u00a0 Familie:\u00a0\u00a0 Merkmale Gr\u00f6\u00dfe: Zwischen 0,5 und 5 Meter K\u00f6rperl\u00e4nge Gewicht: Exoh\u00fclle: K\u00f6rperbau: Lebens-erwartung: Verhalten Nahrung: Fortpflanzung: Verteidigung: Nat. Feinde: Kurzfassung Die Bienen sind Insekten von unterschiedlicher Gr\u00f6\u00dfe (50cm L\u00e4nge [&hellip;]<\/p>\n","protected":false},"author":18,"featured_media":1126,"parent":4201,"menu_order":2,"comment_status":"closed","ping_status":"closed","template":"","meta":{"footnotes":""},"class_list":["post-4353","page","type-page","status-publish","has-post-thumbnail","hentry"],"publishpress_future_action":{"enabled":false,"date":"2026-05-12 11:05:10","action":"change-status","newStatus":"draft","terms":[],"taxonomy":"","extraData":[]},"publishpress_future_workflow_manual_trigger":{"enabledWorkflows":[]},"_links":{"self":[{"href":"https:\/\/www.sf-germany.org\/einheiten\/uss-galathea\/wp-json\/wp\/v2\/pages\/4353","targetHints":{"allow":["GET"]}}],"collection":[{"href":"https:\/\/www.sf-germany.org\/einheiten\/uss-galathea\/wp-json\/wp\/v2\/pages"}],"about":[{"href":"https:\/\/www.sf-germany.org\/einheiten\/uss-galathea\/wp-json\/wp\/v2\/types\/page"}],"author":[{"embeddable":true,"href":"https:\/\/www.sf-germany.org\/einheiten\/uss-galathea\/wp-json\/wp\/v2\/users\/18"}],"replies":[{"embeddable":true,"href":"https:\/\/www.sf-germany.org\/einheiten\/uss-galathea\/wp-json\/wp\/v2\/comments?post=4353"}],"version-history":[{"count":3,"href":"https:\/\/www.sf-germany.org\/einheiten\/uss-galathea\/wp-json\/wp\/v2\/pages\/4353\/revisions"}],"predecessor-version":[{"id":4356,"href":"https:\/\/www.sf-germany.org\/einheiten\/uss-galathea\/wp-json\/wp\/v2\/pages\/4353\/revisions\/4356"}],"up":[{"embeddable":true,"href":"https:\/\/www.sf-germany.org\/einheiten\/uss-galathea\/wp-json\/wp\/v2\/pages\/4201"}],"wp:featuredmedia":[{"embeddable":true,"href":"https:\/\/www.sf-germany.org\/einheiten\/uss-galathea\/wp-json\/wp\/v2\/media\/1126"}],"wp:attachment":[{"href":"https:\/\/www.sf-germany.org\/einheiten\/uss-galathea\/wp-json\/wp\/v2\/media?parent=4353"}],"curies":[{"name":"wp","href":"https:\/\/api.w.org\/{rel}","templated":true}]}}