{"id":4434,"date":"2021-05-25T09:37:00","date_gmt":"2021-05-25T07:37:00","guid":{"rendered":"http:\/\/www.sf-germany.org\/einheiten\/uss-galathea\/?page_id=4434"},"modified":"2021-05-28T22:36:55","modified_gmt":"2021-05-28T20:36:55","slug":"roberto-cedric-manniscalco-freiherr-von-gluecksburg-sachsen-gotha","status":"publish","type":"page","link":"https:\/\/www.sf-germany.org\/einheiten\/uss-galathea\/die-crew\/nichtspielercharaktere\/roberto-cedric-manniscalco-freiherr-von-gluecksburg-sachsen-gotha\/","title":{"rendered":"Roberto Cedric Manniscalco Freiherr von Gl\u00fccksburg-Sachsen-Gotha"},"content":{"rendered":"<div style=\"float: right; margin-left: 15px; margin-bottom: 15px; font-size: 11px; min-width: 350px; width: 25%; padding-left: 10px; padding-right: 10px;\">\r\n<table style=\"width: 100%; border: 0px outset #003366; background: #ffffff; box-shadow: rgba(255, 255, 255, 0.75) 0.1em 0.1em 0.5em; border-radius: 1em; height: 626px;\" border=\"3\" cellspacing=\"10\" align=\"right\">\r\n<tbody>\r\n<tr style=\"height: 15px;\">\r\n<td style=\"font-weight: bold; border: 0px solid transparent; width: 100%; height: 15px;\" colspan=\"2\" align=\"center\"><\/td>\r\n<\/tr>\r\n<tr style=\"height: 144px;\">\r\n<td style=\"background: transparent; border: 0px solid transparent; width: 100%; height: 144px;\" colspan=\"2\" align=\"center\"><!-- hier das Charakterbild einf\u00fcgen -->\r\n<img loading=\"lazy\" decoding=\"async\" class=\"alignnone wp-image-4482 \" src=\"https:\/\/www.sf-germany.org\/einheiten\/uss-galathea\/wp-content\/uploads\/2021\/05\/GSG-260x300.png\" alt=\"\" width=\"266\" height=\"307\" srcset=\"https:\/\/www.sf-germany.org\/einheiten\/uss-galathea\/wp-content\/uploads\/2021\/05\/GSG-260x300.png 260w, https:\/\/www.sf-germany.org\/einheiten\/uss-galathea\/wp-content\/uploads\/2021\/05\/GSG.png 421w\" sizes=\"auto, (max-width: 266px) 100vw, 266px\" \/><\/td>\r\n<\/tr>\r\n<tr style=\"height: 32px;\">\r\n<td style=\"height: 32px; width: 100%; border: 0px solid transparent;\" colspan=\"2\" align=\"center\">Roberto Cedric Manniscalco Freiherr von Gl\u00fccksburg-Sachsen-Gotha<\/td>\r\n<\/tr>\r\n<tr style=\"height: 15px;\">\r\n<td style=\"font-weight: bold; border: 0px solid transparent; width: 50%; height: 15px;\" align=\"right\" width=\"50%\">Status<\/td>\r\n<td style=\"border: 0px solid transparent; width: 50%; height: 15px;\" align=\"left\" width=\"50%\">NPC<\/td>\r\n<\/tr>\r\n<tr style=\"height: 15px;\">\r\n<td style=\"font-weight: bold; border: 0px solid transparent; width: 50%; height: 15px;\" align=\"right\" width=\"50%\">Spieler<\/td>\r\n<td style=\"border: 0px solid transparent; width: 50%; height: 15px;\" align=\"left\" width=\"50%\">Daniel<\/td>\r\n<\/tr>\r\n<tr style=\"height: 15px;\">\r\n<td style=\"font-weight: bold; border: 0px solid #003366; background: #555555; box-shadow: rgba(255, 255, 255, 0.75) 0.1em 0.1em 0.5em; border-radius: 1em; width: 100%; height: 15px;\" colspan=\"2\" align=\"center\"><span style=\"color: #ffffff;\">Dienstliche Informationen<\/span><\/td>\r\n<\/tr>\r\n<tr style=\"height: 28px;\">\r\n<td style=\"font-weight: bold; border: 0px solid transparent; width: 50%; height: 28px;\" align=\"right\" width=\"50%\">Ranggrafik<\/td>\r\n<td style=\"border: 0px solid transparent; width: 50%; height: 28px;\" align=\"left\" width=\"50%\"><!-- Es gibt die R\u00e4nge in \/gelb\/, \/rot\/, \/blau\/ und \/wei\u00df\/, manche auch in \/gruen\/ -->\r\n<img loading=\"lazy\" decoding=\"async\" class=\"alignnone\" src=\"https:\/\/www.sf-germany.com\/images\/schemata\/sto\/rot\/lt.png\" alt=\"\" width=\"100\" height=\"25\" \/><\/td>\r\n<\/tr>\r\n<tr style=\"height: 15px;\">\r\n<td style=\"font-weight: bold; border: 0px solid transparent; width: 50%; height: 15px;\" align=\"right\" width=\"50%\">Rang<\/td>\r\n<td style=\"border: 0px solid transparent; width: 50%; height: 15px;\" align=\"left\" width=\"50%\">Lt.<\/td>\r\n<\/tr>\r\n<tr style=\"height: 15px;\">\r\n<td style=\"font-weight: bold; border: 0px solid transparent; width: 50%; height: 15px;\" align=\"right\" width=\"50%\">Posten<\/td>\r\n<td style=\"border: 0px solid transparent; width: 50%; height: 15px;\" align=\"left\" width=\"50%\">TAK<\/td>\r\n<\/tr>\r\n<tr style=\"height: 15px;\">\r\n<td style=\"font-weight: bold; border: 0px solid transparent; width: 50%; height: 15px;\" align=\"right\" width=\"50%\">Stationierung<\/td>\r\n<td style=\"border: 0px solid transparent; width: 50%; height: 15px;\" align=\"left\" width=\"50%\">USS Galathea<\/td>\r\n<\/tr>\r\n<tr style=\"height: 15px;\">\r\n<td style=\"font-weight: bold; border: 0px solid #003366; background: #555555; box-shadow: rgba(255, 255, 255, 0.75) 0.1em 0.1em 0.5em; border-radius: 1em; width: 100%; height: 15px;\" colspan=\"2\" align=\"center\"><span style=\"color: #ffffff;\">Physische Beschreibung<\/span><\/td>\r\n<\/tr>\r\n<tr style=\"height: 15px;\">\r\n<td style=\"font-weight: bold; border: 0px solid transparent; width: 50%; height: 15px;\" align=\"right\" width=\"50%\">Spezies<\/td>\r\n<td style=\"border: 0px solid transparent; width: 50%; height: 15px;\" align=\"left\" width=\"50%\">Mensch<\/td>\r\n<\/tr>\r\n<tr style=\"height: 15px;\">\r\n<td style=\"font-weight: bold; border: 0px solid transparent; width: 50%; height: 15px;\" align=\"right\" width=\"50%\">Geschlecht<\/td>\r\n<td style=\"border: 0px solid transparent; width: 50%; height: 15px;\" align=\"left\" width=\"50%\">m\u00e4nnlich<\/td>\r\n<\/tr>\r\n<tr style=\"height: 15px;\">\r\n<td style=\"font-weight: bold; border: 0px solid transparent; width: 50%; height: 15px;\" align=\"right\" width=\"50%\">Gr\u00f6\u00dfe<\/td>\r\n<td style=\"border: 0px solid transparent; width: 50%; height: 15px;\" align=\"left\" width=\"50%\">\u00a0182 cm<\/td>\r\n<\/tr>\r\n<tr style=\"height: 15px;\">\r\n<td style=\"font-weight: bold; border: 0px solid transparent; width: 50%; height: 15px;\" align=\"right\" width=\"50%\">Gewicht<\/td>\r\n<td style=\"border: 0px solid transparent; width: 50%; height: 15px;\" align=\"left\" width=\"50%\">\u00a094 kg<\/td>\r\n<\/tr>\r\n<tr style=\"height: 15px;\">\r\n<td style=\"font-weight: bold; border: 0px solid transparent; width: 50%; height: 15px;\" align=\"right\" width=\"50%\">Hautfarbe<\/td>\r\n<td style=\"border: 0px solid transparent; width: 50%; height: 15px;\" align=\"left\" width=\"50%\">kaukasisch<\/td>\r\n<\/tr>\r\n<tr style=\"height: 15px;\">\r\n<td style=\"font-weight: bold; border: 0px solid transparent; width: 50%; height: 15px;\" align=\"right\" width=\"50%\">Haarfarbe<\/td>\r\n<td style=\"border: 0px solid transparent; width: 50%; height: 15px;\" align=\"left\" width=\"50%\">Stra\u00dfenk\u00f6terblond<\/td>\r\n<\/tr>\r\n<tr style=\"height: 15px;\">\r\n<td style=\"font-weight: bold; border: 0px solid transparent; width: 50%; height: 15px;\" align=\"right\" width=\"50%\">Augenfarbe<\/td>\r\n<td style=\"border: 0px solid transparent; width: 50%; height: 15px;\" align=\"left\" width=\"50%\">braun<\/td>\r\n<\/tr>\r\n<tr style=\"height: 15px;\">\r\n<td style=\"font-weight: bold; border: 0px solid transparent; width: 50%; text-align: right; height: 15px;\">bevorzugte Uniform-Variante<\/td>\r\n<td style=\"border: 0px solid transparent; width: 50%; height: 15px;\">2364 (Er hat die 2285 im Schrank)<\/td>\r\n<\/tr>\r\n<tr style=\"height: 15px;\">\r\n<td style=\"font-weight: bold; border: 0px solid #003366; background: #555555; box-shadow: rgba(255, 255, 255, 0.75) 0.1em 0.1em 0.5em; border-radius: 1em; width: 100%; height: 15px;\" colspan=\"2\" align=\"center\"><span style=\"color: #ffffff;\">Biographische Informationen<\/span><\/td>\r\n<\/tr>\r\n<tr style=\"height: 15px;\">\r\n<td style=\"font-weight: bold; border: 0px solid transparent; width: 50%; height: 15px;\" align=\"right\" width=\"50%\">Geburtsort<\/td>\r\n<td style=\"border: 0px solid transparent; width: 50%; height: 15px;\" align=\"left\" width=\"50%\">Flensburg, Deutschland<\/td>\r\n<\/tr>\r\n<tr style=\"height: 15px;\">\r\n<td style=\"font-weight: bold; border: 0px solid transparent; width: 50%; height: 15px;\" align=\"right\" width=\"50%\">Geburtstag<\/td>\r\n<td style=\"border: 0px solid transparent; width: 50%; height: 15px;\" align=\"left\" width=\"50%\">03. April 2379<\/td>\r\n<\/tr>\r\n<tr style=\"height: 15px;\">\r\n<td style=\"font-weight: bold; border: 0px solid transparent; width: 50%; height: 15px;\" align=\"right\" width=\"50%\">Sexualit\u00e4t<\/td>\r\n<td style=\"border: 0px solid transparent; width: 50%; height: 15px;\" align=\"left\" width=\"50%\">m\u00e4nnlich<\/td>\r\n<\/tr>\r\n<tr style=\"height: 15px;\">\r\n<td style=\"font-weight: bold; border: 0px solid transparent; width: 50%; height: 15px;\" align=\"right\" width=\"50%\">Familienstand<\/td>\r\n<td style=\"border: 0px solid transparent; width: 50%; height: 15px;\" align=\"left\" width=\"50%\">verheiratet<\/td>\r\n<\/tr>\r\n<tr style=\"height: 15px;\">\r\n<td style=\"font-weight: bold; border: 0px solid transparent; width: 50%; height: 15px;\" align=\"right\" width=\"50%\">Familie<\/td>\r\n<td style=\"border: 0px solid transparent; width: 50%; height: 15px;\" align=\"left\" width=\"50%\">Ehefrau, Sohn<\/td>\r\n<\/tr>\r\n<tr style=\"height: 15px;\">\r\n<td style=\"font-weight: bold; border: 0px solid transparent; width: 50%; height: 15px;\" align=\"right\" width=\"50%\">Religion<\/td>\r\n<td style=\"border: 0px solid transparent; width: 50%; height: 15px;\" align=\"left\" width=\"50%\">katholisch<\/td>\r\n<\/tr>\r\n<tr style=\"height: 15px;\">\r\n<td style=\"font-weight: bold; border: 0px solid #003366; background: #555555; box-shadow: rgba(255, 255, 255, 0.75) 0.1em 0.1em 0.5em; border-radius: 1em; width: 100%; height: 15px;\" colspan=\"2\" align=\"center\"><span style=\"color: #ffffff;\">Politische informationen<\/span><\/td>\r\n<\/tr>\r\n<tr style=\"height: 15px;\">\r\n<td style=\"font-weight: bold; border: 0px solid transparent; width: 50%; height: 15px;\" align=\"right\" width=\"50%\">Buergerschaft<\/td>\r\n<td style=\"border: 0px solid transparent; width: 50%; height: 15px;\" align=\"left\" width=\"50%\">F\u00f6derationsb\u00fcrger<\/td>\r\n<\/tr>\r\n<\/tbody>\r\n<\/table>\r\n<\/div>\r\n<!-- Inhaltsverzeichnis -->\r\n<div style=\"width: 25%; padding: 10px; margin-bottom: 15px; font-size: 11px; border: 1px solid #333333; display: inline-block;\">\r\n\r\n<strong>Inhalt<\/strong>\r\n<ul>\r\n \t<li><a href=\"#beschreibung\">Beschreibung<\/a><\/li>\r\n \t<li><a href=\"#lebenslauf\">Lebenslauf<\/a><\/li>\r\n \t<li><a href=\"#psychologisches\">Psychologisches Profil<\/a><\/li>\r\n \t<li><a href=\"#disziplin\">Disziplinarische Vermerke<\/a><\/li>\r\n \t<li><a href=\"#ausbildung\">Ausbildung &amp; Spezialgebiete<\/a><\/li>\r\n \t<li><a href=\"#spezies\">Besonderheiten<\/a><\/li>\r\n \t<li><a href=\"#hobbies\">Hobbies<\/a><\/li>\r\n \t<li><a href=\"#medizinisches\">Medizinisches Profil<\/a><\/li>\r\n \t<li><a href=\"#familie\">Familie<\/a><\/li>\r\n \t<li><a href=\"#haustiere\">Haustiere<\/a><\/li>\r\n \t<li><a href=\"#klassifiziert\">Klassifizierte Sektion<\/a><\/li>\r\n<\/ul>\r\n<!-- Ende des Inhaltsverzeichnis -->\r\n\r\n<\/div>\r\n<!-- Inhalte -->\r\n<h2><a id=\"beschreibung\"><\/a>Beschreibung<\/h2>\r\n&nbsp;\r\n\r\n<hr \/>\r\n\r\n<h2><a id=\"lebenslauf\"><\/a>Lebenslauf<\/h2>\r\n<span style=\"font-size: 10pt;\">Nichts im Universum ist so unkaputtbar wie der europ\u00e4ische Adel. Die Pest, Inzest, der 30-j\u00e4hrige Krieg, der Kommunismus, die 104-j\u00e4hrige Regentschaft von K\u00f6nig Charles III als Oberhaupt der englischen Krone und auch der Wandel durch die Eroberung des Weltraums konnten den Europ\u00e4ischen Adel nicht davon abhalten, sich weiter stolz auf ihre Traditionen und Werte zu berufen und immer den Anschein zu erheben, als geh\u00f6re ihnen der ganze Alphaquadrant und alles dar\u00fcber hinaus. Da machte nat\u00fcrlich auch Oskar IV. Albert Romario Freiherr von Gl\u00fccksburg-Sachsen-Gotha, Herr \u00fcber das Schl\u00f6sschen Gl\u00fccksburg bei Flensburg in Deutschland keine Ausnahme. Dessen Vater arrangierte ihm irgendwann eine Ehefrau aus dem spanisch-habsburger Adel und wie es die Pflicht so will, war Oskars Ehe mit Viktoria Juana Ferdinandora de Urraca y Trast\u00e1mara vorbildlich und kinderreich. Das vierte Kind dieser Ehe war Roberto Cedric Manniscalco Freiherr von Gl\u00fccksburg-Sachsen-Gotha, welcher bei morgentlichem Posaunenklangs des 3. April 2379 das Licht der Welt erblickte.<\/span>\r\n<h3>Kindheit und Jugend<\/h3>\r\nDie Kindheit und Jugend von Adelskindern ist meist vorgezeichnet, das ist auch bei Roberto von Gl\u00fccksburg-Sachsen-Gotha nicht anders gewesen. Die meiste Zeit verbrachte die Haush\u00e4lterin Valencuela mit ihm und lehrte ihn Dinge wie Sprachen, Mathematik und vor allem Disziplin. Das Verh\u00e4ltnis mit den Eltern und Geschwistern war eher von einer gewissen Distanz gepr\u00e4gt. Da Roberto dies aber nie anders kennen lernte und auch sehr wenig Kontakt mit anderen Kindern seines Alters hatte, die NICHT Adelig waren, schien das nie gro\u00df ein Problem f\u00fcr ihn zu sein. So gew\u00f6hnte er sich schnell eine gewisse snobistische Attit\u00fcde an.\r\n\r\nWohl deswegen f\u00fchlte er sich dann im Eaton Milit\u00e4r-Internat so besonders wohl, welches er ab dem 10ten Lebensjahr besuchte. Direkt danach ging er \u2013 ganz in der Tradition der Gl\u00fccksburgs \u2013 zum Milit\u00e4r und schien dort erst recht seine wahre Berufung gefunden zu haben. Vor allem Milit\u00e4rtaktiken schienen ihm zu liegen, gerade das Seminar Kampfpsychologie wurde seine beste Arbeit. Auch in den Gebieten \u201eVierdimensionale Flottenbewegung\u201c und \u201eSchutzschildkampf\u201c verdiente er sich einige Flei\u00dfsterne. So war es nicht verwunderlich, dass auch die Sternenflotte bald ein Auge auf den talentierten deutschen geworfen hatte und ihn anwarb.\r\n<h3>Ausbildung<\/h3>\r\nDie dann doch eher pazifistische Marschroute der F\u00f6rderation stellte f\u00fcr ihn dann doch erstmal eine Umstellung dar. Nat\u00fcrlich, Konflikte gab es immer, aber die oftmals eher diplomatisch gepr\u00e4gten L\u00f6sungsvorschl\u00e4ge lagen ihm anfangs noch sehr schwer. Seine Ausbildende Akademie in Marseille hielt es daher f\u00fcr angebracht, ihn zur genaueren Schulung seiner Defizite an die Kadetten-Akademie von Mal\u00e9 zu versetzen. (Angeblich soll dahingehend auch sein Vater interveniert haben, nicht unbedingt zur Freude Robertos) Es brauchte eine Weile, bis er sich auf den Malediven eingelebt hatte, doch 2405 war es endlich soweit und der Flensburger erhielt endlich seinen Abschluss und die Bef\u00f6rderung zum Ensign.\r\n<h3>Karriere bei der Sternenflotte<\/h3>\r\nWenig \u00fcberraschend war sein erster Posten der des taktischen Offiziers, genauer auf der USS Missisippi. Unter Captain Driss Idrissi half er der Missisippi durch viele brenzlige Situationen und fiel durch sein taktisches Verst\u00e4ndnis auch durchaus positiv auf. So war er auch mit ein Grund, warum Idrissi bald schon zum Admiral bef\u00f6rdert wurde und einen Schreibtischstuhl in der Oakland-Werft erhielt. \u201eGSG\u201c diente danach noch einige Jahre auf der USS Missisippi, der USS Inuktitut und der USS Antanananarivo. Auf der USS Antanananarivo lernte er auch seine zuk\u00fcnftige Frau kennen. Wenig \u00fcberraschend nat\u00fcrlich eine der wenigen Adeligen, bei der Sternenflotte, die Irin Aoife Grainne \u201eKitty\u201c Wellesley Lady of Mastergeehy. (oder kurz Petty Officer Aoife Mastergeehy) Das gl\u00fcckliche Paar heiratete und 2415 erwartete Kitty auch zum ersten Mal Nachwuchs. Nun war ein Kampfschiff kein Ort f\u00fcr den kleinen Freiherrn, daher bat der Freiherr um seine Versetzung. Admiral Idrissi erinnerte sich an seinen alten TAK und bat ihm einen Posten auf der Oakland Werft an \u2013 als Pr\u00fcfer der taktischen Einrichtungen auf dem Nereus-Refit der Sovereign-Klasse. Roberto Cedric Manniscalco Freiherr von Gl\u00fccksburg-Sachsen-Gotha nahm an&#8230; doch manchmal kommt es anders als man es plant.\r\n\r\nLieutenant Gl\u00fccksburg-Sachsen-Gotha k\u00fcmmerte sich flei\u00dfig um das taktische fit machen der USS Galathea. Etwas \u201ezu\u201c flei\u00dfig, denn er kannte sich mit den Vorlagen so gut aus, dass er als \u201e\u00dcbergangscrew\u201c auf der Galathea kurzzeitig stationiert wurde. Der Posten dient dazu, der sp\u00e4teren Original-Crew in die Bedienung einzuf\u00fchren. Soweit eigentlich nichts schlimmes, eine solche Aufgabe h\u00e4tte ihn und seine junge Familie einige Wochen, vielleicht einen Monat an das Schiff gebunden. Danach galt es, den Dienst auf Sternenbasis 621 fortzuf\u00fchren, bis das n\u00e4chste Schiff in der Werft ein taktisches System ben\u00f6tigte.\r\n\r\nNoch bevor der Freiherr die Sternenbasis richtig bezogen hatte, wurde diese aber schon von Piraten angegriffen und schwer besch\u00e4digt. Er \u201efloh\u201c geradezu zur\u00fcck auf die Galathea, auch weil die Galathea urpl\u00f6tzlich als deutlich sicherer Ort wirkte denn diese Sternenbasis. Dies bedeutete aber auch, dass er nun weiter mit der Galathea auf Eins\u00e4tze fliegen durfte. So wurde er bis auf weiteres der feste TAK des Schiffes der Nereus-Sovereign.\r\n<h3>Tabellarischer Lebenslauf<\/h3>\r\n&nbsp;\r\n<table style=\"border-collapse: collapse; width: 98.0583%; height: 629px;\">\r\n<tbody>\r\n<tr style=\"height: 24px;\">\r\n<td style=\"width: 11.5075%; background-color: #ed801a; height: 24px;\"><strong>Jahr<\/strong><\/td>\r\n<td style=\"width: 86.9242%; background-color: #ed801a; height: 24px;\"><strong>Ereignis<\/strong><\/td>\r\n<\/tr>\r\n<tr>\r\n<td style=\"width: 11.5075%;\" width=\"11%\">2379<\/td>\r\n<td style=\"width: 86.9242%;\" width=\"88%\">Geburt in Flensburg, nahe Burg Gl\u00fccksburg<\/td>\r\n<\/tr>\r\n<tr>\r\n<td style=\"width: 11.5075%;\" width=\"11%\">2389<\/td>\r\n<td style=\"width: 86.9242%;\" width=\"88%\">Besuch des Eaton-Elite-Internates<\/td>\r\n<\/tr>\r\n<tr>\r\n<td style=\"width: 11.5075%;\" width=\"11%\">2397<\/td>\r\n<td style=\"width: 86.9242%;\" width=\"88%\">Milit\u00e4rischer Dienst bei der Schaumburg-Lippischen Bundeswehr<\/td>\r\n<\/tr>\r\n<tr>\r\n<td style=\"width: 11.5075%;\" width=\"11%\">2401<\/td>\r\n<td style=\"width: 86.9242%;\" width=\"88%\">Wechsel zur Sternenflottenakademie Marseille<\/td>\r\n<\/tr>\r\n<tr>\r\n<td style=\"width: 11.5075%;\" width=\"11%\">2402<\/td>\r\n<td style=\"width: 86.9242%;\" width=\"88%\">Wechsel zur Sternenflottenakademie Mal\u00e9<\/td>\r\n<\/tr>\r\n<tr>\r\n<td style=\"width: 11.5075%;\" width=\"11%\">2406<\/td>\r\n<td style=\"width: 86.9242%;\" width=\"88%\">Abschluss der Kadettenschule, Ernennung zum Ensign, TAK-Offizier auf der USS Missisippi<\/td>\r\n<\/tr>\r\n<tr>\r\n<td style=\"width: 11.5075%;\" width=\"11%\">2409<\/td>\r\n<td style=\"width: 86.9242%;\" width=\"88%\">Versetzung als TAK auf die USS Inuktitut<\/td>\r\n<\/tr>\r\n<tr>\r\n<td style=\"width: 11.5075%;\" width=\"11%\">2411<\/td>\r\n<td style=\"width: 86.9242%;\" width=\"88%\">\u00a0Bef\u00f6rderung zum Lieutenant, Versetzung als TAK auf die USS Antanananarivo<\/td>\r\n<\/tr>\r\n<tr>\r\n<td style=\"width: 11.5075%;\" width=\"11%\">2413<\/td>\r\n<td style=\"width: 86.9242%;\" width=\"88%\">Heirat mit Petty Officer Aoife Grainne \u201eKitty\u201c Wellesley Lady of Mastergeehy<\/td>\r\n<\/tr>\r\n<tr>\r\n<td style=\"width: 11.5075%;\" width=\"11%\">2415<\/td>\r\n<td style=\"width: 86.9242%;\" width=\"88%\">Versetzung als TAK-Schuler auf die Oakland-Werft.<\/td>\r\n<\/tr>\r\n<tr>\r\n<td style=\"width: 11.5075%;\" width=\"11%\">2416<\/td>\r\n<td style=\"width: 86.9242%;\" width=\"88%\">Einsatz als \u00dcbergangs-TAK auf der USS Galathea, Einsatz auf unbestimmte Zeit verl\u00e4ngert<\/td>\r\n<\/tr>\r\n<\/tbody>\r\n<\/table>\r\n&nbsp;\r\n\r\n&nbsp;\r\n\r\n<hr \/>\r\n\r\n<h2><a id=\"psychologisches\"><\/a>Psychologisches Profil<\/h2>\r\nDen Freiherr bezeichnet man am ehesten als stolz, elit\u00e4r, royal unnahbar, etwas versnobbt und abgehoben, aber sehr warmherzig, sobald man einmal seine Freundschaft gewonnen hat. Er erwartet vom Gegen\u00fcber Respekt f\u00fcr seine Person und auch seine Herkunft. Auch wenn diese nicht mehr viel mehr ist als ein fast 1000 Jahre alter Anspruch, wenngleich es nicht immer den Anschein hat, als w\u00fcrde er diese Tatsache anerkennen. Er liebt Traditionen jeglicher Art, hat auch deswegen gro\u00dfen Respekt vor Klingonen und anderen Kriegerv\u00f6lkern. Seine Denke ist generell sehr milit\u00e4risch gepr\u00e4gt. Er lebt aber auch nach der Pr\u00e4misse, dass aus gro\u00dfer Kraft gro\u00dfe Verantwortung erw\u00e4chst. Entsprechend versucht er immer, das richtige zu tun, immer vollen Einsatz zu geben und immer eine gro\u00dfe Disziplin an den Tag zu legen.\r\n<h3>St\u00e4rken &amp; Schw\u00e4chen<\/h3>\r\n<strong>Positiv:<\/strong>\r\n<ul>\r\n \t<li>Effektiv<\/li>\r\n \t<li>Diszipliniert<\/li>\r\n \t<li>Treu und Loyal<\/li>\r\n \t<li>Uneigenn\u00fctzig<\/li>\r\n<\/ul>\r\n<strong>Negativ:<\/strong>\r\n<ul>\r\n \t<li>Altmodisch<\/li>\r\n \t<li>Versnobt und etwas selbstverliebt<\/li>\r\n \t<li>Redet sehr elaboriert, statt einem \u201edu\u201c nutzt er h\u00e4ufig die dritte Person plural<\/li>\r\n \t<li>Raucht h\u00e4ufig Pfeife<\/li>\r\n<\/ul>\r\n<strong>Vorlieben:<\/strong>\r\n<ul>\r\n \t<li>Entenjagd<\/li>\r\n \t<li>Pfeifentabak<\/li>\r\n \t<li>Pferde und Reitsport (Wettrennen, Dressur, Polo, Vielseitigkeit)<\/li>\r\n \t<li>Taktische Brettspiele wie 3-D Schach, Risiko oder Diplomacy<\/li>\r\n \t<li>Irischer Whiskey und D\u00e4nischer Brandy.<\/li>\r\n \t<li>Echte Entenleber, am besten selbst geschossen.<\/li>\r\n \t<li>Sein gezwirbelter Oberlippenbart, an dem er h\u00e4ufig nestelt.<\/li>\r\n \t<li>Kord-Kleidung und alte Uniformen<\/li>\r\n \t<li>S\u00e4belfechten<\/li>\r\n<\/ul>\r\n<strong>Abneigungen:\u00a0<\/strong>\r\n<ul>\r\n \t<li>P\u00f6bel<\/li>\r\n \t<li>P\u00f6beleien<\/li>\r\n \t<li>Gossensprache<\/li>\r\n \t<li>Rap-Musik<\/li>\r\n \t<li>Gem\u00fcse<\/li>\r\n<\/ul>\r\n<h3><a id=\"diziplin\"><\/a>Personalakte &amp; Disziplinarische Vermerke<\/h3>\r\n<ul>\r\n \t<li><\/li>\r\n<\/ul>\r\n\r\n<hr \/>\r\n\r\n<h2><a id=\"ausbildung\"><\/a>Ausbildung &amp; Spezialgebiete<\/h2>\r\n<h3>Zivile Vorbildung<\/h3>\r\nMilit\u00e4rische Ausbildung, Fachgebiet vierdimensionale Taktiken, Schildkampf und Schlacht-Psychologie\r\n\r\nMilit\u00e4rausbildung in Deutschland.\r\n<h3>Studien auf der Sternenflottenakademie<\/h3>\r\n&#8211; Taktik, Diplomatie, Psychologie\r\n\r\n<strong>Hauptf\u00e4cher<\/strong>\r\n<ul>\r\n \t<li>Taktik<\/li>\r\n \t<li>Diplomatie<\/li>\r\n<\/ul>\r\n<strong>Nebenf\u00e4cher<\/strong>\r\n<ul>\r\n \t<li>\u00a0Psychologie<\/li>\r\n<\/ul>\r\n<h2>Sprachen<\/h2>\r\n<span style=\"color: #999999;\"><em>Jeder Charakter sollte F\u00f6rderationsstandard beherrschen. Im Laufe der Ausbildung an der Akademie lernt der Charakter zudem mindestens eine Fremdsprache. Weitere Sprache k\u00f6nnen sich aus der Muttersprache oder durch Vorbildung ergeben.<\/em><\/span>\r\n<ul>\r\n \t<li>F\u00f6derationsstandard<\/li>\r\n \t<li>Deutsch (Muttersprache)<\/li>\r\n \t<li>Englisch<\/li>\r\n \t<li>Spanisch<\/li>\r\n \t<li>Franz\u00f6sisch<\/li>\r\n \t<li>Latein<\/li>\r\n \t<li>Klingonisch<\/li>\r\n<\/ul>\r\n<h2><a id=\"spezies\"><\/a>Besonderheiten der eigenen Spezies<\/h2>\r\n<span style=\"color: #999999;\"><em>Hat die Spezies besondere Fertigkeiten und Talente, die f\u00fcr das RPG wichtig sind? Hier kannst du zum Beispiel telepathische oder empathische F\u00e4higkeiten beschreiben.<\/em><\/span>\r\n\r\nKeine\r\n<h2>Sonstiges<\/h2>\r\n&nbsp;\r\n\r\n<hr \/>\r\n\r\n<h2><a id=\"hobbies\"><\/a>Hobbies<\/h2>\r\n<ul>\r\n \t<li>Taktikspiele<\/li>\r\n \t<li>Entenjagd<\/li>\r\n \t<li>Pferde und Reitsport (Wettrennen, Dressur, Polo, Vielseitigkeit)<\/li>\r\n \t<li>S\u00e4belfechten<\/li>\r\n<\/ul>\r\n\r\n<hr \/>\r\n\r\n<h2><a id=\"medizinisches\"><\/a>Medizinisches Profil<\/h2>\r\n&nbsp;\r\n\r\n<hr \/>\r\n\r\n<h2><a id=\"familie\"><\/a>Familie<\/h2>\r\n&#8211; Verheiratet mit Petty Officer Aoife Grainne \u201eKitty\u201c Wellesley Lady of Mastergeehy\r\n\r\n&#8211; Ein Sohn\r\n<h2><a id=\"haustiere\"><\/a>Haustiere<\/h2>\r\nPferde und Jagdhunde. Aber nicht auf dem Schiff. In Gl\u00fccksburg hat er ein Gest\u00fct, welches ein Verwandter verwaltet.\r\n\r\n<hr \/>\r\n\r\n<h2><a id=\"klassifiziert\"><\/a>Klassifizierte Sektion<\/h2>\r\n<span style=\"color: #999999;\"><em>Diese Sektion ist bei den meisten Charakteren leer. Sie ist dazu gedacht, Informationen unterzubringen, die die Spieler wissen sollten, andere Charaktere aber nicht (zwangsl\u00e4ufig) zur Verf\u00fcgung haben. Klassische Eintr\u00e4ge beinhalten eine Geheimdienstt\u00e4tigkeit oder geheime Ausbildungsprogramme &#8211; aber auch eine Vergangenheit als Raumpirat k\u00f6nnte sich hier wieder finden.<\/em><\/span>\r\n\r\nKeine Eintr\u00e4ge\r\n\r\n<!-- \/wp:post-content -->","protected":false},"excerpt":{"rendered":"<p>Roberto Cedric Manniscalco Freiherr von Gl\u00fccksburg-Sachsen-Gotha Status NPC Spieler Daniel Dienstliche Informationen Ranggrafik Rang Lt. Posten TAK Stationierung USS Galathea Physische Beschreibung Spezies Mensch Geschlecht m\u00e4nnlich Gr\u00f6\u00dfe \u00a0182 cm Gewicht \u00a094 kg Hautfarbe kaukasisch Haarfarbe Stra\u00dfenk\u00f6terblond Augenfarbe braun bevorzugte Uniform-Variante 2364 (Er hat die 2285 im Schrank) Biographische Informationen Geburtsort Flensburg, Deutschland Geburtstag 03. April [&hellip;]<\/p>\n","protected":false},"author":11,"featured_media":1126,"parent":2004,"menu_order":10,"comment_status":"closed","ping_status":"closed","template":"","meta":{"footnotes":""},"class_list":["post-4434","page","type-page","status-publish","has-post-thumbnail","hentry"],"publishpress_future_action":{"enabled":false,"date":"2026-05-05 16:33:11","action":"change-status","newStatus":"draft","terms":[],"taxonomy":"","extraData":[]},"publishpress_future_workflow_manual_trigger":{"enabledWorkflows":[]},"_links":{"self":[{"href":"https:\/\/www.sf-germany.org\/einheiten\/uss-galathea\/wp-json\/wp\/v2\/pages\/4434","targetHints":{"allow":["GET"]}}],"collection":[{"href":"https:\/\/www.sf-germany.org\/einheiten\/uss-galathea\/wp-json\/wp\/v2\/pages"}],"about":[{"href":"https:\/\/www.sf-germany.org\/einheiten\/uss-galathea\/wp-json\/wp\/v2\/types\/page"}],"author":[{"embeddable":true,"href":"https:\/\/www.sf-germany.org\/einheiten\/uss-galathea\/wp-json\/wp\/v2\/users\/11"}],"replies":[{"embeddable":true,"href":"https:\/\/www.sf-germany.org\/einheiten\/uss-galathea\/wp-json\/wp\/v2\/comments?post=4434"}],"version-history":[{"count":7,"href":"https:\/\/www.sf-germany.org\/einheiten\/uss-galathea\/wp-json\/wp\/v2\/pages\/4434\/revisions"}],"predecessor-version":[{"id":4487,"href":"https:\/\/www.sf-germany.org\/einheiten\/uss-galathea\/wp-json\/wp\/v2\/pages\/4434\/revisions\/4487"}],"up":[{"embeddable":true,"href":"https:\/\/www.sf-germany.org\/einheiten\/uss-galathea\/wp-json\/wp\/v2\/pages\/2004"}],"wp:featuredmedia":[{"embeddable":true,"href":"https:\/\/www.sf-germany.org\/einheiten\/uss-galathea\/wp-json\/wp\/v2\/media\/1126"}],"wp:attachment":[{"href":"https:\/\/www.sf-germany.org\/einheiten\/uss-galathea\/wp-json\/wp\/v2\/media?parent=4434"}],"curies":[{"name":"wp","href":"https:\/\/api.w.org\/{rel}","templated":true}]}}