{"id":4510,"date":"2021-06-04T18:13:07","date_gmt":"2021-06-04T16:13:07","guid":{"rendered":"http:\/\/www.sf-germany.org\/einheiten\/uss-galathea\/?page_id=4510"},"modified":"2021-06-23T01:37:51","modified_gmt":"2021-06-22T23:37:51","slug":"abstimmung-missionsplanung","status":"publish","type":"page","link":"https:\/\/www.sf-germany.org\/einheiten\/uss-galathea\/uss-galathea\/log\/missionsvorschlaege\/abstimmung-missionsplanung\/","title":{"rendered":"Abstimmung: Missionsplanung"},"content":{"rendered":"\n<h2>Planung f\u00fcr die 4. Mission der USS Galathea<\/h2>\n<p><strong>Laufzeit der Umfrage<\/strong>: 06.06.2021 &#8211; 20.06.2021<\/p>\n<h2>Deine Meinung ist gefragt.<\/h2>\n<p>Auf der Seite\u00a0<a href=\"https:\/\/www.sf-germany.org\/einheiten\/uss-galathea\/log\/missionsvorschlaege\/\">Missionsvorschl\u00e4ge<\/a> haben wir Missionsvorschl\u00e4ge gesammelt. Wie angek\u00fcndigt, haben Sunny und ich davon vier ausgew\u00e4hlt und wollen euch nun dar\u00fcber abstimmen lassen, welche von diesen vier Missionen wir gemeinsam nach der aktuellen Soap-Phase spielen wollen.<\/p>\n<p>Die vier Missionen sind dabei:<\/p>\n<h3><span id=\"M4-A_To_boldy_go_where_no-one_was_expected_to_be\">M4-A \u201eTo boldy go\u2026 where no-one was expected to be.\u201c<\/span><\/h3>\n<table>\n<tbody>\n<tr>\n<td><strong>Autoren:\u00a0<\/strong><\/td>\n<td>Fynn<\/td>\n<td><strong>Datum:\u00a0<\/strong><\/td>\n<td>22.06.2020<\/td>\n<\/tr>\n<tr>\n<td><strong>Typ:<\/strong><\/td>\n<td colspan=\"3\"><em>Diplomatie \/ Erstkontakt<\/em><\/td>\n<\/tr>\n<\/tbody>\n<\/table>\n<p>Auf ihrem Weg tiefer in Oktens Wiege hinein wird die Crew der Galathea Zeuge des Starts eines Warp-Schiffes einer bis dato als Pre-Warp vermerkten Spezies. Die Oberste Direktive der Nichteinmischung von Nicht-Warpfaehigen Spezies ist nun aufgehoben und es wird der Erste Kontakt hergestellt. Im Gegensatz zu den Vulkaniern auf der Erde 2063, ruft man das Volk \u00fcber deren Kommunikationssatellitennetzwerk um Hallo zu sagen.<\/p>\n<p>Das Volk reagiert entsetzt, Panik bricht aus. Die Entwicklung eines Warpantriebes hat die Spezies nicht darauf vorbereitet, dass sie ihres Glaubens entsprechend doch nicht die einzigen vernunftbegabten Wesen im Universum sind. Eine Religions- und Volkskriese bahnt sich an.<\/p>\n<ul>\n<li>Alle FO: Einen Weg aus der verursachten Krise finden.<\/li>\n<\/ul>\n<p>&nbsp;<\/p>\n<h3><span id=\"M4-B_Second_Contact\">M4-B \u201eSecond Contact\u201c<\/span><\/h3>\n<table>\n<tbody>\n<tr>\n<td><strong>Autoren:\u00a0<\/strong><\/td>\n<td>Karanor<\/td>\n<td><strong>Datum: 02.02.2021<\/strong><\/td>\n<td><\/td>\n<\/tr>\n<tr>\n<td><strong>Typ:<\/strong><\/td>\n<td colspan=\"3\"><em>Diplomatie \/ Erstkontakt<\/em><\/td>\n<\/tr>\n<\/tbody>\n<\/table>\n<p>Pr\u00e4misse: Eine in einem System mit einer Pr\u00e4-Warp-Zivilisation wurde mit einer Sonde versehen, die eine Warpsignatur aufgefangen hat. Das Volk ist in der galaktischen Gemeinschaft angekommen, die USS Galathea wird entsandt, um den Erstkontakt herzustellen und das Volk ggf. in die F\u00f6deration aufzunehmen \u2013 oder unter ihren Schutz zu stellen.<\/p>\n<p>Was ist passiert: Daimon Kel der Ferengi erfuhr von der Zivilisation, bei der Gl\u00fccksspiel und Geld die ma\u00dfgebenden kulturellen Faktoren sind und sah eine g\u00fcnstige Gelegenheit. Er nahm mit ein paar Ingenieuren und Wissenschaftlern des Planeten Kontakt auf und versorgte sie mit Wissen und Material, um einen \u201eeigenen\u201c Warpantrieb herzustellen und dann \u201ezuf\u00e4llig\u201c der erste zu sein, dem sie im Weltraum begegnen w\u00fcrden. Seit dem hat er mit dem Planeten gehandelt, Dabo eingef\u00fchrt und nutzt die Planetenbev\u00f6lkerung aus, w\u00e4hrend er als ihr gro\u00dfer Wohlt\u00e4ter gilt. Zusammen mit seinen Leuten beginnt er mit dem Aufbau einer Privatarmee und -flotte. (\u00c4hnlichkeiten mit StarWreck sind beabsichtigt) Eher versehentlich hat eines der neuen Sternenschiffe in der N\u00e4he der Sonde einen Warpantrieb gez\u00fcndet, die entsprechend Signal gesendet hat. Bisher ist das noch niemandem aufgefallen<\/p>\n<p>Mission: Die Galathea wird das System erreichen und neben einem Marauder nicht nur einen Versuchsraumtr\u00e4ger, sondern die ersten kleinen Kriegsschiffe vorfinden, dreimal so gro\u00df wie ein Runabout und so kampfkr\u00e4ftig wie ein Typ 9 \u2013 eindeutig nicht in der kurzen Zeit m\u00f6glich.<\/p>\n<p>Aufgaben:<\/p>\n<ul>\n<li>Com: Die Ferengi loswerden, ohne einen Krieg mit ihrem Volk zu beginnen, Volk in die F\u00f6d. aufnehmen<\/li>\n<li>Tak:\u00a0 W\u00e4hrend die Galathea dem Marauder \u00fcberlegen ist, hat dieser viele kleine Schiffe. Eine Flotte will koordiniert werden. Hinzu kommt, dass die Gegner eigentlich keine Schuld trifft und ihre Schiffe kampfunf\u00e4hig zu machen schwieriger ist als sie zu zerst\u00f6ren.<\/li>\n<li>Sic: Abwehr von \u201eTouristen\u201c, Absicherung einer \u201eHandelsdelegation\u201c der Ferengi, Schutz eines evtl. Au\u00dfenpostens auf dem Planeten.<\/li>\n<li>Ing: Herausfinden, dass Dabo und andere Gl\u00fccksspiele nat\u00fcrlich manipuliert worden. M\u00f6glichkeiten finden, die Ferengi in ihrem eigenen Spiel zu schlagen oder den Betrug aufzudecken<\/li>\n<li>Wis: Kulturellen Hintergrund der Bev\u00f6lkerung erforschen. Fehler in der Geschichte aufdecken. Zusammen mit Ing nachweisen, dass der erste Warpflug nur mit externer Hilfe m\u00f6glich war<\/li>\n<li>Med: Herausfinden, dass die Bev\u00f6lkerung subtil unter Drogen gesetzt wurde und von den Ferengi abh\u00e4ngig ist. Abh\u00e4ngigkeit beseitigen, Ferengi als Schuldige entlarven<\/li>\n<\/ul>\n<p>&nbsp;<\/p>\n<h3><span id=\"M4-C_Feuergefecht\">M4-C Feuergefecht<\/span><\/h3>\n<table>\n<tbody>\n<tr>\n<td><strong>Autoren:\u00a0<\/strong><\/td>\n<td>Effi<\/td>\n<td><strong>Datum:\u00a0<\/strong><\/td>\n<td><\/td>\n<\/tr>\n<tr>\n<td><strong>Typ:<\/strong><\/td>\n<td colspan=\"3\"><i>Action,Diplomatie<\/i><\/td>\n<\/tr>\n<\/tbody>\n<\/table>\n<p>Die USS Galathea scannt Waffenfeuer in einem nahen System. Als sie dort ankommen, erfassen die Scanner ein anscheinend ziviles Schiff einer lokalen, raumfahrenden Spezies das von einem leichten Kreuzer der Tzenkethi angegriffen wird.<\/p>\n<p>Der Code der Sternenflotte verpflichtet zur Hilfestellung, doch ein Angriff auf den Kreuzer k\u00f6nnte jeden Versuch, mit den Tzenkethi friedlich in Kontakt zu treten zuk\u00fcnftig erschweren.<\/p>\n<p>&nbsp;<\/p>\n<h3><span id=\"M4-D_Zwei_Sonnen\">M4-D Zwei Sonnen<\/span><\/h3>\n<table>\n<tbody>\n<tr>\n<td><strong>Autoren:\u00a0<\/strong><\/td>\n<td>Effi<\/td>\n<td><strong>Datum:\u00a0<\/strong><\/td>\n<td>02.01.2020<\/td>\n<\/tr>\n<tr>\n<td><strong>Typ:<\/strong><\/td>\n<td colspan=\"3\">Erkundung, Wissenschaft, Sense of Wonder<\/td>\n<\/tr>\n<\/tbody>\n<\/table>\n<p>Die Galathea erkundet ein Zwillings-Sonnensystem, in dem die beiden Sterne sehr nahe beieinander sind und Plasma austauschen. Als die Sensoren ungew\u00f6hnliche Werte von den Sternen empfangen, ist das die Gelegenheit, die Helios III Schilde einmal ausprobieren und in der N\u00e4he der Sonne Daten zu sammeln. Dabei stellt sich heraus, dass in dem von Plasma durchfluteten Streifen zwischen den beiden Gestirnen ungew\u00f6hnliches Leben existiert\u2026<\/p>\n<h2>Ergebnis der Abstimmung<\/h2>\n<p>Die Auswertung der Stimmen erfolgte nach folgendem Schl\u00fcssel:<\/p>\n<ul>\n<li>Wunschmission: +3 Punkte<\/li>\n<li>Sehr gerne spielen: +2 Punkte<\/li>\n<li>Finde ich ok: +1 Punkt<\/li>\n<li>Ok, aber nicht jetzt: 0 Punkte<\/li>\n<li>Kann ich nichts mit anfangen: -2 Punkte<\/li>\n<\/ul>\n<p>Abgestimmt haben insgesamt 10 Spieler.<\/p>\n<table style=\"border-collapse: collapse;\">\n<tbody>\n<tr>\n<td><strong>Mission<\/strong><\/td>\n<td><strong>+3<\/strong><\/td>\n<td><strong>+2<\/strong><\/td>\n<td><strong>+1<\/strong><\/td>\n<td><strong>0<\/strong><\/td>\n<td><strong>-2<\/strong><\/td>\n<td><strong>Summe<\/strong><\/td>\n<td><strong>Mittelwert<\/strong><\/td>\n<td><strong>Median<\/strong><\/td>\n<\/tr>\n<tr>\n<td><span id=\"M4-A_To_boldy_go_where_no-one_was_expected_to_be\">M4-A \u201eTo boldy go\u2026 where no-one was expected to be.\u201c<\/span><\/td>\n<td style=\"text-align: right;\">1<\/td>\n<td style=\"text-align: right;\">0<\/td>\n<td style=\"text-align: right;\">7<\/td>\n<td style=\"text-align: right;\">2<\/td>\n<td style=\"text-align: right;\">0<\/td>\n<td style=\"text-align: right;\">10<\/td>\n<td style=\"text-align: right;\">1<\/td>\n<td style=\"text-align: right;\">1<\/td>\n<\/tr>\n<tr>\n<td style=\"background-color: rgb(230, 201, 18);\"><span id=\"M4-B_Second_Contact\">M4-B \u201eSecond Contact\u201c<\/span><\/td>\n<td style=\"background-color: rgb(230, 201, 18); text-align: right;\">4<\/td>\n<td style=\"background-color: rgb(230, 201, 18); text-align: right;\">2<\/td>\n<td style=\"background-color: rgb(230, 201, 18); text-align: right;\">3<\/td>\n<td style=\"background-color: rgb(230, 201, 18); text-align: right;\">1<\/td>\n<td style=\"background-color: rgb(230, 201, 18); text-align: right;\">0<\/td>\n<td style=\"background-color: rgb(230, 201, 18); text-align: right;\">19<\/td>\n<td style=\"background-color: rgb(230, 201, 18); text-align: right;\">1,9<\/td>\n<td style=\"background-color: rgb(230, 201, 18); text-align: right;\">2<\/td>\n<\/tr>\n<tr>\n<td><span id=\"M4-C_Feuergefecht\">M4-C &#8222;Feuergefecht&#8220;<\/span><\/td>\n<td style=\"text-align: right;\">2<\/td>\n<td style=\"text-align: right;\">1<\/td>\n<td style=\"text-align: right;\">3<\/td>\n<td style=\"text-align: right;\">2<\/td>\n<td style=\"text-align: right;\">2<\/td>\n<td style=\"text-align: right;\">7<\/td>\n<td style=\"text-align: right;\">0,7<\/td>\n<td style=\"text-align: right;\">1<\/td>\n<\/tr>\n<tr>\n<td><span id=\"M4-D_Zwei_Sonnen\">M4-D &#8222;Zwei Sonnen&#8220;<\/span><\/td>\n<td style=\"text-align: right;\">3<\/td>\n<td style=\"text-align: right;\">2<\/td>\n<td style=\"text-align: right;\">3<\/td>\n<td style=\"text-align: right;\">1<\/td>\n<td style=\"text-align: right;\">1<\/td>\n<td style=\"text-align: right;\">14<\/td>\n<td style=\"text-align: right;\">1,4<\/td>\n<td style=\"text-align: right;\">1,5<\/td>\n<\/tr>\n<\/tbody>\n<\/table>\n","protected":false},"excerpt":{"rendered":"<p>Planung f\u00fcr die 4. Mission der USS Galathea Laufzeit der Umfrage: 06.06.2021 &#8211; 20.06.2021 Deine Meinung ist gefragt. Auf der Seite\u00a0Missionsvorschl\u00e4ge haben wir Missionsvorschl\u00e4ge gesammelt. Wie angek\u00fcndigt, haben Sunny und ich davon vier ausgew\u00e4hlt und wollen euch nun dar\u00fcber abstimmen lassen, welche von diesen vier Missionen wir gemeinsam nach der aktuellen Soap-Phase spielen wollen. Die [&hellip;]<\/p>\n","protected":false},"author":1,"featured_media":1126,"parent":2128,"menu_order":0,"comment_status":"closed","ping_status":"closed","template":"","meta":{"footnotes":""},"class_list":["post-4510","page","type-page","status-publish","has-post-thumbnail","hentry"],"publishpress_future_action":{"enabled":false,"date":"2026-05-14 11:14:34","action":"change-status","newStatus":"draft","terms":[],"taxonomy":"","extraData":[]},"publishpress_future_workflow_manual_trigger":{"enabledWorkflows":[]},"_links":{"self":[{"href":"https:\/\/www.sf-germany.org\/einheiten\/uss-galathea\/wp-json\/wp\/v2\/pages\/4510","targetHints":{"allow":["GET"]}}],"collection":[{"href":"https:\/\/www.sf-germany.org\/einheiten\/uss-galathea\/wp-json\/wp\/v2\/pages"}],"about":[{"href":"https:\/\/www.sf-germany.org\/einheiten\/uss-galathea\/wp-json\/wp\/v2\/types\/page"}],"author":[{"embeddable":true,"href":"https:\/\/www.sf-germany.org\/einheiten\/uss-galathea\/wp-json\/wp\/v2\/users\/1"}],"replies":[{"embeddable":true,"href":"https:\/\/www.sf-germany.org\/einheiten\/uss-galathea\/wp-json\/wp\/v2\/comments?post=4510"}],"version-history":[{"count":9,"href":"https:\/\/www.sf-germany.org\/einheiten\/uss-galathea\/wp-json\/wp\/v2\/pages\/4510\/revisions"}],"predecessor-version":[{"id":4639,"href":"https:\/\/www.sf-germany.org\/einheiten\/uss-galathea\/wp-json\/wp\/v2\/pages\/4510\/revisions\/4639"}],"up":[{"embeddable":true,"href":"https:\/\/www.sf-germany.org\/einheiten\/uss-galathea\/wp-json\/wp\/v2\/pages\/2128"}],"wp:featuredmedia":[{"embeddable":true,"href":"https:\/\/www.sf-germany.org\/einheiten\/uss-galathea\/wp-json\/wp\/v2\/media\/1126"}],"wp:attachment":[{"href":"https:\/\/www.sf-germany.org\/einheiten\/uss-galathea\/wp-json\/wp\/v2\/media?parent=4510"}],"curies":[{"name":"wp","href":"https:\/\/api.w.org\/{rel}","templated":true}]}}