{"id":8005,"date":"2023-12-19T17:16:16","date_gmt":"2023-12-19T16:16:16","guid":{"rendered":"https:\/\/www.sf-germany.org\/einheiten\/uss-galathea\/?page_id=8005"},"modified":"2024-01-01T17:02:49","modified_gmt":"2024-01-01T16:02:49","slug":"die-avis","status":"publish","type":"page","link":"https:\/\/www.sf-germany.org\/einheiten\/uss-galathea\/stellarkatographie\/oktens-wiege\/voelker-spezies\/die-avis\/","title":{"rendered":"Die Avis"},"content":{"rendered":"\n<h2><span style=\"text-decoration: underline;\"><strong><span style=\"font-size: 14pt;\">1. Herkunft der Spezies<\/span><\/strong><\/span><\/h2>\n<h3><strong><span style=\"font-size: 12pt;\">1.1 Lage in der Galaxie<\/span><\/strong><\/h3>\n<p><span style=\"font-size: 12pt;\">Die Heimat der Avis ist im Alpha-Quadranten, westlich der F\u00f6deration und zwischen den Talarians und Chalnoth, angesiedelt.<\/span><\/p>\n<h3><strong>1.2 Heimatplanet &#8211; Lage, Oberfl\u00e4che, Atmosph\u00e4re<\/strong><\/h3>\n<p>Aviar I ist ein Planet der Klasse M. Die Oberfl\u00e4che besteht zu 36% aus Wasser und zu 64% aus Landmasse. Es gibt einen einzigen Superkontinent und viele kleine Inseln. Der Kontinent erstreckt sich zum gro\u00dfen Teil \u00fcber den \u00c4quator des Planeten und scheint den Planeten wie ein Ring zu umschlie\u00dfen.<\/p>\n<p>Entlang des \u00c4quators herrscht tropisches Klima und je n\u00e4her man der S\u00fcd- bzw. Nordk\u00fcste kommt, um so deutlicher ver\u00e4ndert sich das Klima von tropisch, \u00fcber sub-tropisch bis mediterran. Frostiges Klima gibt es nur an weiten Ausl\u00e4ufern des Kontinentes und auf weit n\u00f6rdlich oder s\u00fcdlich liegenden Inseln.<br \/>\nWie auf der Erde gibt es am Nord- und S\u00fcdpol jeweils eine gro\u00dfe Polkappe.<\/p>\n<p>Aviar I ist reich an Ressourcen.<\/p>\n<p>In regelm\u00e4\u00dfigen Abst\u00e4nden (etwa alle 4 Jahre) st\u00fcrzen viele kleine Asteroiden aus dem nahe gelegenen Asteroidenfeld auf den Planeten. Die Asteroiden sind so klein, das sie keine Bedrohung f\u00fcr den Planeten oder die Bev\u00f6lkerung darstellen, da sie in der Atmosph\u00e4re entweder ganz oder zu einem gro\u00dfen Teil vergl\u00fchen. F\u00fcr die Avis ist es jedes Mal ein atemberaubendes und sch\u00f6nes Ereignis, egal wie oft sie es schon miterlebt haben.<\/p>\n<p>Ebenfalls wie auf der Erde gibt es jedes Jahr zweimal einen Monsun in den tropischen Gebieten.<\/p>\n<h3><strong>1.3 Das Heimatsystem &#8211; Anzahl der Planeten, Monde usw.<\/strong><\/h3>\n<p>Position Name Monde Klasse Objektart<br \/>\n0 Inti &#8211; G Stern<br \/>\n1 Ixcozauhqui 3 G Planet<br \/>\n2 Aviar I 2 M Planet<br \/>\n3 Coyolxauhqui &#8211; D Asteroidenfeld<br \/>\n4 Centeotl &#8211; J Planet<br \/>\n5 Carbacan 23 B Planet<br \/>\n6 Mictecacihuatl 1 L Planet<br \/>\n1.4 Kolonien<br \/>\nDie Avis haben 2402 begonnen einen Klasse M Planeten, weit von ihrem eigenen Gebiet entfernt, zu kolonisieren. Aviar II, so der Name des Planeten, liegt s\u00fcdlich der cardassianischen Grenze, zwischen den Systemen Fahleena und Mariah. Er besitzt ein wesentlich w\u00e4rmeres Klima als Aviar I.<\/p>\n<h2><span style=\"text-decoration: underline;\"><strong><span style=\"font-size: 14pt;\">2. Physiologie der Spezies<\/span><\/strong><\/span><\/h2>\n<h3><strong>2.1 \u00c4u\u00dferes Erscheinungsbild<\/strong><\/h3>\n<p>Die Avis sind eine humanoide Spezies, die dem Erscheinungsbild eines Mensches stark \u00e4hnelt. Ein ausgewachsener Avis ist etwa 1,40m bis 1,80m gro\u00df und hat meistens gr\u00fcne Augen. Das einzige was sie \u00e4u\u00dferlich von Menschen unterscheidet, ist, dass sie keine K\u00f6rperbehaarung haben, sondern eine Art Federkleid.<\/p>\n<p>Der K\u00f6rper der Avis weist keine Behaarung auf, wie z.B. bei den Menschen oder Vulkaniern. An Stelle der Haare haben sie feine Daunenfedern. Diese ersetzen die Kopfhaare, Wimpern, Augenbrauen und Intimbehaarung. Brust und R\u00fccken, bis \u00fcber das Ges\u00e4\u00df, sowie die Au\u00dfenseiten der Arme und Beine sind mit einem dichten Federkleid bedeckt. Die Innenseiten der Arme und Beine sind mit Daunen bedeckt.<\/p>\n<p>Es gibt allerdings auch Ausnahmef\u00e4lle, in denen der ganze K\u00f6rper (bis auf das Gesicht, Handfl\u00e4chen, Fu\u00dfsohlen) ein dichtes \u201erichtiges\u201c Federkleid aufweist.<\/p>\n<p>Dank des Gefieders sind alle Avis relativ gut gegen Regen gesch\u00fctzt, da das Wasser an den Federn abperlt.<\/p>\n<p>Die Gr\u00f6\u00dfe und Dichte der Federn variiert von Avis zu Avis und \u00e4ndert sich mit dem Alter. Junge Avis haben also kleinere Federn, die aber, je \u00e4lter sie werden, wachsen und dichter werden. Etwa ab dem 60 Lebensjahr k\u00f6nnen die Avis ihre Federn verlieren.<\/p>\n<p>Im Prinzip gibt es 2 Gefiedervarianten. Die erste ist an den K\u00fcsten anzutreffen und erinnert an den irdischen Pinguin. Sie ist oft zweifarbig, schwarz-wei\u00df, wie die irdischen Pinguine, welche in w\u00e4rmeren Klimazonen leben, kann ihr Gefieder auch noch andere F\u00e4rbungen aufweisen, wie gelb, oder rot. Die besondere Struktur der Federn macht die K\u00fcstenbewohner zu guten Schwimmern.<\/p>\n<p>Die zweite Version ist im Landesinneren beheimatet. Sie \u00e4hnelt mehr einem tropischen bzw. mediterranen Gefieder, wie es zum Beispiel Sittiche, Papageien oder Falken (von der Erde) auf der Brust und dem Bauch haben. In den meisten F\u00e4llen ist auch diese Variante zweifarbig. Hier kommen alle m\u00f6glichen Farbkombinationen vor. Drei- oder mehrfarbiges Gefieder ist eine Seltenheit. Bei einfarbigem Gefieder kann man oft sch\u00f6ne Farbtonverl\u00e4ufe beobachten, was bei mehrfarbigem Gefieder, bei dem sich die Farben scharf abgrenzen, eher selten ist.<\/p>\n<h3><strong>2.2 Biologische Besonderheiten<\/strong><\/h3>\n<p>Die Avis haben im Gegensatz zu den Menschen sehr gute Augen, die ihnen erm\u00f6glichen selbst kleinste Bewegungen zu erkennen und selbst \u00fcber eine gro\u00dfe Entfernung Dinge genau zu erkennen.<\/p>\n<p>Sie haben allerdings ein schlechteres Geh\u00f6r, als das eines Menschen.<\/p>\n<h3><strong>2.3 Gesundheit und Wachstum<\/strong><\/h3>\n<p>Ein Avis gilt ab dem 16 Lebensjahr als ausgewachsen und etwa ab dem 13 Lebensjahr als geschlechtsreif. Die Avis vermehren sich durch normale geschlechtliche Fortpflanzung. Eine Schwangerschaft dauert etwa 10 Monate. Zwillinge oder Drillinge sind keine Seltenheit.<\/p>\n<p>Sie sind stark anf\u00e4llig f\u00fcr fremde Krankheiten. Krankheiten von ihrem Planeten k\u00f6nnen sie mit beheimateten Heilkr\u00e4utern wirksam entgegenwirken.<\/p>\n<h3><strong>2.4 Ern\u00e4hrung<\/strong><\/h3>\n<p>Ihr Speiseplan ist haupts\u00e4chlich vegetarisch, sie erg\u00e4nzen ihn er zus\u00e4tzlich noch mit Insekten.<\/p>\n<h3><strong>2.5 Lebensspanne<\/strong><\/h3>\n<p>Die Vertreter dieser Spezies werden etwa 60 bis 70 (Erden-) Jahre alt.<\/p>\n<h2><span style=\"text-decoration: underline;\"><span style=\"font-size: 14pt;\"><strong>3. Psychologische Eigenschaften der Spezies<\/strong><\/span><\/span><\/h2>\n<h3><strong>3.1 Geistige F\u00e4higkeiten (Paranormales..)<\/strong><\/h3>\n<p>Die Avis sind nicht emphatisch begabt und haben auch sonst keine paranormalen F\u00e4higkeiten. Die Vertreter dieser Spezies sind hochintelligent.<\/p>\n<h3><strong>3.2 Wissenstand (auch Kultur)<\/strong><\/h3>\n<p>Bis vor einem Jahr fand ein reger Technikaustausch statt, da die Avis Mitglied einer Allianz der Nachbarsysteme war. Ihre Technik hat sich auf keinem Gebiet speziell gut entwickelt. Durch den Technikaustausch haben sie auf allen Gebieten gro\u00dfe Fortschritte gemacht.<\/p>\n<p>Hoch angesehen bei den anderen Spezies war jedoch die herausragende Schmiedekunst der Avis, durch die sie ber\u00fchmt wurden.<\/p>\n<p>Einen hohen Stellenwert hat die Malerei eingenommen.<\/p>\n<h3><strong>3.3 Verhaltens- und Denkweise<\/strong><\/h3>\n<p>Sie sind ein sehr freundliches und geselliges Volk. So treten sie auch anderen Spezies gegen\u00fcber auf. Doch m\u00f6chten sie nichts mit deren Angelegenheiten zu tun haben. Sie w\u00fcrden sich nur in die Angelegenheiten anderer Spezies einmischen, wenn es ihrem Volk zu Gute kommt, aber nie etwas unterst\u00fctzen was ihm schaden k\u00f6nnte.<\/p>\n<h3><strong>3.4 Moralische Grunds\u00e4tze (aggressiv, friedliebend)<\/strong><\/h3>\n<p>Die Avis sind ein friedliebendes Volk.<\/p>\n<h2><span style=\"text-decoration: underline;\"><span style=\"font-size: 14pt;\"><strong>4. Politische Haltung der Spezies<\/strong><\/span><\/span><\/h2>\n<h3><strong>4.1 Regierung bzw. soziale Struktur der Spezies (Parlament, Monarchie usw.)<\/strong><\/h3>\n<p>Es herrscht Demokratie. Es gibt \u00fcber 100 St\u00e4mme der Avis. Jeder Stamm w\u00e4hlt einen Stammesvertreter, der die Interessen seines Stammes vertritt. Alle 9 Jahre findet eine Neuwahl statt. Sollte die Mehrheit eines Stammes gegen seinen Vertreter sein, so kann dieser schon fr\u00fcher abgew\u00e4hlt werden.<\/p>\n<p>Diese Stammesvertreter oder -sprecher treffen sich zu unbestimmten Zeiten und w\u00e4hlen einen Vorsitzenden.<\/p>\n<h3><strong>4.2 Politische Grundhaltung (Feindselig, freundlich..)<\/strong><\/h3>\n<p>Sie sind eine freundliche Spezies und fast jedem freundlich gesonnen. Sie streben eine friedliche Koexistenz mit den Spezies der benachbarten Systeme an, wissen aber auch sich zu verteidigen. Die Avis nehmen allerdings oft nur eine passive Rolle ein.<\/p>\n<h3><strong>4.3 Politische Beziehung zur F\u00f6deration<\/strong><\/h3>\n<p>Momentan herrschen keine politischen Beziehungen zur F\u00f6deration, die Avis sind der F\u00f6deration aber freundlich gesonnen.<\/p>\n<h3><strong>4.4 Stellung der Spezies (Ist sie Teil einer Allianz ? Mitglied der F\u00f6deration ?)<\/strong><\/h3>\n<p>Bis vor 2402 Jahr waren die Avis in einem B\u00fcndnis der benachbarten Systeme, welches allerdings br\u00f6ckelte (n\u00e4heres unter 10. Geschichte).<br \/>\nDie Avis sind kein Mitglied der F\u00f6deration.<\/p>\n<h3><strong>4.5 Beziehung zu den Nachbarsystemen bzw. Spezies<\/strong><\/h3>\n<p>Neutral. Die Avis halten sich aus den Angelegenheiten der anderen V\u00f6lker heraus und verlassen selber nur selten ihr Hoheitsgebiet, da sie es nicht f\u00fcr n\u00f6tig halten, weil sie dort alles haben was sie ben\u00f6tigen. Das liegt auch daran, dass sie keine kriegerischen Auseinandersetzungen mit den benachbarten V\u00f6lkern wollen. Nur selten verl\u00e4sst ein Handels- oder Forschungsschiff das Gebiet der Avis.<\/p>\n<h2><span style=\"text-decoration: underline;\"><span style=\"font-size: 14pt;\"><strong>5. Tradition und Glaube<\/strong><\/span><\/span><\/h2>\n<h3><strong>5.1 Traditionen und Br\u00e4uche der Spezies<\/strong><\/h3>\n<p>Ab dem 9. Lebensjahr erhalten die jungen Avis einen \u201eWegweiser\u201c. Dies ist ein Symbol aus Metall, welches die Form eines Vogels besitzt und eine Eigenschaft oder eine Tugend, der jeweiligen Person widerspiegelt, die dem dargestellten Vogel entspricht. Diese Tugenden soll ihnen helfen ihren Weg des Lebens zu beschreiten. Wenn sie diese ihr lebenslang befolgt haben, wird ihnen ihr \u201eWegweiser\u201c den Weg in das Mictlan (vergleichbar mit dem Paradies) weisen.<\/p>\n<p>Sie k\u00f6nnen dieses Symbol als Halskette, Ohrring, Ring o.\u00e4. tragen. Es muss allerdings f\u00fcr jeden sichtbar getragen werden. Es ist den Avis verboten ihren \u201eWegweiser\u201c in der \u00d6ffentlichkeit abzunehmen. Sollten sie ihn jemals verlieren, verkaufen etc., so gilt das als gro\u00dfe S\u00fcnde und Derjenige wird von der Gesellschaft nicht mehr akzeptiert.<\/p>\n<p>Bei einer Hochzeit erhalten beide Partner jeweils einen zweiten \u201eWegweiser\u201c, n\u00e4mlich den des Partners. So m\u00fcssen beide Partner den gleichen Weg beschreiten. Sie k\u00f6nnen so den Anderen unterst\u00fctzen und helfen. Dadurch wird auch eine lebenslange Bindung garantiert.<\/p>\n<p>Sollte einer der beiden Partner sterben, so liegt es am Anderen den Weg des verstorbenen Partners trotzdem weiterzuf\u00fchren.<br \/>\nTraditionell verbeugt man sich bei der Begr\u00fc\u00dfung und breitet dabei die Arme aus.<\/p>\n<h3><strong>5.2 Religion \\ Glaube (Vielgottglaube, Naturg\u00f6tter, Eingottglaube, Atheismus..)<\/strong><\/h3>\n<p>Die Avis haben f\u00fcr viele Bereiche eine andere Gottheit, also haben sie einen Vielgottglauben. Sie verehren die V\u00f6gel ihrer und anderer Welten wie G\u00f6tter oder gott\u00e4hnliche Gesch\u00f6pfe. Sie sehen die V\u00f6gel als S\u00f6hne und T\u00f6chter der G\u00f6tter an.<\/p>\n<p>Die Avis glauben, dass sie vor langer Zeit selbst, solche S\u00f6hne und T\u00f6chter der G\u00f6tter waren. Doch aufgrund schwerer S\u00fcnden die ihre Vorfahren begangen hatten, nahm ihnen ihr Sch\u00f6pfergott Viracocha ihre Fl\u00fcgel und so fielen sie hinab auf die Erde, wo sie nun ihr Dasein fristen.<\/p>\n<p>Doch durch ein s\u00fcndenfreies Leben, so glauben sie, erhalten sie ihre Fl\u00fcgel von ihren G\u00f6ttern zur\u00fcck.<\/p>\n<h4>Auszug aus RPG:<\/h4>\n<p><em>An den W\u00e4nden, zwischen den Fenstern, gab es schrill bunte Bilder. Gefiederte, ann\u00e4hernd humanoide Wesen, in allen Farben des Regenbogens, andere, weniger bunt, mit gro\u00dfen F\u00fc\u00dfen und breiten H\u00e4nden, zwischen deren Fingern Schwimmh\u00e4ute wuchsen, waren ebenfalls zu sehen. Im Vordergrund schien es immer um zwei ganz bestimmte Wesen zu gehen. Da war eine Frau, die weite Fl\u00fcgel auf dem R\u00fccken trug, ihr Gefieder war blau, rot und gelb. Und ein Mann, ohne Fl\u00fcgel, schwarze und wei\u00dfe Federn bedeckten ihn und er hatte im Vergleich riesige F\u00fc\u00dfe und lange Finger und Zehen. Beide trugen Goldschmuck, beide hatten Armreifen aus Gold und Ringe und Ketten und die Frau trug noch ein goldenes Diadem. Es wirkte, als ob dieser Schmuck aus Goldf\u00e4den in die Bilder eingearbeitet seien. Manche der Bilder zeigten nur eine der beiden Gestalten, andere beide zusammen, wie sie tanzten, sich k\u00fcssten, oder nebeneinander auf zwei gro\u00dfen St\u00fchlen sa\u00dfen und den anderen auf dem Bild zuwinkten.<\/em><\/p>\n<p><em>An der Decke spannte sich ein rundes Tuch, ganz in dunklem blau, was beinahe schwarz wirkte. Goldene Kn\u00f6pfe an verschiedenen Stellen waren miteinander verbunden mit Goldf\u00e4den, die zwei Wesen, \u00e4hnlich einem Vogel und einem Pinguin, stilisierten. <\/em><br \/>\n<em>&#8222;Das da oben ist der Himmel \u00fcber Aviar, die Kn\u00f6pfe zeigen die Sternbilder von Chevina und Jacocham, wie sie nachts \u00fcber der Hauptstadt Aviar stehen. Sie drehen sich im Laufe des Jahres umeinander, sehen sich dabei immer an und tanzen, bis ans Ende aller Zeit.&#8220;<\/em><\/p>\n<p>Ihr Glauben beruht wohl auf der \u00c4hnlichkeit mit den V\u00f6geln, n\u00e4mlich den Federn. Sie konnten sich so mit den V\u00f6geln mehr identifizieren als mit anderen Tieren.<br \/>\nDazu kommen noch die st\u00e4ndigen Asteroiden, die in der Atmosph\u00e4re vergl\u00fchen, wodurch die Avis dachten, dass dort ein Vogel vom Himmel f\u00e4llt. Das wurde nat\u00fcrlich schon vor langer Zeit von ihren Wissenschaftlern widerlegt.<\/p>\n<p>&nbsp;<\/p>\n<h2><span style=\"text-decoration: underline;\"><span style=\"font-size: 14pt;\"><strong>6. Technik und Fortschritt<\/strong><\/span><\/span><\/h2>\n<h3><strong>6.1 Technischer Stand der Spezies<\/strong><\/h3>\n<p>Die Avis sind eine warpf\u00e4hige Kultur, allerdings noch nicht auf dem Stand wie die F\u00f6deration.<\/p>\n<h3><strong>6.2 Fortschritt und Entwicklung<\/strong><\/h3>\n<p>Den ersten erfolgreichen Warp-Flug bew\u00e4ltigten sie im Jahre 2145, seitdem findet eine rege Entwicklung statt. Sie k\u00f6nnen eine H\u00f6chstgeschwindigkeit von Warp 6,82 erreichen.<\/p>\n<h3><strong>6.3 Raumfahrt<\/strong><\/h3>\n<p>Die Avis besitzen nur eine kleine Raumflotte und keine gro\u00dfen Kriegsschiffe. Ihre Raumflotte besteht nur aus Fregatten und Zerst\u00f6rern.<\/p>\n<h2><span style=\"text-decoration: underline;\"><span style=\"font-size: 14pt;\"><strong>7. Soziale Haltung<\/strong><\/span><\/span><\/h2>\n<h3><strong>7.1 Gesellschaftliche Struktur<\/strong><\/h3>\n<p>Die Avis leben in einem demokratischen System. In der Gesellschaft wird kaum bis gar nicht unter St\u00e4mmen unterschieden. Es ist also kein Stamm benachteiligt oder bevorzugt.<\/p>\n<h3><strong>7.2 Familienleben<\/strong><\/h3>\n<p>Partnerschaften bleiben in 98% bis zum Lebensende erhalten. Nachdem ein Partner gestorben ist, darf der andere Partner keine neue Bindung eingehen.<br \/>\nKinder hingegen wird schon fr\u00fch die Selbst\u00e4ndigkeit gelehrt und von den Eltern dazu erzogen.<\/p>\n<h3><strong>7.3 Privatleben und Freizeit<\/strong><\/h3>\n<p>Einen besonders hohen Stellenwert in ihrer Gesellschaft hat die Kunst (besonders der malerische Bereich). Begabte K\u00fcnstler sind hoch angesehen und unter dem Volk ist Kunst \u00fcberaus beliebt und eine oft gesehene Freizeitbesch\u00e4ftigung.<\/p>\n<p>Da sie sehr gesellig sind haben sie auch einen gro\u00dfen Freundeskreis, dabei wird nicht zwischen St\u00e4mmen unterschieden.<\/p>\n<h3><strong>7.4 Sprache und Schrift der Spezies<\/strong><\/h3>\n<p>Es gibt eine einheitliche Sprache der Avis, doch besitzen viele St\u00e4mme zus\u00e4tzlich noch eine eigene Sprache.<br \/>\nAuch wenn die Avis fr\u00fcher versucht haben das Tirilieren und Zwitschern der V\u00f6gel nachzuahmen, haben sie es heute aufgegeben und aus ihrer einheitlichen Sprache entfernt.<\/p>\n<p>In einigen Stammessprachen sind aber noch Elemente des Vogelgesangs enthalten.<\/p>\n<h3><strong>7.5 Kultureller Hintergrund<\/strong><\/h3>\n<p>Ihre Kultur besitzt \u00c4hnlichkeit mit den Kulturen der Ureinwohner Mittel- und Nordamerikas der Erde, zu deren Bl\u00fctezeit.<\/p>\n<h2><span style=\"text-decoration: underline;\"><span style=\"font-size: 14pt;\"><strong>8. Wirtschaft und Handel<\/strong><\/span><\/span><\/h2>\n<h3><strong>8.1 Grundbausteine der Wirtschaft<\/strong><\/h3>\n<p>Der Abbau von Erzen und Mineralien nimmt einen Gro\u00dfteil ihrer Wirtschaft ein. Die Avis sind bekannt f\u00fcr ihre gro\u00dfartige Erz- und Mineralverarbeitung (z.B. Schmiedekunst).<\/p>\n<h3><strong>8.2 Intergalaktischer Handel<\/strong><\/h3>\n<p>Die Avis betreiben nur sehr wenig Handel, sind aber stark an Austausch von Technik interessiert<\/p>\n<p>&nbsp;<\/p>\n<h2><span style=\"text-decoration: underline;\"><span style=\"font-size: 14pt;\"><strong>9. Nat\u00fcrliche Bedingungen<\/strong><\/span><\/span><\/h2>\n<h3><strong>9.1 Tierwelt auf dem Planeten<\/strong><\/h3>\n<p>Gro\u00dfes Artenreichtum an V\u00f6geln und Insekten. Andere Tiere sind nicht in so gro\u00dfer Vielfalt vorhanden.<\/p>\n<h3><strong>9.2 Pflanzenwelt auf dem Planeten<\/strong><\/h3>\n<p>Dank des warmen Klimas herrscht \u00fcppige Vegetation.<\/p>\n<h3><strong>9.3 Grundriss des Lebensraums<\/strong><\/h3>\n<p>In den gro\u00dfen tropischen W\u00e4ldern gibt es keine wirklich gro\u00dfen St\u00e4dte. Es sind eher kleine St\u00e4dte in den B\u00e4umen, die aus vielen Baumh\u00e4user bestehen, welche durch Br\u00fccken, gro\u00dfe \u00c4ste oder Seile verbunden sind.<\/p>\n<p>Au\u00dferhalb der W\u00e4lder, nahe der K\u00fcste allerdings, gibt es gro\u00dfe St\u00e4dte mit Wolkenkratzern und H\u00e4usern, wie es sie auf der Erde und anderen Planeten gibt.<\/p>\n<h2><span style=\"text-decoration: underline;\"><span style=\"font-size: 14pt;\"><strong>10. Geschichte<\/strong><\/span><\/span><\/h2>\n<h3><strong>10.1 Entwicklung der Spezies<\/strong><\/h3>\n<p>W\u00e4hrend die Avis Mitglied der &#8218;Allianz des Friedens&#8216; waren, fand eine florierende Entwicklung statt.<\/p>\n<h3><strong>10.2 Wichtige historische Ereignisse<\/strong><\/h3>\n<p>2378 wurden sie Mitglied in der &#8218;Allianz des Friedens&#8216;, in der sich die Nachbar-Spezies zusammenschlossen (unter anderem die Ashani, von denen der Impuls f\u00fcr diese Allianz ausging, genauer gesagt von Menor, einem Heiligen der Ashani). Die Vertreter dieser Spezies trafen sich auf der Ashani-Station \u201eEylanias Ilith\u201c.<br \/>\n2402 br\u00f6ckelte diese Allianz und die Spezies verlie\u00dfen die Station, genau wie Avis. Nur die Ashani blieben zur\u00fcck und baten die F\u00f6deration um Hilfe.<br \/>\n2403 Heute ist die Station in der F\u00f6deration als USB Cailleach bekannt.<\/p>\n<p>2407 Aviar war kurzzeitig Beitrittskandidat der F\u00f6deration, doch nach Konflikten und Krieg, entschied der Rat der St\u00e4mme, dies zur\u00fcckzuziehen, man wollte sich nicht in Konflikte hineinziehen lassen<\/p>\n<h2><span style=\"text-decoration: underline;\"><span style=\"font-size: 14pt;\"><strong>11. Sonstiges<\/strong><\/span><\/span><\/h2>\n<h3><strong>11.1 Jegliches andere Thema, das speziell f\u00fcr diese Spezies wichtig w\u00e4re<\/strong><\/h3>\n<p>Viel Goldschmuck ist bei den Avis keine Seltenheit. Jemanden aber ohne irgendwelchen Schmuck zu sehen dagegen schon.<\/p>\n<p>&nbsp;<\/p>\n","protected":false},"excerpt":{"rendered":"<p>1. Herkunft der Spezies 1.1 Lage in der Galaxie Die Heimat der Avis ist im Alpha-Quadranten, westlich der F\u00f6deration und zwischen den Talarians und Chalnoth, angesiedelt. 1.2 Heimatplanet &#8211; Lage, Oberfl\u00e4che, Atmosph\u00e4re Aviar I ist ein Planet der Klasse M. Die Oberfl\u00e4che besteht zu 36% aus Wasser und zu 64% aus Landmasse. Es gibt einen [&hellip;]<\/p>\n","protected":false},"author":28,"featured_media":1126,"parent":4199,"menu_order":3,"comment_status":"closed","ping_status":"closed","template":"","meta":{"footnotes":""},"class_list":["post-8005","page","type-page","status-publish","has-post-thumbnail","hentry"],"publishpress_future_action":{"enabled":false,"date":"2026-05-07 11:21:19","action":"change-status","newStatus":"draft","terms":[],"taxonomy":"","extraData":[]},"publishpress_future_workflow_manual_trigger":{"enabledWorkflows":[]},"_links":{"self":[{"href":"https:\/\/www.sf-germany.org\/einheiten\/uss-galathea\/wp-json\/wp\/v2\/pages\/8005","targetHints":{"allow":["GET"]}}],"collection":[{"href":"https:\/\/www.sf-germany.org\/einheiten\/uss-galathea\/wp-json\/wp\/v2\/pages"}],"about":[{"href":"https:\/\/www.sf-germany.org\/einheiten\/uss-galathea\/wp-json\/wp\/v2\/types\/page"}],"author":[{"embeddable":true,"href":"https:\/\/www.sf-germany.org\/einheiten\/uss-galathea\/wp-json\/wp\/v2\/users\/28"}],"replies":[{"embeddable":true,"href":"https:\/\/www.sf-germany.org\/einheiten\/uss-galathea\/wp-json\/wp\/v2\/comments?post=8005"}],"version-history":[{"count":8,"href":"https:\/\/www.sf-germany.org\/einheiten\/uss-galathea\/wp-json\/wp\/v2\/pages\/8005\/revisions"}],"predecessor-version":[{"id":8054,"href":"https:\/\/www.sf-germany.org\/einheiten\/uss-galathea\/wp-json\/wp\/v2\/pages\/8005\/revisions\/8054"}],"up":[{"embeddable":true,"href":"https:\/\/www.sf-germany.org\/einheiten\/uss-galathea\/wp-json\/wp\/v2\/pages\/4199"}],"wp:featuredmedia":[{"embeddable":true,"href":"https:\/\/www.sf-germany.org\/einheiten\/uss-galathea\/wp-json\/wp\/v2\/media\/1126"}],"wp:attachment":[{"href":"https:\/\/www.sf-germany.org\/einheiten\/uss-galathea\/wp-json\/wp\/v2\/media?parent=8005"}],"curies":[{"name":"wp","href":"https:\/\/api.w.org\/{rel}","templated":true}]}}