{"id":8749,"date":"2024-04-02T14:16:58","date_gmt":"2024-04-02T12:16:58","guid":{"rendered":"https:\/\/www.sf-germany.org\/einheiten\/uss-galathea\/?page_id=8749"},"modified":"2024-12-11T23:35:04","modified_gmt":"2024-12-11T22:35:04","slug":"kontakt","status":"publish","type":"page","link":"https:\/\/www.sf-germany.org\/einheiten\/uss-galathea\/kontakt\/","title":{"rendered":"Kontakt"},"content":{"rendered":"<p><img loading=\"lazy\" decoding=\"async\" class=\"aligncenter size-full wp-image-1905\" src=\"https:\/\/www.sf-germany.org\/einheiten\/uss-galathea\/wp-content\/uploads\/2019\/12\/logo-gala.png\" alt=\"\" width=\"489\" height=\"364\" srcset=\"https:\/\/www.sf-germany.org\/einheiten\/uss-galathea\/wp-content\/uploads\/2019\/12\/logo-gala.png 489w, https:\/\/www.sf-germany.org\/einheiten\/uss-galathea\/wp-content\/uploads\/2019\/12\/logo-gala-300x223.png 300w\" sizes=\"auto, (max-width: 489px) 100vw, 489px\" \/><\/p>\n<h1>So kannst du uns erreichen<\/h1>\n<p>Wir haben dein Interesse geweckt und du m\u00f6chtest mitspielen? Super! Dann registriere dich doch im <a href=\"https:\/\/sf-germany.com\/forum\/\">Forum der Starfleet Germany<\/a> und schreibe uns dort ein paar Zeilen. Oder komme doch auf den <a href=\"https:\/\/discord.gg\/ECBGFK2uqB\">Starfleet Germany Discord-Server<\/a>, wenn du direkt mit uns chatten oder reden m\u00f6chtest &#8211; hier sind fast rund um die Uhr viele nette Leute, die sicher weiterhelfen k\u00f6nnen, auch wenn wir mal nicht da sind.<\/p>\n<h1>Kontaktformular<\/h1>\n<p>Falls du uns einfach nur eine Nachricht senden m\u00f6chtest, kannst du das nat\u00fcrlich auch \u00fcber das untenstehende Formular tun.<\/p>\n<div class=\"frm_forms  with_frm_style frm_style_formidable-style\" id=\"frm_form_3_container\" data-token=\"3d4a22f702b019f42ead22b0537759dc\">\n<form enctype=\"multipart\/form-data\" method=\"post\" class=\"frm-show-form \" id=\"form_kontaktformular\" data-token=\"3d4a22f702b019f42ead22b0537759dc\">\n<div class=\"frm_form_fields \">\n<fieldset>\n<legend class=\"frm_screen_reader\">Kontaktformular<\/legend>\n\n<div class=\"frm_fields_container\">\n<input type=\"hidden\" name=\"frm_action\" value=\"create\" \/>\n<input type=\"hidden\" name=\"form_id\" value=\"3\" \/>\n<input type=\"hidden\" name=\"frm_hide_fields_3\" id=\"frm_hide_fields_3\" value=\"\" \/>\n<input type=\"hidden\" name=\"form_key\" value=\"kontaktformular\" \/>\n<input type=\"hidden\" name=\"item_meta[0]\" value=\"\" \/>\n<input type=\"hidden\" id=\"frm_submit_entry_3\" name=\"frm_submit_entry_3\" value=\"2025a4d2c6\" \/><input type=\"hidden\" name=\"_wp_http_referer\" value=\"\/einheiten\/uss-galathea\/wp-json\/wp\/v2\/pages\/8749\" \/><div id=\"frm_field_17_container\" class=\"frm_form_field form-field  frm_required_field frm_top_container\">\n    <label for=\"field_kontakt_name\" id=\"field_kontakt_name_label\" class=\"frm_primary_label\">Name \/ Pseudonym\n        <span class=\"frm_required\" aria-hidden=\"true\">*<\/span>\n    <\/label>\n    <input type=\"text\" id=\"field_kontakt_name\" name=\"item_meta[17]\" value=\"\"  placeholder=\"Bitte gib deinen Namen ein\" data-reqmsg=\"Name \/ Pseudonym darf nicht leer sein.\" aria-required=\"true\" data-invmsg=\"Name \/ Pseudonym ist ung\u00fcltig\" aria-invalid=\"false\"  \/>\n    \n    \n<\/div>\n<div id=\"frm_field_20_container\" class=\"frm_form_field form-field  frm_top_container frm6 frm_first\">\n    <label for=\"field_kontakt_email\" id=\"field_kontakt_email_label\" class=\"frm_primary_label\">E-Mail\n        <span class=\"frm_required\" aria-hidden=\"true\"><\/span>\n    <\/label>\n    <input type=\"email\" id=\"field_kontakt_email\" name=\"item_meta[20]\" value=\"\"  placeholder=\"Hier kannst du eine E-Mail Adresse angeben, damit wir dir antworten k\u00f6nnen\" data-invmsg=\"E-Mail ist ung\u00fcltig\" aria-invalid=\"false\"  \/>\n    \n    \n<\/div>\n<div id=\"frm_field_21_container\" class=\"frm_form_field form-field  frm_top_container frm6\">\n    <label for=\"field_kontakt_discord\" id=\"field_kontakt_discord_label\" class=\"frm_primary_label\">Discord Handle\n        <span class=\"frm_required\" aria-hidden=\"true\"><\/span>\n    <\/label>\n    <input type=\"text\" id=\"field_kontakt_discord\" name=\"item_meta[21]\" value=\"\"  placeholder=\"Hier kannst du uns deinen Discord-Handle angeben\" data-invmsg=\"Discord Handle ist ung\u00fcltig\" aria-invalid=\"false\"  \/>\n    \n    \n<\/div>\n<div id=\"frm_field_18_container\" class=\"frm_form_field form-field  frm_required_field frm_top_container\">\n    <label for=\"field_kontakt_nachricht\" id=\"field_kontakt_nachricht_label\" class=\"frm_primary_label\">Nachricht\n        <span class=\"frm_required\" aria-hidden=\"true\">*<\/span>\n    <\/label>\n    <textarea name=\"item_meta[18]\" id=\"field_kontakt_nachricht\" rows=\"5\"  placeholder=\"Bitte schreibe hier, was du uns wissen lassen m\u00f6chtest\" data-reqmsg=\"Nachricht darf nicht leer sein.\" aria-required=\"true\" data-invmsg=\"Nachricht ist ung\u00fcltig\" aria-invalid=\"false\"  ><\/textarea>\n    \n    \n<\/div>\n<div id=\"frm_field_19_container\" class=\"frm_form_field form-field  frm_none_container\">\n    <label for=\"g-recaptcha-response\" id=\"field_kontakt_captcha_label\" class=\"frm_primary_label\">Captcha\n        <span class=\"frm_required\" aria-hidden=\"true\"><\/span>\n    <\/label>\n    \n    \n    \n<\/div>\n<div id=\"frm_field_22_container\" class=\"frm_form_field form-field  frm_required_field frm_top_container vertical_radio\">\n    <div  id=\"field_kontakt_zustimmung_label\" class=\"frm_primary_label\">Zustimmung\n        <span class=\"frm_required\" aria-hidden=\"true\">*<\/span>\n    <\/div>\n    <div class=\"frm_opt_container\" aria-labelledby=\"field_kontakt_zustimmung_label\" role=\"group\">\t\t<div class=\"frm_checkbox\" id=\"frm_checkbox_22-0\">\t\t\t<label  for=\"field_kontakt_zustimmung-0\">\n\t\t\t<input type=\"checkbox\" name=\"item_meta[22][]\" id=\"field_kontakt_zustimmung-0\" value=\"Ich stimme zu, dass meine Daten zur Bearbeitung dieser Kontaktanfrage gespeichert werden\"  data-reqmsg=\"Zustimmung darf nicht leer sein.\" data-invmsg=\"Zustimmung ist ung\u00fcltig\"   aria-required=\"true\"  \/> Ich stimme zu, dass meine Daten zur Bearbeitung dieser Kontaktanfrage gespeichert werden<\/label><\/div>\n<\/div>\n    \n    \n<\/div>\n<div id=\"frm_field_23_container\" class=\"frm_form_field form-field \">\n\t<div class=\"frm_submit frm_flex\">\n<button class=\"frm_button_submit\" type=\"submit\"  >Senden<\/button>\n\n\n\n<\/div>\n<\/div>\n\t<input type=\"hidden\" name=\"item_key\" value=\"\" \/>\n\t\t\t<div id=\"frm_field_24_container\">\n\t\t\t<label for=\"field_7w1hv\" >\n\t\t\t\tFalls Du menschlich bist, lasse dieses Feld leer.\t\t\t<\/label>\n\t\t\t<input  id=\"field_7w1hv\" type=\"text\" class=\"frm_form_field form-field frm_verify\" name=\"item_meta[24]\" value=\"\"  \/>\n\t\t<\/div>\n\t\t<input name=\"frm_state\" type=\"hidden\" value=\"Xeje7P5LHSdAcbhHMT5vGACxVUw1eM17DBI0JXInWns=\" \/><\/div>\n<\/fieldset>\n<\/div>\n\n<\/form>\n<\/div>\n\n","protected":false},"excerpt":{"rendered":"<p>So kannst du uns erreichen Wir haben dein Interesse geweckt und du m\u00f6chtest mitspielen? Super! Dann registriere dich doch im Forum der Starfleet Germany und schreibe uns dort ein paar Zeilen. Oder komme doch auf den Starfleet Germany Discord-Server, wenn du direkt mit uns chatten oder reden m\u00f6chtest &#8211; hier sind fast rund um die [&hellip;]<\/p>\n","protected":false},"author":5,"featured_media":1126,"parent":0,"menu_order":3,"comment_status":"closed","ping_status":"closed","template":"","meta":{"footnotes":""},"class_list":["post-8749","page","type-page","status-publish","has-post-thumbnail","hentry"],"publishpress_future_action":{"enabled":false,"date":"2026-05-12 11:05:27","action":"change-status","newStatus":"draft","terms":[],"taxonomy":"","extraData":[]},"publishpress_future_workflow_manual_trigger":{"enabledWorkflows":[]},"_links":{"self":[{"href":"https:\/\/www.sf-germany.org\/einheiten\/uss-galathea\/wp-json\/wp\/v2\/pages\/8749","targetHints":{"allow":["GET"]}}],"collection":[{"href":"https:\/\/www.sf-germany.org\/einheiten\/uss-galathea\/wp-json\/wp\/v2\/pages"}],"about":[{"href":"https:\/\/www.sf-germany.org\/einheiten\/uss-galathea\/wp-json\/wp\/v2\/types\/page"}],"author":[{"embeddable":true,"href":"https:\/\/www.sf-germany.org\/einheiten\/uss-galathea\/wp-json\/wp\/v2\/users\/5"}],"replies":[{"embeddable":true,"href":"https:\/\/www.sf-germany.org\/einheiten\/uss-galathea\/wp-json\/wp\/v2\/comments?post=8749"}],"version-history":[{"count":2,"href":"https:\/\/www.sf-germany.org\/einheiten\/uss-galathea\/wp-json\/wp\/v2\/pages\/8749\/revisions"}],"predecessor-version":[{"id":8791,"href":"https:\/\/www.sf-germany.org\/einheiten\/uss-galathea\/wp-json\/wp\/v2\/pages\/8749\/revisions\/8791"}],"wp:featuredmedia":[{"embeddable":true,"href":"https:\/\/www.sf-germany.org\/einheiten\/uss-galathea\/wp-json\/wp\/v2\/media\/1126"}],"wp:attachment":[{"href":"https:\/\/www.sf-germany.org\/einheiten\/uss-galathea\/wp-json\/wp\/v2\/media?parent=8749"}],"curies":[{"name":"wp","href":"https:\/\/api.w.org\/{rel}","templated":true}]}}