{"id":157,"date":"2016-01-12T10:26:04","date_gmt":"2016-01-12T09:26:04","guid":{"rendered":"http:\/\/www.sf-germany.org\/einheiten\/hephaistos\/?page_id=157"},"modified":"2022-10-07T12:53:14","modified_gmt":"2022-10-07T10:53:14","slug":"fremder-passagier","status":"publish","type":"page","link":"https:\/\/www.sf-germany.org\/einheiten\/uss-hephaistos\/logbuch\/missionen\/fremder-passagier\/","title":{"rendered":"Fremder Passagier"},"content":{"rendered":"<p><a href=\"https:\/\/www.sf-germany.org\/einheiten\/uss-hephaistos\/hephaistos\/wp-content\/uploads\/2016\/01\/hephaistoscprw3.png\" rel=\"attachment wp-att-11\"><img decoding=\"async\" class=\"size-full wp-image-11 aligncenter\" src=\"https:\/\/www.sf-germany.org\/einheiten\/uss-hephaistos\/hephaistos\/wp-content\/uploads\/2016\/01\/hephaistoscprw3.png\" alt=\"hephaistoscprw3\" width=\"150\" srcset=\"https:\/\/www.sf-germany.org\/einheiten\/uss-hephaistos\/wp-content\/uploads\/2016\/01\/hephaistoscprw3.png 388w, https:\/\/www.sf-germany.org\/einheiten\/uss-hephaistos\/wp-content\/uploads\/2016\/01\/hephaistoscprw3-300x254.png 300w\" sizes=\"(max-width: 388px) 100vw, 388px\" \/><\/a><\/p>\n<hr \/>\n<table border=\"0\" width=\"400\" cellspacing=\"1\" cellpadding=\"1\">\n<tbody>\n<tr>\n<td colspan=\"2\" align=\"left\" valign=\"middle\" nowrap=\"nowrap\" bgcolor=\"#9900cc\"><span style=\"font-size: 16px;\"><strong>MISSIONSDATEN<\/strong><\/span><\/td>\n<\/tr>\n<tr>\n<td align=\"left\" valign=\"middle\" width=\"110\"><strong>CODENAME:<\/strong><\/td>\n<td align=\"left\" valign=\"middle\" width=\"290\">Fremder Passagier<\/td>\n<\/tr>\n<tr>\n<td align=\"left\" valign=\"middle\" width=\"110\"><strong>MISSIONSTYP:<\/strong><\/td>\n<td align=\"left\" valign=\"middle\" width=\"290\">WIS<\/td>\n<\/tr>\n<tr>\n<td align=\"left\" valign=\"middle\" width=\"110\"><strong>ZEITRAUM:<\/strong><\/td>\n<td align=\"left\" valign=\"middle\" width=\"290\">SD 200615 &#8211; SD 210401 (Missionstage 5)<\/td>\n<\/tr>\n<tr>\n<td align=\"left\" valign=\"middle\" width=\"110\"><strong>STATUS:<\/strong><\/td>\n<td align=\"left\" valign=\"middle\" width=\"290\">beendet<\/td>\n<\/tr>\n<tr>\n<td align=\"left\" valign=\"middle\" width=\"110\"><strong>EINHEITEN:<\/strong><\/td>\n<td align=\"left\" valign=\"middle\" width=\"290\">USS Hephaistos<\/td>\n<\/tr>\n<\/tbody>\n<\/table>\n<pre><\/pre>\n<p><strong><span style=\"font-size: 18px;\"><span style=\"font-family: Arial;\">Missionsverlauf<\/span><\/span><\/strong><br \/>\nBei abschlie\u00dfenden Test gab es einen Unfall an einem Plasmaverteiler. Bei diesem Unfall kam Lt. Rasha um Leben. Durch die damit notwendigen Reperaturen und der Trauerfeier f\u00fcr die Lieutenant verschob sich der eigentliche Missionsstart um 2 Tage.<\/p>\n<p>Unsere Mission war es das unbekannte Wesen, welches in Ens. Sounik steckte wieder zur\u00fcck in die Badlands zu bringen und einen Weg zu finden den Ensign von dem Wesen zu befreien. Kaum eingetaucht in die Badlands wurde die Hephaistos von einer gravimetrischen St\u00f6rung erfasst und in einen Subraumspalt gezogen. Weiterhin schienen nun immer mehr dieser fremden Wesen an Bord zu kommen und besitz von einzelnen Crewmitgliedern zu ergreifen. Eine Modifizierung der Schilde konnte dieser &#8218;Enterung&#8216; vorerst Einhalt gebieten bis wir eine Kommunikationsm\u00f6glichkeit mit den Fremden Wesen etablieren konnten.<\/p>\n<p>Hierbei stellte sich die Wesen als Seltarika vor. Intelligente Wesen die im Subraum beheimatet sind. Wie sich im Laufe der Gespr\u00e4che herausstellte machten sie die Hephaistos bzw. deren Crew f\u00fcr den Tod mehrer ihrer Artgenossen verantwortlich. Wie sich im Verlauf des anschlie\u00dfenden Prozesses aufkl\u00e4rte war die Zerst\u00f6rung der JemHadar Station vor einigen Tagen daf\u00fcr verantwortlich. Auf der Station war Trikobald gelagert und die Explosion hatte einen Ri\u00df im Subraum verursacht durch den viele der Seltarika ums Leben kamen.<\/p>\n<p>Wir kamen mir den Seltarika dar\u00fcber \u00fcberein das wir das betreffende Gebiet mit Warnsonden ausstatten w\u00fcrden damit keine weiteren Schiffe durch den neu entstandenen Subraumspalt oder weiteren Trikobalt Explosionen den Raum der Seltarika besch\u00e4digen w\u00fcrden.<br \/>\nDie Seltarika zeigten sich damit einverstanden und lie\u00dfen Schiff und Besatzung wieder frei mit dem Hinweis das jede weiteres Eindringen in ihren Raum oder weitere T\u00f6tungen der Seltarika zuk\u00fcnftig den Tod der jeweiligen Schiffsbesatzung zur Folge haben w\u00fcrde.<\/p>\n<p>Meine Empfehlung ist es daher den Raum um die zerst\u00f6rte Station innerhalb der Badlands weitr\u00e4umig zu meiden. Warnbojen wurden ausgesetzt.<\/p>\n<p>gez. Cmdr. Shay Ruthven<\/p>\n<p>&nbsp;<\/p>\n","protected":false},"excerpt":{"rendered":"<p>MISSIONSDATEN CODENAME: Fremder Passagier MISSIONSTYP: WIS ZEITRAUM: SD 200615 &#8211; SD 210401 (Missionstage 5) STATUS: beendet EINHEITEN: USS Hephaistos Missionsverlauf Bei abschlie\u00dfenden Test gab es einen Unfall an einem Plasmaverteiler. Bei diesem Unfall kam Lt. Rasha um Leben. Durch die damit notwendigen Reperaturen und der Trauerfeier f\u00fcr die Lieutenant verschob sich der eigentliche Missionsstart um&#8230;<\/p>\n<p class=\"more-link-wrap\"><a href=\"https:\/\/www.sf-germany.org\/einheiten\/uss-hephaistos\/logbuch\/missionen\/fremder-passagier\/\" class=\"more-link\">Read More<span class=\"screen-reader-text\"> &ldquo;Fremder Passagier&rdquo;<\/span> &raquo;<\/a><\/p>\n","protected":false},"author":1,"featured_media":0,"parent":127,"menu_order":28,"comment_status":"closed","ping_status":"closed","template":"page-templates\/medium.php","meta":{"footnotes":""},"class_list":["post-157","page","type-page","status-publish","hentry"],"_links":{"self":[{"href":"https:\/\/www.sf-germany.org\/einheiten\/uss-hephaistos\/wp-json\/wp\/v2\/pages\/157","targetHints":{"allow":["GET"]}}],"collection":[{"href":"https:\/\/www.sf-germany.org\/einheiten\/uss-hephaistos\/wp-json\/wp\/v2\/pages"}],"about":[{"href":"https:\/\/www.sf-germany.org\/einheiten\/uss-hephaistos\/wp-json\/wp\/v2\/types\/page"}],"author":[{"embeddable":true,"href":"https:\/\/www.sf-germany.org\/einheiten\/uss-hephaistos\/wp-json\/wp\/v2\/users\/1"}],"replies":[{"embeddable":true,"href":"https:\/\/www.sf-germany.org\/einheiten\/uss-hephaistos\/wp-json\/wp\/v2\/comments?post=157"}],"version-history":[{"count":4,"href":"https:\/\/www.sf-germany.org\/einheiten\/uss-hephaistos\/wp-json\/wp\/v2\/pages\/157\/revisions"}],"predecessor-version":[{"id":5586,"href":"https:\/\/www.sf-germany.org\/einheiten\/uss-hephaistos\/wp-json\/wp\/v2\/pages\/157\/revisions\/5586"}],"up":[{"embeddable":true,"href":"https:\/\/www.sf-germany.org\/einheiten\/uss-hephaistos\/wp-json\/wp\/v2\/pages\/127"}],"wp:attachment":[{"href":"https:\/\/www.sf-germany.org\/einheiten\/uss-hephaistos\/wp-json\/wp\/v2\/media?parent=157"}],"curies":[{"name":"wp","href":"https:\/\/api.w.org\/{rel}","templated":true}]}}