{"id":210,"date":"2016-01-12T14:32:51","date_gmt":"2016-01-12T13:32:51","guid":{"rendered":"http:\/\/www.sf-germany.org\/einheiten\/hephaistos\/?page_id=210"},"modified":"2025-08-18T14:48:00","modified_gmt":"2025-08-18T12:48:00","slug":"jori-tainia","status":"publish","type":"page","link":"https:\/\/www.sf-germany.org\/einheiten\/uss-hephaistos\/die-crew\/spieler\/jori-tainia\/","title":{"rendered":"Jori Tainia"},"content":{"rendered":"<p>&nbsp;<\/p>\n<div style=\"float: right; margin-left: 15px; margin-bottom: 15px; font-size: 11px;\">\n<table style=\"border: 0px solid #003366; background: transparent; box-shadow: rgba(255, 255, 255, 0.75) 0.1em 0.1em 0.5em; border-radius: 1em; width: 100%;\" border=\"3\" cellspacing=\"10\" align=\"right\">\n<tbody>\n<tr>\n<td style=\"font-weight: bold; border: 0px solid transparent; width: 100%;\" colspan=\"2\" align=\"center\"><\/td>\n<\/tr>\n<tr>\n<td style=\"background: transparent; border: 0px solid transparent; width: 100%;\" colspan=\"2\" align=\"center\"><img loading=\"lazy\" decoding=\"async\" class=\"alignnone wp-image-8233\" src=\"https:\/\/www.sf-germany.org\/einheiten\/uss-hephaistos\/wp-content\/uploads\/Jori_Versuch_02-218x300.jpg\" alt=\"\" width=\"237\" height=\"326\" srcset=\"https:\/\/www.sf-germany.org\/einheiten\/uss-hephaistos\/wp-content\/uploads\/Jori_Versuch_02-218x300.jpg 218w, https:\/\/www.sf-germany.org\/einheiten\/uss-hephaistos\/wp-content\/uploads\/Jori_Versuch_02.jpg 510w\" sizes=\"auto, (max-width: 237px) 100vw, 237px\" \/><\/td>\n<\/tr>\n<tr>\n<td style=\"font-weight: bold; border: 0px solid transparent; width: 100%;\" colspan=\"2\" align=\"center\">Jori Tainia<\/td>\n<\/tr>\n<tr>\n<td style=\"font-weight: bold; border: 0px solid transparent; width: 50%;\" align=\"right\" width=\"50%\">Status<\/td>\n<td style=\"border: 0px solid transparent; width: 50%;\" align=\"left\" width=\"50%\">PC<\/td>\n<\/tr>\n<tr>\n<td style=\"font-weight: bold; border: 0px solid transparent; width: 50%;\" align=\"right\" width=\"50%\">Spieler<\/td>\n<td style=\"border: 0px solid transparent; width: 50%;\" align=\"left\" width=\"50%\">Oliver V.<\/td>\n<\/tr>\n<tr>\n<td style=\"font-weight: bold; border: 0px solid #003366; background: #555555; box-shadow: rgba(255, 255, 255, 0.75) 0.1em 0.1em 0.5em; border-radius: 1em; width: 100%;\" colspan=\"2\" align=\"center\">Dienstliche Informationen<\/td>\n<\/tr>\n<tr>\n<td style=\"font-weight: bold; border: 0px solid transparent; width: 50%;\" align=\"right\" width=\"50%\">Ranggrafik<\/td>\n<td style=\"border: 0px solid transparent; width: 50%;\" align=\"left\" width=\"50%\"><img loading=\"lazy\" decoding=\"async\" class=\"\" src=\"https:\/\/www.sf-germany.com\/images\/schemata\/sto\/gelb\/lt.png\" alt=\"\" width=\"100\" height=\"25\" \/><\/td>\n<\/tr>\n<tr>\n<td style=\"font-weight: bold; border: 0px solid transparent; width: 50%;\" align=\"right\" width=\"50%\">Rang<\/td>\n<td style=\"border: 0px solid transparent; width: 50%;\" align=\"left\" width=\"50%\">Lieutenant<\/td>\n<\/tr>\n<tr>\n<td style=\"font-weight: bold; border: 0px solid transparent; width: 50%;\" align=\"right\" width=\"50%\">Posten<\/td>\n<td style=\"border: 0px solid transparent; width: 50%;\" align=\"left\" width=\"50%\">CSO<\/td>\n<\/tr>\n<tr>\n<td style=\"font-weight: bold; border: 0px solid transparent; width: 50%;\" align=\"right\" width=\"50%\">Stationierung<\/td>\n<td style=\"border: 0px solid transparent; width: 50%;\" align=\"left\" width=\"50%\">USS Hephaistos<\/td>\n<\/tr>\n<tr>\n<td style=\"font-weight: bold; border: 0px solid #003366; background: #555555; box-shadow: rgba(255, 255, 255, 0.75) 0.1em 0.1em 0.5em; border-radius: 1em; width: 100%;\" colspan=\"2\" align=\"center\">Biographische Informationen<\/td>\n<\/tr>\n<tr>\n<td style=\"font-weight: bold; border: 0px solid transparent; width: 50%;\" align=\"right\" width=\"50%\">Herkunft<\/td>\n<td style=\"border: 0px solid transparent; width: 50%;\" align=\"left\" width=\"50%\">Eska<\/td>\n<\/tr>\n<tr>\n<td style=\"font-weight: bold; border: 0px solid transparent; width: 50%;\" align=\"right\" width=\"50%\">Geburtstag<\/td>\n<td style=\"border: 0px solid transparent; width: 50%;\" align=\"left\" width=\"50%\">31.10.2388<\/td>\n<\/tr>\n<tr>\n<td style=\"font-weight: bold; border: 0px solid transparent; width: 50%;\" align=\"right\" width=\"50%\">Familienstand<\/td>\n<td style=\"border: 0px solid transparent; width: 50%;\" align=\"left\" width=\"50%\">ledig<\/td>\n<\/tr>\n<tr>\n<td style=\"font-weight: bold; border: 0px solid transparent; width: 50%;\" align=\"right\" width=\"50%\">Familie<\/td>\n<td style=\"border: 0px solid transparent; width: 50%;\" align=\"left\" width=\"50%\">-Mutter: Natell Tainia, Lehrerin<br \/>\n-Vater: Kori Tainia, Ingenieur<br \/>\nBruder:Enan Tainia<\/td>\n<\/tr>\n<tr>\n<td style=\"font-weight: bold; border: 0px solid transparent; width: 50%;\" align=\"right\" width=\"50%\">Religion<\/td>\n<td style=\"border: 0px solid transparent; width: 50%;\" align=\"left\" width=\"50%\">k.A.<\/td>\n<\/tr>\n<tr>\n<td style=\"font-weight: bold; border: 0px solid #003366; background: #555555; box-shadow: rgba(255, 255, 255, 0.75) 0.1em 0.1em 0.5em; border-radius: 1em; width: 100%;\" colspan=\"2\" align=\"center\">Physische Beschreibung<\/td>\n<\/tr>\n<tr>\n<td style=\"font-weight: bold; border: 0px solid transparent; width: 50%;\" align=\"right\" width=\"50%\">Spezies<\/td>\n<td style=\"border: 0px solid transparent; width: 50%;\" align=\"left\" width=\"50%\">Eska<\/td>\n<\/tr>\n<tr>\n<td style=\"font-weight: bold; border: 0px solid transparent; width: 50%;\" align=\"right\" width=\"50%\">Geschlecht<\/td>\n<td style=\"border: 0px solid transparent; width: 50%;\" align=\"left\" width=\"50%\">m\u00e4nnlich<\/td>\n<\/tr>\n<tr>\n<td style=\"font-weight: bold; border: 0px solid transparent; width: 50%;\" align=\"right\" width=\"50%\">Gr\u00f6\u00dfe<\/td>\n<td style=\"border: 0px solid transparent; width: 50%;\" align=\"left\" width=\"50%\">186cm<\/td>\n<\/tr>\n<tr>\n<td style=\"font-weight: bold; border: 0px solid transparent; width: 50%;\" align=\"right\" width=\"50%\">Gewicht<\/td>\n<td style=\"border: 0px solid transparent; width: 50%;\" align=\"left\" width=\"50%\">82kg<\/td>\n<\/tr>\n<tr>\n<td style=\"font-weight: bold; border: 0px solid transparent; width: 50%;\" align=\"right\" width=\"50%\">Haarfarbe<\/td>\n<td style=\"border: 0px solid transparent; width: 50%;\" align=\"left\" width=\"50%\">dunkelbraun<\/td>\n<\/tr>\n<tr>\n<td style=\"font-weight: bold; border: 0px solid transparent; width: 50%;\" align=\"right\" width=\"50%\">Augenfarbe<\/td>\n<td style=\"border: 0px solid transparent; width: 50%;\" align=\"left\" width=\"50%\">gr\u00fcn<\/td>\n<\/tr>\n<tr>\n<td style=\"font-weight: bold; border: 0px solid transparent; width: 50%;\" align=\"right\" width=\"50%\">Hautfarbe<\/td>\n<td style=\"border: 0px solid transparent; width: 50%;\" align=\"left\" width=\"50%\">hellbraun<\/td>\n<\/tr>\n<tr>\n<td style=\"font-weight: bold; border: 0px solid #003366; background: #555555; box-shadow: rgba(255, 255, 255, 0.75) 0.1em 0.1em 0.5em; border-radius: 1em; width: 100%;\" colspan=\"2\" align=\"center\">Politische informationen<\/td>\n<\/tr>\n<tr>\n<td style=\"font-weight: bold; border: 0px solid transparent; width: 50%;\" align=\"right\" width=\"50%\">Buergerschaft<\/td>\n<td style=\"border: 0px solid transparent; width: 50%;\" align=\"left\" width=\"50%\">Eska<\/td>\n<\/tr>\n<tr>\n<td style=\"font-weight: bold; border: 0px solid transparent; width: 50%;\" align=\"right\" width=\"50%\"><\/td>\n<td style=\"border: 0px solid transparent; width: 50%;\" align=\"left\" width=\"50%\"><\/td>\n<\/tr>\n<\/tbody>\n<\/table>\n<\/div>\n<p><strong><span style=\"font-size: 24pt;\">Lebenslauf<\/span><\/strong><\/p>\n<ul>\n<li>2388 &#8211; Geburt auf Eska<\/li>\n<li>2404 &#8211; Anerkennung als J\u00e4ger<\/li>\n<li>2405 &#8211; Abschluss der Schulausbildung Eintritt in die Eska Marine<\/li>\n<li>2407 &#8211; Beendigung der Ausbildung und Versetzung auf die EMS Drayjin<\/li>\n<li>2409 &#8211; Eintritt in die Sternenflotte \/ Beginn des Studiums an der Sternenflottenakademie<\/li>\n<li>2413 &#8211; Abschluss der Sternenflottenakademie Versetzung auf die USS Explorer als TAK\/CSO<\/li>\n<li>2414 &#8211; Bef\u00f6rderung zum Lieutenant (jg) durch Fleetcaptain Thomas Mitchell<\/li>\n<li>2415 &#8211; Versetzung auf die USS Hephaistos als CSO<\/li>\n<li>2415 &#8211; Verlassen der Hephaistos wegen eines Sonderauftrags<\/li>\n<li>2416 &#8211; Erneute Versetzung auf die USS Hephaistos als sCSO<\/li>\n<li>2416 &#8211; Erneute Versetzung auf den CSO<\/li>\n<li>2416 &#8211; Bef\u00f6rderung zum Lieutenant durch Captain Shay Ruthven<\/li>\n<li>Sep. 2416 &#8211; Verleihung des Sternenflotten Survival Abzeichen<\/li>\n<\/ul>\n<p><strong>Werdegang<\/strong><br \/>\nJori Tainia wurde 2388 auf Eska geboren. Die Familie Tainia blickt auf eine lange J\u00e4gertradition zur\u00fcck, die seine Eltern Kori und Natell auch weiterhin stolz aufrechterhalten wollten. Entsprechend wurde Jori und sein \u00e4lterer Bruder Enan ganz in dieser Tradition erzogen. Jori und Enan waren beide stolz auf ihre Tradition und lernten rasch die Werte und Tugenden der Eskaj\u00e4ger sowie deren F\u00e4higkeiten. Noch bevor Jori mit der Schule abschloss, wurde er in einer Jagdzeremonie als J\u00e4ger eingef\u00fchrt und anerkannt.<\/p>\n<p>Nachdem Jori die Schule kurze Zeit sp\u00e4ter abschloss, entschied sich Jori der Eska Marine beizutreten, um seine Heimat gegen immer noch marodierende cardassianische Einheiten und in deren Kielwasser operierende Piraten zu verteidigen. Durch seine Erziehung als J\u00e4ger konnte Jori die Ausbildung in der Eska Marine deutlich verk\u00fcrzen und wurde auf die EMS Drayjin versetzt und der Entermannschaft zugeteilt. Die EMS Drayjin konnte mehrere Frachtschiffer erfolgreich sch\u00fctzen und mehrfach Schiffe aus Piratenhand befreien. Jori wurde dabei mehrfach in Gefechte verwickelt, trug dabei aber keine nennenswerten Verletzungen davon.<\/p>\n<p>W\u00e4hrend eines Landurlaubs wollte Jori mit seinen Eltern Enan, seinen Bruder der ebenfalls eine Laufbahn in der Eska Marine eingeschlagen hatte, auf dem Eskaau\u00dfenposten Glentu besuchen. Auf dem Weg dorthin wurde ihr Transportschiff von einer versprengten cardassianischen Einheit angegriffen und geentert. Jori k\u00e4mpfte an der Seite der Besatzung, die Cardassianer konnten zwar zur\u00fcckgeschlagen werden, allerdings \u00fcberlebten nur eine Hand voll Eskas, Joris Eltern kamen aber bei den Gefechten an Bord ums Leben. Das Schiff wurde schwer besch\u00e4digt und trieb im Weltraum und wurde erst Wochen sp\u00e4ter von einem Frachter der Sternenflotte entdeckt und evakuiert. Die \u00dcberlebenden wurden auf die n\u00e4chste Sternenbasis gebracht und behandelt. Jori bat die Besatzung des Frachters mehrmals Glentu anzufliegen und dort die Eskas abzusetzen. Die Frachterbesatzung wich dieser Bitte aber immer aus und meinte immer nur, dass sie die Route nicht \u00e4ndern k\u00f6nnen, da sie verderbliche Fracht geladen h\u00e4tten. Erst auf der Sternbasis erfuhr Jori, dass die gleichen Cardassianer den Eska-Au\u00dfenposten Glentu \u00fcberfallen, gepl\u00fcndert und zerst\u00f6rt haben. F\u00fcr Jori brach damit seine Welt zusammen. Er machte sich gro\u00dfe Vorw\u00fcrfe, dass er seine Eltern nicht retten und verteidigen konnte. Auch der Verlust seiner Bruders war f\u00fcr Jori sehr schwer. Aus seiner Sicht war eine R\u00fcckkehr nach Eska nicht m\u00f6glich, zu gro\u00df w\u00e4re die Schande f\u00fcr ihn (so zumindest seiner Sicht nach).<\/p>\n<p>Nach einigen Tagen auf der Sternenbasis und nachdem er einige Rekruten der Sternenflotte kennengelernt hatte, beschloss Jori sich ebenfalls bei der Sternenflotte zu bewerben. So k\u00f6nnte er zumindest seine Talente aus seiner Ausbildung sicher weiter nutzen und gleichzeitig einen Neuanfang starten, auch wenn es f\u00fcr ihn bedeuten wird seine Heimat aufzugeben.<\/p>\n<p>Die erste Zeit in San Francisco fiel ihm sehr schwer, doch fand er in Haray th&#8217;Rone, einem Andorianer, und Tessa Phillips sehr gute Freunde. Durch seinen bisherigen Wertegang entschied sich Jori sich auf Taktik und Sicherheit zu spezialisieren und belegte die Nebenf\u00e4cher Logistik und Ressourceneinsatzplanung.<\/p>\n<p>Nach dem erfolgreichen Abschluss der Sternenflottenakademie \u00fcbernahm Jori den Doppelposten des TAK\/CSO auf der USS Explorer. Kurz darauf wurde er zusammen mit den Offizieren der Explorer einer Art \u201eVerhaltenstest\u201c gegen\u00fcber seinem kommandierenden Offizier unterzogen. Am Ende dieses Tests hielt er seine Karriere f\u00fcr bereits beendet, da er in diesem Test seinen Captain festsetzte. Das Gegenteil war aber der Fall, denn kurz darauf wurde er zum Lieutenant (jg) bef\u00f6rdert.<\/p>\n<p>Nach knapp 2 Jahren Dienst auf USS Explorer wurde Jori zur USS Hephaistos versetzt und \u00fcbernahm dort den Posten des CSO.<\/p>\n<p>Der aufziehende Krieg gegen die Klingonen nahm das Sternenflottenkommando zur Veranlassung Spezialeinheiten aufzustellen. Diese sollten prim\u00e4r hinter feindlichen Linien operieren. Jori stellte mit seinen Erfahrungen und F\u00e4higkeiten ein idealer Kandidat dar, um diese Einheiten auszubilden. Deswegen wurde er nur wenige Monate nach seinem Dienstantritt auf der USS Hephaistos zum Hauptquartier der Sternenflotte abberufen. Major Thon, der die erste dieser Spezialeinheiten f\u00fchrte, wollte Jori allerdings lieber als aktives Mitglied seiner Einheit haben. Er \u00fcberzeugte seine Vorgesetzten davon, dass der Eska viel wertvoller als aktives Mitglied einer Einheit sei und so \u00e4nderten sich Joris Befehle noch auf DS9, bevor er zur Erde aufbrach.<\/p>\n<p>In den folgenden Monaten trainierte die Einheit von Major Thon sehr intensiv und die einzelnen Mitglieder wuchsen so zu einer &#8222;wirklichen&#8220; Einheit zusammen. Der erste Einsatz f\u00fchrte direkt hinter die Front mit dem Ziel die Nachschublinien der Klingonen zu st\u00f6ren. Obwohl das Ziel, die Zerst\u00f6rung eines Versorgungsdepots, erreicht wurde, werte Jori und sein Team den Einsatz als Desaster, da zwei von f\u00fcnf die Mission mit ihrem Leben zahlen mussten. Den drei \u00fcbrigen Teammitgliedern gelang die Flucht von dem Versorgungsdepot mit einem gestohlenen klingonischen Versorgungsschiff, das von der Hephaistos schlie\u00dflich aufgelesen wurde.<\/p>\n<p>Da Joris Team nicht mehr bestand und er feststellte, dass ihm der Dienst auf einem Raumschiff besser lag, bat er darum an Bord der Hephaistos bleiben zu d\u00fcrfen. Captain Ruthven und FKOM stimmten dem zu und Jori \u00fcbernehm zun\u00e4chst den Posten des stellvertretenden CSO. Seine Vorgesetzte, Skye Johnson, wurde w\u00e4hrend eines Gefechts mit Klingonen schwer verletzt. Nachdem die Hephaistos in eine Anomlie gezogen wurde und dort 3 Monate gefangen war, war Skyes K\u00f6rper zu geschw\u00e4cht, um eine Wiedervereinigung ihrer beiden Ichs zu verkraften. Aus diesem Grund boten die Bewohner der Anomalie Skye an zu bleiben, was sie dankend annahm. Daraufhin ernannte Captain Ruthven umgehend Jori erneut zum CSO der Hephaistos.<\/p>\n<p><strong><span style=\"font-size: 24pt;\">Auszeichnungen \/ Orden<\/span><\/strong><\/p>\n<p style=\"text-align: center;\"><a href=\"https:\/\/www.sf-germany.org\/einheiten\/uss-hephaistos\/wp-content\/uploads\/Jori_Tainia-1.jpg\"><img loading=\"lazy\" decoding=\"async\" class=\"aligncenter wp-image-7632\" src=\"https:\/\/www.sf-germany.org\/einheiten\/uss-hephaistos\/wp-content\/uploads\/Jori_Tainia-1.jpg\" alt=\"\" width=\"300\" height=\"424\" srcset=\"https:\/\/www.sf-germany.org\/einheiten\/uss-hephaistos\/wp-content\/uploads\/Jori_Tainia-1.jpg 620w, https:\/\/www.sf-germany.org\/einheiten\/uss-hephaistos\/wp-content\/uploads\/Jori_Tainia-1-212x300.jpg 212w\" sizes=\"auto, (max-width: 300px) 100vw, 300px\" \/><\/a><br \/>\n<a href=\"https:\/\/www.sf-germany.org\/einheiten\/uss-hephaistos\/wp-content\/uploads\/20250818_1446_Lagerfeuer-vor-Bergkette_simple_compose_01k2ykc5d3e9487tt9b01afccc.png\"><img loading=\"lazy\" decoding=\"async\" class=\"aligncenter wp-image-9079\" src=\"https:\/\/www.sf-germany.org\/einheiten\/uss-hephaistos\/wp-content\/uploads\/20250818_1446_Lagerfeuer-vor-Bergkette_simple_compose_01k2ykc5d3e9487tt9b01afccc.png\" alt=\"\" width=\"300\" height=\"200\" srcset=\"https:\/\/www.sf-germany.org\/einheiten\/uss-hephaistos\/wp-content\/uploads\/20250818_1446_Lagerfeuer-vor-Bergkette_simple_compose_01k2ykc5d3e9487tt9b01afccc.png 1536w, https:\/\/www.sf-germany.org\/einheiten\/uss-hephaistos\/wp-content\/uploads\/20250818_1446_Lagerfeuer-vor-Bergkette_simple_compose_01k2ykc5d3e9487tt9b01afccc-300x200.png 300w, https:\/\/www.sf-germany.org\/einheiten\/uss-hephaistos\/wp-content\/uploads\/20250818_1446_Lagerfeuer-vor-Bergkette_simple_compose_01k2ykc5d3e9487tt9b01afccc-1024x683.png 1024w\" sizes=\"auto, (max-width: 300px) 100vw, 300px\" \/><\/a><span style=\"font-size: 10pt;\"><em>(Starfleet Survival Abzeichen)<\/em><\/span><\/p>\n<hr \/>\n<p><span style=\"font-size: 24pt;\"><strong>Psychologisches Profil<\/strong><\/span><\/p>\n<p>Jori ist in vielerlei Hinsicht die \u201eRuhe selbst\u201c. Er nimmt sich die Zeit eine Situation zun\u00e4chst abzusch\u00e4tzen und zu bewerten, um anschlie\u00dfend entsprechend besser reagieren zu k\u00f6nnen. Blinder Aktionismus hingegen liegt ihm nicht.<\/p>\n<p>Vertraut Jori jemanden, dann steht er ihm loyal und treu zur Seite, oft sogar blind. Allerdings ist es nicht immer einfach Joris Vertrauen zu gewinnen. Dennoch gibt Jori zun\u00e4chst jedem die Chance und zeigt sich offen neuen Personen gegen\u00fcber. Die Kehrseite hiervon ist aber, dass Jori extrem nachtragen sein kann, wenn man verletzt oder er sich hintergangen f\u00fchlt.<\/p>\n<p>W\u00e4hrend er die Jagd und Kampfhandlungen, in die er bereits verstrickt war, gut f\u00fcr sich verarbeiten kann, ist er \u00fcber den Tod seiner Familie noch nicht hinweg gekommen. Er macht sich und sein Versagen f\u00fcr den Tod seiner Eltern verantwortlich. Auch vermisst er Eska, f\u00fcrchtet aber, dass er dort nie wieder hin zur\u00fcckkehren kann. Es kommt dann vor, dass wenn Jori mit all dem nicht fertig wird, er sich zur\u00fcck zieht und abschottet.<\/p>\n<p>Nachdem die Hephaistos in eine Anomalie gezogen wurde, erlebte Jori eine Art &#8222;zweites Leben&#8220; und &#8222;ein zweites Ich&#8220;. Als er vor die Wahl gestellt wurde, ob er sich mit seinen beiden Ichs vereinigen wollte oder diese getrennte Wege gehen sollen, entschied er sich f\u00fcr eine Vereinigung. Somit tr\u00e4gt er die Erinnerungen an zwei Leben. Diese beiden Ichs sind aber nicht getrennt sondern machen ihn in Summe aus. In wie fern sich dies auswirken wird, ist noch nicht bekannt.<\/p>\n<p><em><strong>Kleine Eigenheiten und Macken<\/strong><\/em><br \/>\nDurch seine Ausbildung zum Eska-J\u00e4ger f\u00fchlt sich Jori den Traditionen und Gebr\u00e4uchen seiner Heimat sehr verbunden. Dies \u00e4u\u00dfert sich zum Beispiel darin, dass er gerne Tarlusbl\u00e4ttertee trinkt, seine Freizeit (sofern m\u00f6glich) in freier Natur verbringt und er gerne von seiner Heimat erz\u00e4hlt.<\/p>\n<p><em><strong>Sonstiges<\/strong><\/em><\/p>\n<ul>\n<li>Besitzt eine erstklassige \u201eCampingausr\u00fcstung\u201c, die er auf New Espen erstanden hat<\/li>\n<li>Hat nur einige pers\u00f6nliche Gegenst\u00e4nde aus seiner Zeit vor der Sternenflotte: Seine Uniform der Eskamarine sowie seine Jagdkleidung &amp; ein Yaksinholzk\u00e4stchen, welches ein paar kleinen pers\u00f6nlichen Sch\u00e4tze beinhaltet<\/li>\n<\/ul>\n<hr \/>\n<p><strong><span style=\"font-size: 24pt;\">Spezialgebiete<\/span><\/strong><\/p>\n<p>Durch seine traditionelle Erziehung zum Eskaj\u00e4ger ist Jori sehr ge\u00fcbt im Umgang mit Schusswaffen jeglicher Art. Ebenfalls seiner Erziehung geschuldet sind seine extreme Geduld und seine Ruhe, die besonders in Gefahrensituationen zum Tragen kommen. Eskaj\u00e4ger agieren normalerweise in Gruppen von 3 \u2013 5 J\u00e4ger, wobei die Gruppe als Ganzes funktionieren und jeder sich blind auf den anderen verlassen k\u00f6nnen muss, um Erfolgreich zu sein. Entsprechend gut kann sich Jori in Teams integrieren. Umgekehrt erwartet Jori das gleiche von allen anderen Teammitgliedern.<\/p>\n<p>W\u00e4hrend seiner Ausbildung in der Eska Marine wurde Jori vor allem in Nahkampftechniken ausgebildet, sowohl mit und ohne Waffen. Schlie\u00dflich finden K\u00e4mpfe auf Schiffen meist in engen R\u00e4umen statt.<\/p>\n<p>W\u00e4hrend seiner Zeit in der Sternenflottenakademie lernte Jori Rugby kennen und lieben. Er spielte 2 volle Saisons in der Campusmannschaft. Daneben betreibt Jori Ausdauersport.<\/p>\n<hr \/>\n<p><strong><span style=\"font-size: 24pt;\">Medizinisches Profil<\/span><\/strong><\/p>\n<p>Jori ist in ausgezeichneter physischer Verfassung. Er besitzt eine sehr gute Kondition.<br \/>\nGr\u00f6\u00dfere Verletzungen wie Knochenbr\u00fcche hat er bisher keine erlitten.<\/p>\n<p>Nach der R\u00fcckkehr aus der Anomalie beh\u00e4lt Jori nicht nur die Erinnerungen seines zweiten Ichs sondern auch die t\u00e4towierten Ogham (Schutzrunen), die seinen Oberk\u00f6rper ringsum umschlie\u00dfen. Diese sind aber deutlich blasser als in der Anomalie. Ob diese noch weitere Auswirkungen ist bisher unbekannt.<\/p>\n<hr \/>\n<p><strong><span style=\"font-size: 24pt;\">Klassifzierte Sektion<\/span><\/strong><\/p>\n<p>Als f\u00fcr Joris Kommandoeinheit unter Major Thon der Einsatzbefehl f\u00fcr deren ersten und gleichzeitig auch letzten Einsatz kam, protestierte Major Thon. Er sah zwar, dass sein Team sehr gute Fortschritte machte, aber dass es noch nicht bereit war. Das zust\u00e4ndige Einsatzkommando wischte aber Major Thons Protest weg, da man \u00fcberzeugt war, diese Einheiten jetzt endlich einsetzen zu m\u00fcssen.<\/p>\n<p>&nbsp;<\/p>\n","protected":false},"excerpt":{"rendered":"<p>&nbsp; Jori Tainia Status PC Spieler Oliver V. Dienstliche Informationen Ranggrafik Rang Lieutenant Posten CSO Stationierung USS Hephaistos Biographische Informationen Herkunft Eska Geburtstag 31.10.2388 Familienstand ledig Familie -Mutter: Natell Tainia, Lehrerin -Vater: Kori Tainia, Ingenieur Bruder:Enan Tainia Religion k.A. Physische Beschreibung Spezies Eska Geschlecht m\u00e4nnlich Gr\u00f6\u00dfe 186cm Gewicht 82kg Haarfarbe dunkelbraun Augenfarbe gr\u00fcn Hautfarbe hellbraun&#8230;<\/p>\n<p class=\"more-link-wrap\"><a href=\"https:\/\/www.sf-germany.org\/einheiten\/uss-hephaistos\/die-crew\/spieler\/jori-tainia\/\" class=\"more-link\">Read More<span class=\"screen-reader-text\"> &ldquo;Jori Tainia&rdquo;<\/span> &raquo;<\/a><\/p>\n","protected":false},"author":1,"featured_media":0,"parent":54,"menu_order":7,"comment_status":"closed","ping_status":"closed","template":"page-templates\/medium.php","meta":{"footnotes":""},"class_list":["post-210","page","type-page","status-publish","hentry"],"_links":{"self":[{"href":"https:\/\/www.sf-germany.org\/einheiten\/uss-hephaistos\/wp-json\/wp\/v2\/pages\/210","targetHints":{"allow":["GET"]}}],"collection":[{"href":"https:\/\/www.sf-germany.org\/einheiten\/uss-hephaistos\/wp-json\/wp\/v2\/pages"}],"about":[{"href":"https:\/\/www.sf-germany.org\/einheiten\/uss-hephaistos\/wp-json\/wp\/v2\/types\/page"}],"author":[{"embeddable":true,"href":"https:\/\/www.sf-germany.org\/einheiten\/uss-hephaistos\/wp-json\/wp\/v2\/users\/1"}],"replies":[{"embeddable":true,"href":"https:\/\/www.sf-germany.org\/einheiten\/uss-hephaistos\/wp-json\/wp\/v2\/comments?post=210"}],"version-history":[{"count":20,"href":"https:\/\/www.sf-germany.org\/einheiten\/uss-hephaistos\/wp-json\/wp\/v2\/pages\/210\/revisions"}],"predecessor-version":[{"id":9081,"href":"https:\/\/www.sf-germany.org\/einheiten\/uss-hephaistos\/wp-json\/wp\/v2\/pages\/210\/revisions\/9081"}],"up":[{"embeddable":true,"href":"https:\/\/www.sf-germany.org\/einheiten\/uss-hephaistos\/wp-json\/wp\/v2\/pages\/54"}],"wp:attachment":[{"href":"https:\/\/www.sf-germany.org\/einheiten\/uss-hephaistos\/wp-json\/wp\/v2\/media?parent=210"}],"curies":[{"name":"wp","href":"https:\/\/api.w.org\/{rel}","templated":true}]}}