{"id":234,"date":"2016-01-12T20:52:26","date_gmt":"2016-01-12T19:52:26","guid":{"rendered":"http:\/\/www.sf-germany.org\/einheiten\/hephaistos\/?page_id=234"},"modified":"2024-01-10T19:34:12","modified_gmt":"2024-01-10T18:34:12","slug":"elisa-careen","status":"publish","type":"page","link":"https:\/\/www.sf-germany.org\/einheiten\/uss-hephaistos\/die-crew\/spieler\/elisa-careen\/","title":{"rendered":"Elisa Careen"},"content":{"rendered":"<p>&nbsp;<\/p>\n<div style=\"float: right; margin-left: 15px; margin-bottom: 15px; font-size: 11px;\">\n<table style=\"border: solid 0px #003366; background: transparent; box-shadow: 0.1em 0.1em 0.5em rgba(255,255,255,0.75); -moz-box-shadow: 0.1em 0.1em 0.5em rgba(255,255,255,0.75); -webkit-box-shadow: 0.1em 0.1em 0.5em rgba(255,255,255,0.75); border-radius: 1em; -moz-border-radius: 1em; -webkit-border-radius: 1em;\" border=\"3\" cellspacing=\"10\" align=\"right\">\n<tbody>\n<tr>\n<td style=\"font-weight: bold; border: 0px solid transparent;\" colspan=\"2\" align=\"center\" width=\"240\"><\/td>\n<\/tr>\n<tr>\n<td style=\"background-color: transparent; border: 0px solid transparent; background-position: initial initial; background-repeat: initial initial;\" colspan=\"2\" align=\"center\" width=\"240\"><a href=\"https:\/\/www.sf-germany.org\/einheiten\/uss-hephaistos\/wp-content\/uploads\/2016\/01\/careen.png\" rel=\"attachment wp-att-110\"><img decoding=\"async\" class=\"alignnone size-full wp-image-110\" src=\"https:\/\/www.sf-germany.org\/einheiten\/uss-hephaistos\/wp-content\/uploads\/2016\/01\/careen.png\" alt=\"careen\" width=\"140\" \/><\/a><\/td>\n<\/tr>\n<tr>\n<td style=\"font-weight: bold; border: 0px solid transparent;\" colspan=\"2\" align=\"center\" width=\"240\">Elisa Careen<\/td>\n<\/tr>\n<tr>\n<td style=\"font-weight: bold; border: 0px solid transparent;\" align=\"right\" width=\"124\">Status<\/td>\n<td style=\"border: 0px solid transparent;\" align=\"left\" width=\"116\">NPC<\/td>\n<\/tr>\n<tr>\n<td style=\"font-weight: bold; border: 0px solid transparent;\" align=\"right\" width=\"124\">Spieler<\/td>\n<td style=\"border: 0px solid transparent;\" align=\"left\" width=\"116\"><\/td>\n<\/tr>\n<tr>\n<td style=\"font-weight: bold; border: 0px solid #003366; background-color: #555555; box-shadow: rgba(255, 255, 255, 0.746094) 0.1em 0.1em 0.5em; -webkit-box-shadow: rgba(255, 255, 255, 0.746094) 0.1em 0.1em 0.5em; border-top-left-radius: 1em; border-top-right-radius: 1em; border-bottom-right-radius: 1em; border-bottom-left-radius: 1em; background-position: initial initial; background-repeat: initial initial;\" colspan=\"2\" align=\"center\" width=\"240\">Dienstliche Informationen<\/td>\n<\/tr>\n<tr>\n<td style=\"font-weight: bold; border: 0px solid transparent;\" align=\"right\" width=\"124\">Ranggrafik<\/td>\n<td style=\"border: 0px solid transparent;\" align=\"left\" width=\"116\"><img loading=\"lazy\" decoding=\"async\" src=\"https:\/\/www.sf-germany.com\/images\/schemata\/sto\/gelb\/cmdr.png\" alt=\"\" width=\"100\" height=\"25\" \/><\/td>\n<\/tr>\n<tr>\n<td style=\"font-weight: bold; border: 0px solid transparent;\" align=\"right\" width=\"124\">Rang<\/td>\n<td style=\"border: 0px solid transparent;\" align=\"left\" width=\"116\">Commander<\/td>\n<\/tr>\n<tr>\n<td style=\"font-weight: bold; border: 0px solid transparent;\" align=\"right\" width=\"124\">Posten<\/td>\n<td style=\"border: 0px solid transparent;\" align=\"left\" width=\"116\">Berater, OPS<\/td>\n<\/tr>\n<tr>\n<td style=\"font-weight: bold; border: 0px solid transparent;\" align=\"right\" width=\"124\">Stationierung<\/td>\n<td style=\"border: 0px solid transparent;\" align=\"left\" width=\"116\">USS Hephaistos<\/td>\n<\/tr>\n<tr>\n<td style=\"font-weight: bold; border: 0px solid #003366; background-color: #555555; box-shadow: rgba(255, 255, 255, 0.746094) 0.1em 0.1em 0.5em; -webkit-box-shadow: rgba(255, 255, 255, 0.746094) 0.1em 0.1em 0.5em; border-top-left-radius: 1em; border-top-right-radius: 1em; border-bottom-right-radius: 1em; border-bottom-left-radius: 1em; background-position: initial initial; background-repeat: initial initial;\" colspan=\"2\" align=\"center\" width=\"240\">Biographische Informationen<\/td>\n<\/tr>\n<tr>\n<td style=\"font-weight: bold; border: 0px solid transparent;\" align=\"right\" width=\"124\">Geburtstag<\/td>\n<td style=\"border: 0px solid transparent;\" align=\"left\" width=\"116\">2375<\/td>\n<\/tr>\n<tr>\n<td style=\"font-weight: bold; border: 0px solid transparent;\" align=\"right\" width=\"124\">Familienstand<\/td>\n<td style=\"border: 0px solid transparent;\" align=\"left\" width=\"116\">verheiratet mit<br \/>\n<a href=\"https:\/\/www.sf-germany.org\/einheiten\/uss-hephaistos\/die-crew\/spieler\/shay-ruthven\/\">Shay Ruthven<\/a><\/td>\n<\/tr>\n<tr>\n<td style=\"font-weight: bold; border: 0px solid transparent;\" align=\"right\" valign=\"top\" width=\"124\">Vater<\/td>\n<td style=\"border: 0px solid transparent;\" align=\"left\" width=\"116\">Benjamin Careen; Tierz\u00fcchter<\/td>\n<\/tr>\n<tr>\n<td style=\"font-weight: bold; border: 0px solid transparent;\" align=\"right\" valign=\"top\" width=\"124\">Mutter<\/td>\n<td style=\"border: 0px solid transparent;\" align=\"left\" width=\"116\">Maria Careen<\/td>\n<\/tr>\n<tr>\n<td style=\"font-weight: bold; border: 0px solid transparent;\" align=\"right\" valign=\"top\" width=\"124\">Geschwister<\/td>\n<td style=\"border: 0px solid transparent;\" align=\"left\" width=\"116\">Amely Careen<\/td>\n<\/tr>\n<tr>\n<td style=\"font-weight: bold; border: 0px solid transparent;\" align=\"right\" valign=\"top\" width=\"124\">Kinder<\/td>\n<td style=\"border: 0px solid transparent;\" align=\"left\" width=\"116\">Assets Careen (adoptiert)<\/td>\n<\/tr>\n<tr>\n<td style=\"font-weight: bold; border: 0px solid #003366; background-color: #555555; box-shadow: rgba(255, 255, 255, 0.746094) 0.1em 0.1em 0.5em; -webkit-box-shadow: rgba(255, 255, 255, 0.746094) 0.1em 0.1em 0.5em; border-top-left-radius: 1em; border-top-right-radius: 1em; border-bottom-right-radius: 1em; border-bottom-left-radius: 1em; background-position: initial initial; background-repeat: initial initial;\" colspan=\"2\" align=\"center\" width=\"240\">Physische Beschreibung<\/td>\n<\/tr>\n<tr>\n<td style=\"font-weight: bold; border: 0px solid transparent;\" align=\"right\" width=\"124\">Spezies<\/td>\n<td style=\"border: 0px solid transparent;\" align=\"left\" width=\"116\">Mensch (Ex-Borg)<\/td>\n<\/tr>\n<tr>\n<td style=\"font-weight: bold; border: 0px solid transparent;\" align=\"right\" width=\"124\">Geschlecht<\/td>\n<td style=\"border: 0px solid transparent;\" align=\"left\" width=\"116\">weiblich<\/td>\n<\/tr>\n<tr>\n<td style=\"font-weight: bold; border: 0px solid transparent;\" align=\"right\" width=\"124\">Gr\u00f6\u00dfe<\/td>\n<td style=\"border: 0px solid transparent;\" align=\"left\" width=\"116\">163 cm<\/td>\n<\/tr>\n<tr>\n<td style=\"font-weight: bold; border: 0px solid transparent;\" align=\"right\" width=\"124\">Haarfarbe<\/td>\n<td style=\"border: 0px solid transparent;\" align=\"left\" width=\"116\">schwarz<\/td>\n<\/tr>\n<tr>\n<td style=\"font-weight: bold; border: 0px solid transparent;\" align=\"right\" width=\"124\">Augenfarbe<\/td>\n<td style=\"border: 0px solid transparent;\" align=\"left\" width=\"116\">gr\u00fcn<\/td>\n<\/tr>\n<tr>\n<td style=\"font-weight: bold; border: 0px solid #003366; background-color: #555555; box-shadow: rgba(255, 255, 255, 0.746094) 0.1em 0.1em 0.5em; -webkit-box-shadow: rgba(255, 255, 255, 0.746094) 0.1em 0.1em 0.5em; border-top-left-radius: 1em; border-top-right-radius: 1em; border-bottom-right-radius: 1em; border-bottom-left-radius: 1em; background-position: initial initial; background-repeat: initial initial;\" colspan=\"2\" align=\"center\" width=\"240\">Politische informationen<\/td>\n<\/tr>\n<tr>\n<td style=\"font-weight: bold; border: 0px solid transparent;\" align=\"right\" width=\"124\">Buergerschaft<\/td>\n<td style=\"border: 0px solid transparent;\" align=\"left\" width=\"116\">F\u00f6derationsb\u00fcrger<\/td>\n<\/tr>\n<\/tbody>\n<\/table>\n<\/div>\n<p><strong><span style=\"font-size: 24pt;\">Lebenslauf<\/span><\/strong><\/p>\n<p>Elisa wuchs als Einzelkind in der freien Natur Texas&#8216; auf. Da die n\u00e4chsten Nachbarn mehrere Kilometer entfernt wohnten, hatte sie nur selten Kontakt zu anderen Menschen und vor allem zu Kindern. Als sie ins Schulpflichtige Alter kam, \u00e4nderte sich dies, da ihre Eltern sie auf ein Internat schickten und sie so soziale Kontakte kn\u00fcpfen konnte. Trotzdem blieben ihre Eltern immer die wichtigsten Menschen in ihrem Leben.<\/p>\n<p class=\"vspace\">Nach ihrer Schulausbildung absolvierte Elisa ein Mathematikstudium und aufgrund ihrer sehr guten Leistungen dabei, wurde ihr von der Sternenflotte eine verk\u00fcrzte Ausbildung an der Akademie angeboten. Man hoffte, sie f\u00fcr einige Forschungsprojekte begeistern zu k\u00f6nnen. Elisa selbst zog es jedoch viel eher zu den Sternen und so nahm sie einen Wissenschaftsposten auf einem Sternenflottenschiff an.<\/p>\n<p>W\u00e4hrend einer Au\u00dfenmission 2400 wurde Elisa vom restlichen Team getrennt und von den Borg assimiliert. Es gelang jedoch nach langer Suche das Borgschiff aufzusp\u00fcren und sie wieder vom Kollektiv zu trennen. Elisa war \u00fcber einen Monat Teil des Kollektivs. Nach ihrer Befreiung versuchte Elisa so weiter zu leben, als w\u00e4re nie etwas passiert. Doch dies gelang ihr nicht, da ihre gr\u00f6\u00dftenteils menschlichen Kollegen ihre Angst vor der ehemaligen Borg nicht \u00fcberwinden konnten. Sie hatte sich ver\u00e4ndert. Sowohl durch die Borgimplantate, die nicht mehr entfernt werden durften, als auch in ihrem Charakter. Sie war nicht mehr die aufgeschlossene und freundliche Person von fr\u00fcher.<\/p>\n<p class=\"vspace\">Aufgrund dieses ver\u00e4nderten Betriebsklimas, war es Elisa nicht mehr m\u00f6glich weiterhin auf dem Schiff zu bleiben. Man behandelte sie wie eine gef\u00e4hrliche Maschine, dabei hatte sie doch immer noch Gef\u00fchle. Das FKOM beschloss, sie zu versetzen. Dabei hielt man die USS &#8211; Avalon am besten geeignet, da von ihrer Crew eine gro\u00dfe Toleranz gegen\u00fcber einer Borgdrohne erwarten kann. Besteht doch die Crew selbst aus einer Vielzahl verschiedener Individuen.<\/p>\n<p class=\"vspace\">Ihre kleine Schwester Amely wird 2403 geboren und Elisa l\u00e4sst sich daher beurlauben um Zeit bei Ihrer Familie zu verbringen. Nach mehr als einem Jahr Pause wird ihr in Absprache mit ihrem psychologischem Betreuer vom Sternenflottenkommando erneut der Posten des OPS auf dem Nachfolgeschiff der Avalon angeboten. Da sie sich nicht wirklich auf der Ranch ihrer Eltern ausgelastet und gefordert f\u00fchlt nimmt Elli das Angebot an und tritt im Juni 2404 ihren Dienst an.<\/p>\n<p class=\"vspace\">Aus einer Freundschaft und Verbundenheit heraus, bietet Elisa Assets an diesen zu adoptieren um ihm einen Nachnamen zu geben.<\/p>\n<p class=\"vspace\">Im Februar 2407 taucht Elisa w\u00e4hrend einer Meditation so tief in eine andere Ebene hinab, dass sie sich verirrt und nicht mehr aufwacht. Die \u00c4rzte sind ratlos und bezeichnen ihren Zustand in Ermangelung irgendwelcher Erfahrungswerte als Wachkoma. In dieser Zeit tr\u00e4umt Elisa lebhaft und entfernt sich sehr weiter von der Avalon. Dabei trifft sie auf Shaya, die CM Der Achilles und auf Fossi, dem FLG der Q. Nach einiger Zeit gelingt es auch Mitgliedern der Avalon Kontakt zu ihr herzustellen. Aber erst dem durch Umwege auf die Avalon gekommenen Colin Shamar gelingt es mit Hilfe seines Srday, Averon, sie aus der Traumwelt zu f\u00fchren. Da ihre Reise ins <span class=\"st\"><em>Tel<\/em>&#8218;<em>aran<\/em>&#8218;<em>rhiod<\/em><\/span> auch f\u00fcr den Srday interessant ist, fordert dieser Colin dazu auf n\u00e4heren Kontakt zu ihr zu suchen. Aber auch Elisa m\u00f6chte \u00fcber Colin mehr Informationen \u00fcber die Traumwelt und die Zusammenh\u00e4nge herankommen. Sie verbringen viel Zeit gemeinsam, unter anderem auf dem Lebensfest auf Lundraja, bei dem sie Colin unter Einfluss von aphrodisierenden Drogen einen Heiratsantrag macht. Die Zweisamkeit wird jedoch von einem Attentat auf Colin gest\u00f6rt, bei dem am Ende nicht nur Elli, sondern auch der CSO Shay Ruthven eingreifen. Der Kampf endet mit dem Tod des Attent\u00e4ters und die drei \u00dcberlebenden vertuschen das ganze. In der Folge legt Colin nahe, dass sie Elisa besser von ihm fernhalten solle. Dies gelingt ihnen jedoch nur bis zum Weihnachtsfest.<\/p>\n<p>2408 werden Elisa und weitere Crewmitglieder der USS Avalon w\u00e4hrend einer Mission durch einen Langstreckentransmitter vom Rand des F\u00f6derationsraumes in die N\u00e4he des SOL-Systems transportiert. Nach Rettung durch Colin und die USS Phenomenon und aufgrund der hohen Distanz zur USS Avalon wird Elisa als OPS auf der USS Phenomenon eingesetzt. Obwohl sich Colin und Elisa mit der Zeit n\u00e4her gekommen sind und als Paar gelten, verschwindet Colin pl\u00f6tzlich und ohne Verabschiedung.<\/p>\n<p>Am 28.04.2408 wird Elisa auf der Feier der geplatzten Hochzeit ihres Stiefsohnes Assets Carreen mit Shay Ruthven verheiratet. Da sie mit ihm befreundet ist, beschlie\u00dfen die beiden die Ehe aufrecht zu erhalten, auch wenn sie diese nicht planen auszuleben. Ihre Familien sind gl\u00fccklich \u00fcber die Ehe ohne von dem zugrundeliegenden Arrangement zu ahnen. Elisa verbringt im Anschluss wechselnd Zeit auf der Erde sowie der USS Hephaistos, auf welcher ihr Ehemann eingesetzt ist. Zuletzt weilte sie auf der Erde, wo sie sich um den weiteren Verbleib von Luca, ihrem und Shays Pflegesohn, k\u00fcmmerte.<\/p>\n<p>Zum Jahreswechsel 2015\/2016 taucht Colin Shamar unverhofft wieder auf um sich von Elisa zu verabschieden. Auf ihre Bitte hin, nimmt er Elisa mit einem Srday-Kreuzer zur Hephaistos, bevor er zur letzten Mission seines Lebens aufbricht und eine ungl\u00fcckliche Elisa zur\u00fcckl\u00e4sst.<\/p>\n<p>Elisa wird an Bord der Hephaistos als Beobachter f\u00fcr das ATAK eingesetzt.<\/p>\n<p>Durch eine Raumanomalie wurde die USS-Hephaistos Anfang 2416 in einen fraktalen Riss gezogen und galt als verschollen. Die Crew befand sich auf einer Fantasy Welt ohne Erinnerung. Elisa war Einhornreiterin und Ziehschwester von Shay. Sie entschlie\u00dft sich, keine Verschmelzung ihres Fantasy-Ich mit dem Sternernflotten-Ich. Die Einhornreiterin verl\u00e4sst Arcadia gemeinsam mit Kevin, einem Teilassimilierten Gast, durch eine &#8222;magische&#8220; T\u00fcr.<\/p>\n<p>&nbsp;<\/p>\n<hr \/>\n<p><span style=\"font-size: 24pt;\"><strong>Psychologisches Profil<\/strong><\/span><\/p>\n<p>Aus der ehemalig selbstbewussten jungen Frau hat sich nach der Assimilation ein zur\u00fcckgezogenes und teilweise \u00e4ngstliches Wesen entwickelt. Der Grund daf\u00fcr war weniger ihr traumatisches Erlebnis eine Drohne und Teil des Kollektivs zu sein, sondern die Abneigung, die andere Menschen ihr entgegenbringen. Sie versteht nicht, warum andere so abweisend ihr gegen\u00fcber sind. Sie versteht sich als Mensch und w\u00fcnscht sich, auch so behandelt zu werden. Sie hat auch schon in einer depressiven Phase ge\u00e4u\u00dfert, sie w\u00e4re lieber wieder Teil des Kollektivs als dieser Crew.<\/p>\n<p class=\"vspace\">Elisa Careen st\u00fcrzt sich in ihre Arbeit um sich so den anderen zu beweisen. Um ihr das Leben auf der Avalon einfacher zu gestalten, wurde in Absprache mit den betreuenden CNS beschlossen, die Borgvergangenheit von ihr gegen\u00fcber ihren Kollegen geheim zu halten. Sie soll erst wieder Vertrauen zu anderen Wesen fassen k\u00f6nnen und dann selbst entscheiden, was und wie viel sie verr\u00e4t. Ziel dieser Therapie ist es, dass sie wieder lernt, Vertrauen in ihre Umgebung zu haben. Sie soll am Ende ohne Angst und Schuldgef\u00fchle offen von ihrer Vergangenheit erzielen k\u00f6nnen.<\/p>\n<p><span style=\"font-size: 10pt;\">&#8212; Lynn Saray &#8211; CNS USS Avalon 2402 &#8212;<\/span><\/p>\n<p class=\"vspace\">Elisa Careens Entscheidung, trotz ihrer \u00c4ngste und Zweifel Urlaub bei ihren Eltern zu machen, kann nur positiv f\u00fcr ihre psychologische Entwicklung gewertet werden. Tats\u00e4chlich hat sie in dieser Zeit eine gewisse psychische Stabilit\u00e4t erreicht. Jedoch war ihr Kontakt in dem Jahr in Texas fast ausschlie\u00dflich nur auf ihre Eltern beschr\u00e4nkt. Weiterhin werden Details von Elisas Borgvergangenheit geheim bleiben. Dennoch soll sie ermutigt werden andere darin einzuweihen.<\/p>\n<p class=\"vspace\">Nach ihrer R\u00fcckkehr auf die USS Avalon hat sie sich gut wieder in das Team eingefunden. Auch ihre sozialen Kontakte scheinen inzwischen gefestigt. Trotzdem ist sie immer noch sehr vorsichtig, weitere Kollegen in ihre Vergangenheit einzuweihen. Da dadurch kein Sicherheitsrisiko besteht, werden nur der zust\u00e4ndige CO und behandelnde \u00c4rzte und Counselor dar\u00fcber aufgekl\u00e4rt.<\/p>\n<p><span style=\"font-size: 10pt;\">&#8212; Siobhan O&#8217;Lanart &#8211; CNS USS Avalon 2404 &#8212;<\/span><\/p>\n<p>Das Selbstbewusstsein von Elisa Carreen hat sich in den letzten Jahren gefestigt. Ihr ist es gelungen, ein vertrauensvolles Verh\u00e4ltnis zu einigen Kollegen aufzubauen, einschlie\u00dflich der Teile ihrer Vergangenheit, die ihr unangenehm sind. Derzeit wird keine Notwendigkeit von weiterer psychologischer Betreuung oder Counseling gesehen<\/p>\n<p><span style=\"font-size: 10pt;\">&#8212; Marc Herdt &#8211; Psychologie Texas 2408\u00a0 &#8212;<\/span><\/p>\n<p>Elisa reagiert in der Regel rational und \u00fcberlegt. Sie hat gelegentlich Schwierigkeiten auf pers\u00f6nlicher Ebene und wirkt damit k\u00fchl und distanziert. Ihr ist unklar, wie sie eine Beziehung zum anderen Geschlecht aufbauen k\u00f6nnte und bittet Shay daher um Hilfe ihr diesbez\u00fcglich Nachhilfe zu geben. Dabei f\u00fchlt sich Elisa mit den damit gewonnenen Erkenntnissen nicht wohl. Nach Colins Verschwinden bietet ihre Heirat mit Shay f\u00fcr sie eine geeignete M\u00f6glichkeit, sich dieser Problematik elegant zu entziehen. Als verheiratete Frau besteht nicht mehr die Notwendigkeit und Gelegenheit, sich mit derartigen Beziehungen zu besch\u00e4ftigen.<\/p>\n<hr \/>\n<p><strong><span style=\"font-size: 24pt;\">Spezialgebiete<\/span><\/strong><\/p>\n<p>Internationale Zeichensprache in F\u00f6d-Standard<\/p>\n<p>Neben ihren hervorragenden wissenschaftlichen F\u00e4higkeiten ist Elisa eine Organisationstalent. Zudem ist ihre Effizienz seit ihrer Assimilation deutlich gestiegen. Ihr gelingt es, komplizierte und langwierige Prozeduren mir h\u00f6chster Effizienz zu optimieren. Aufgrund einiger ihrer Implantate haben sich ihre K\u00f6rperfunktionen drastisch verbessert:<\/p>\n<ul>\n<li>Durch einen am Gehirn angeschlossenen Speicher ist es Elisa m\u00f6glich, sich gro\u00dfe Mengen von Daten photographisch zu merken. Die Kapazit\u00e4t dieses Speichers ist jedoch unbekannt.<\/li>\n<li>Das rote Leuchten ihrer Augen ist ein \u00e4u\u00dferes Merkmal f\u00fcr ihre Infrarotsichtigkeit.<\/li>\n<\/ul>\n<hr \/>\n<p><strong><span style=\"font-size: 24pt;\">Hobbies<\/span><\/strong><\/p>\n<p>keine<\/p>\n<hr \/>\n<p><strong><span style=\"font-size: 24pt;\">Medizinisches Profil<\/span><\/strong><\/p>\n<p>Die Trennung von Ens. Careen vom Borgkollektiv musste als \u00e4u\u00dferst risikoreich eingestuft werden. Ihr K\u00f6rper ist bereits auf einige Implantate angewiesen, so dass diese nicht mehr entfernt werden durften. Diese Implantate ersetzen gr\u00f6\u00dftenteils innere Organe. Ihr \u00c4u\u00dferes konnte fast komplett wiederhergestellt werden, so dass sie nicht sofort als ehemalige Borg erkannt werden kann. Trotzdem verliefen alle Eingriffe ohne Komplikationen.<\/p>\n<hr \/>\n<p><strong><span style=\"font-size: 24pt;\">Klassifzierte Sektion<\/span><\/strong><\/p>\n<p>keine Eintr\u00e4ge<\/p>\n","protected":false},"excerpt":{"rendered":"<p>&nbsp; Elisa Careen Status NPC Spieler Dienstliche Informationen Ranggrafik Rang Commander Posten Berater, OPS Stationierung USS Hephaistos Biographische Informationen Geburtstag 2375 Familienstand verheiratet mit Shay Ruthven Vater Benjamin Careen; Tierz\u00fcchter Mutter Maria Careen Geschwister Amely Careen Kinder Assets Careen (adoptiert) Physische Beschreibung Spezies Mensch (Ex-Borg) Geschlecht weiblich Gr\u00f6\u00dfe 163 cm Haarfarbe schwarz Augenfarbe gr\u00fcn Politische&#8230;<\/p>\n<p class=\"more-link-wrap\"><a href=\"https:\/\/www.sf-germany.org\/einheiten\/uss-hephaistos\/die-crew\/spieler\/elisa-careen\/\" class=\"more-link\">Read More<span class=\"screen-reader-text\"> &ldquo;Elisa Careen&rdquo;<\/span> &raquo;<\/a><\/p>\n","protected":false},"author":1,"featured_media":0,"parent":54,"menu_order":4,"comment_status":"closed","ping_status":"closed","template":"page-templates\/medium.php","meta":{"footnotes":""},"class_list":["post-234","page","type-page","status-publish","hentry"],"_links":{"self":[{"href":"https:\/\/www.sf-germany.org\/einheiten\/uss-hephaistos\/wp-json\/wp\/v2\/pages\/234","targetHints":{"allow":["GET"]}}],"collection":[{"href":"https:\/\/www.sf-germany.org\/einheiten\/uss-hephaistos\/wp-json\/wp\/v2\/pages"}],"about":[{"href":"https:\/\/www.sf-germany.org\/einheiten\/uss-hephaistos\/wp-json\/wp\/v2\/types\/page"}],"author":[{"embeddable":true,"href":"https:\/\/www.sf-germany.org\/einheiten\/uss-hephaistos\/wp-json\/wp\/v2\/users\/1"}],"replies":[{"embeddable":true,"href":"https:\/\/www.sf-germany.org\/einheiten\/uss-hephaistos\/wp-json\/wp\/v2\/comments?post=234"}],"version-history":[{"count":12,"href":"https:\/\/www.sf-germany.org\/einheiten\/uss-hephaistos\/wp-json\/wp\/v2\/pages\/234\/revisions"}],"predecessor-version":[{"id":7668,"href":"https:\/\/www.sf-germany.org\/einheiten\/uss-hephaistos\/wp-json\/wp\/v2\/pages\/234\/revisions\/7668"}],"up":[{"embeddable":true,"href":"https:\/\/www.sf-germany.org\/einheiten\/uss-hephaistos\/wp-json\/wp\/v2\/pages\/54"}],"wp:attachment":[{"href":"https:\/\/www.sf-germany.org\/einheiten\/uss-hephaistos\/wp-json\/wp\/v2\/media?parent=234"}],"curies":[{"name":"wp","href":"https:\/\/api.w.org\/{rel}","templated":true}]}}