{"id":236,"date":"2016-01-12T20:57:25","date_gmt":"2016-01-12T19:57:25","guid":{"rendered":"http:\/\/www.sf-germany.org\/einheiten\/hephaistos\/?page_id=236"},"modified":"2022-10-07T21:59:57","modified_gmt":"2022-10-07T19:59:57","slug":"sean-forbes","status":"publish","type":"page","link":"https:\/\/www.sf-germany.org\/einheiten\/uss-hephaistos\/die-crew\/sean-forbes\/","title":{"rendered":"Sean Forbes"},"content":{"rendered":"<p>&nbsp;<\/p>\n<div style=\"float: right; margin-left: 15px; margin-bottom: 15px; font-size: 11px;\">\n<table style=\"border: solid 0px #003366; background: transparent; box-shadow: 0.1em 0.1em 0.5em rgba(255,255,255,0.75); -moz-box-shadow: 0.1em 0.1em 0.5em rgba(255,255,255,0.75); -webkit-box-shadow: 0.1em 0.1em 0.5em rgba(255,255,255,0.75); border-radius: 1em; -moz-border-radius: 1em; -webkit-border-radius: 1em;\" border=\"3\" cellspacing=\"10\" align=\"right\">\n<tbody>\n<tr>\n<td style=\"font-weight: bold; border: solid 0px transparent;\" colspan=\"2\" align=\"center\"><\/td>\n<\/tr>\n<tr>\n<td style=\"background: transparent; border: solid 0px transparent;\" colspan=\"2\" align=\"center\"><a href=\"https:\/\/www.sf-germany.org\/einheiten\/uss-hephaistos\/wp-content\/uploads\/2016\/01\/seanforbes.png\" rel=\"attachment wp-att-120\"><img decoding=\"async\" class=\"alignnone size-full wp-image-120\" src=\"https:\/\/www.sf-germany.org\/einheiten\/uss-hephaistos\/wp-content\/uploads\/2016\/01\/seanforbes.png\" alt=\"seanforbes\" width=\"140\" \/><\/a><\/td>\n<\/tr>\n<tr>\n<td style=\"font-weight: bold; border: solid 0px transparent;\" colspan=\"2\" align=\"center\">Sean Forbes<\/td>\n<\/tr>\n<tr>\n<td style=\"font-weight: bold; border: solid 0px transparent;\" align=\"right\" width=\"50%\">Status<\/td>\n<td style=\"border: solid 0px transparent;\" align=\"left\" width=\"50%\">NPC<\/td>\n<\/tr>\n<tr>\n<td style=\"font-weight: bold; border: solid 0px transparent;\" align=\"right\" width=\"50%\">Spieler<\/td>\n<td style=\"border: solid 0px transparent;\" align=\"left\" width=\"50%\">alle<\/td>\n<\/tr>\n<tr>\n<td style=\"font-weight: bold; border: solid 0px #003366; background: #555; box-shadow: 0.1em 0.1em 0.5em rgba(255,255,255,0.75); -webkit-box-shadow: 0.1em 0.1em 0.5em rgba(255,255,255,0.75); border-radius: 1em; -webkit-border-radius: 1em;\" colspan=\"2\" align=\"center\">Dienstliche Informationen<\/td>\n<\/tr>\n<tr>\n<td style=\"font-weight: bold; border: solid 0px transparent;\" align=\"right\" width=\"50%\">Ranggrafik<\/td>\n<td style=\"border: solid 0px transparent;\" align=\"left\" width=\"50%\"><img loading=\"lazy\" decoding=\"async\" src=\"https:\/\/www.sf-germany.com\/images\/schemata\/sto\/gelb\/ens.png\" alt=\"\" width=\"100\" height=\"25\" \/><\/td>\n<\/tr>\n<tr>\n<td style=\"font-weight: bold; border: solid 0px transparent;\" align=\"right\" width=\"50%\">Rang<\/td>\n<td style=\"border: solid 0px transparent;\" align=\"left\" width=\"50%\">Ensign<\/td>\n<\/tr>\n<tr>\n<td style=\"font-weight: bold; border: solid 0px transparent;\" align=\"right\" width=\"50%\">Posten<\/td>\n<td style=\"border: solid 0px transparent;\" align=\"left\" width=\"50%\">TO<\/td>\n<\/tr>\n<tr>\n<td style=\"font-weight: bold; border: solid 0px transparent;\" align=\"right\" width=\"50%\">Stationierung<\/td>\n<td style=\"border: solid 0px transparent;\" align=\"left\" width=\"50%\">USS Hephaistos<\/td>\n<\/tr>\n<tr>\n<td style=\"font-weight: bold; border: solid 0px #003366; background: #555; box-shadow: 0.1em 0.1em 0.5em rgba(255,255,255,0.75); -webkit-box-shadow: 0.1em 0.1em 0.5em rgba(255,255,255,0.75); border-radius: 1em; -webkit-border-radius: 1em;\" colspan=\"2\" align=\"center\">Biographische Informationen<\/td>\n<\/tr>\n<tr>\n<td style=\"font-weight: bold; border: solid 0px transparent;\" align=\"right\" width=\"50%\">Geburtstag<\/td>\n<td style=\"border: solid 0px transparent;\" align=\"left\" width=\"50%\">2377<\/td>\n<\/tr>\n<tr>\n<td style=\"font-weight: bold; border: solid 0px transparent;\" align=\"right\" width=\"50%\">Geburtsort<\/td>\n<td style=\"border: solid 0px transparent;\" align=\"left\" width=\"50%\">Erde\/Greenock<\/td>\n<\/tr>\n<tr>\n<td style=\"font-weight: bold; border: solid 0px transparent;\" align=\"right\" width=\"50%\">Familienstand<\/td>\n<td style=\"border: solid 0px transparent;\" align=\"left\" width=\"50%\">verheiratet<\/td>\n<\/tr>\n<tr>\n<td style=\"font-weight: bold; border: 0px solid transparent;\" align=\"right\" valign=\"top\" width=\"50%\">Ehepartner<\/td>\n<td style=\"border: 0px solid transparent;\" align=\"left\" width=\"50%\">Akira Forbes 2376,<\/td>\n<\/tr>\n<tr>\n<td style=\"font-weight: bold; border: 0px solid transparent;\" align=\"right\" valign=\"top\" width=\"50%\">Kinder<\/td>\n<td style=\"border: 0px solid transparent;\" align=\"left\" width=\"50%\">\n<div>Kirsty 2398,<br \/>\nRaelyn 2400,<br \/>\nDana 2406<\/div>\n<\/td>\n<\/tr>\n<tr>\n<td style=\"font-weight: bold; border: 0px solid transparent;\" align=\"right\" valign=\"top\" width=\"50%\">Vater<\/td>\n<td style=\"border: 0px solid transparent;\" align=\"left\" width=\"50%\">\n<div>Reed Forbes 2352<\/div>\n<\/td>\n<\/tr>\n<tr>\n<td style=\"font-weight: bold; border: solid 0px transparent;\" align=\"right\" valign=\"top\" width=\"50%\">Mutter<\/td>\n<td style=\"border: solid 0px transparent;\" align=\"left\" width=\"50%\">Davine Forbes 2357<\/td>\n<\/tr>\n<tr>\n<td style=\"font-weight: bold; border: solid 0px transparent;\" align=\"right\" valign=\"top\" width=\"50%\">Geschwister<\/td>\n<td style=\"border: solid 0px transparent;\" align=\"left\" width=\"50%\">Dusten 2378<br \/>\nEwan 2382<br \/>\nCailin 2380<\/td>\n<\/tr>\n<tr>\n<td style=\"font-weight: bold; border: solid 0px transparent;\" align=\"right\" valign=\"top\" width=\"50%\">Haustier<\/td>\n<td style=\"border: solid 0px transparent;\" align=\"left\" width=\"50%\">Katze Timmy<\/td>\n<\/tr>\n<tr>\n<td style=\"font-weight: bold; border: solid 0px #003366; background: #555; box-shadow: 0.1em 0.1em 0.5em rgba(255,255,255,0.75); -webkit-box-shadow: 0.1em 0.1em 0.5em rgba(255,255,255,0.75); border-radius: 1em; -webkit-border-radius: 1em;\" colspan=\"2\" align=\"center\">Physische Beschreibung<\/td>\n<\/tr>\n<tr>\n<td style=\"font-weight: bold; border: solid 0px transparent;\" align=\"right\" width=\"50%\">Spezies<\/td>\n<td style=\"border: solid 0px transparent;\" align=\"left\" width=\"50%\">Mensch<\/td>\n<\/tr>\n<tr>\n<td style=\"font-weight: bold; border: solid 0px transparent;\" align=\"right\" width=\"50%\">Geschlecht<\/td>\n<td style=\"border: solid 0px transparent;\" align=\"left\" width=\"50%\">m\u00e4nnlich<\/td>\n<\/tr>\n<tr>\n<td style=\"font-weight: bold; border: solid 0px transparent;\" align=\"right\" width=\"50%\">Gr\u00f6\u00dfe<\/td>\n<td style=\"border: solid 0px transparent;\" align=\"left\" width=\"50%\">177 cm<\/td>\n<\/tr>\n<tr>\n<td style=\"font-weight: bold; border: solid 0px transparent;\" align=\"right\" width=\"50%\">Gewicht<\/td>\n<td style=\"border: solid 0px transparent;\" align=\"left\" width=\"50%\">110 kg<\/td>\n<\/tr>\n<tr>\n<td style=\"font-weight: bold; border: solid 0px transparent;\" align=\"right\" width=\"50%\">Haarfarbe<\/td>\n<td style=\"border: solid 0px transparent;\" align=\"left\" width=\"50%\">Geheimratsecken,<br \/>\nbraunen Haarkranz<\/td>\n<\/tr>\n<tr>\n<td style=\"font-weight: bold; border: solid 0px transparent;\" align=\"right\" width=\"50%\">Augenfarbe<\/td>\n<td style=\"border: solid 0px transparent;\" align=\"left\" width=\"50%\">braun<\/td>\n<\/tr>\n<tr>\n<td style=\"font-weight: bold; border: solid 0px #003366; background: #555; box-shadow: 0.1em 0.1em 0.5em rgba(255,255,255,0.75); -webkit-box-shadow: 0.1em 0.1em 0.5em rgba(255,255,255,0.75); border-radius: 1em; -webkit-border-radius: 1em;\" colspan=\"2\" align=\"center\">Politische informationen<\/td>\n<\/tr>\n<tr>\n<td style=\"font-weight: bold; border: solid 0px transparent;\" align=\"right\" valign=\"top\" width=\"50%\">Buergerschaft<\/td>\n<td style=\"border: solid 0px transparent;\" align=\"left\" width=\"50%\">F\u00f6derationsb\u00fcrger<\/td>\n<\/tr>\n<\/tbody>\n<\/table>\n<\/div>\n<p><strong><span style=\"font-size: 24pt;\">Lebenslauf<\/span><\/strong><\/p>\n<p>Sean Forbes wuchs mit seinen zwei j\u00fcngeren Br\u00fcdern Dusten und Ewan sowie seiner j\u00fcngeren Schwester Cailin bei seinen Eltern Reed und Davine Forbes in Greenock, Schottland auf, der Stadt, in der er auch geboren wurde. Diese Stadt liegt etwa f\u00fcnfzig Kilometer westlich von Glasgow im nordwestlichen Teil Gro\u00df Britanniens. Sein Vater arbeitete zu diesem Zeitpunkt bei der Greenock Shipyard Co, die schon seit Jahrhunderten Schiffe baute. W\u00e4hrend dies in den Anf\u00e4ngen noch Schiffe f\u00fcr die Royal Navy waren, spezialisierte sich der Betrieb in den letzten 8 Jahrzehnten auf Shuttles. Von fr\u00fcher Jugend an wollte Sean in die Fu\u00dfstapfen seines Vaters treten und Ingenieur werden und interessierte sich daher auch verst\u00e4rkt f\u00fcr die naturwissenschaftlichen Schulf\u00e4cher Mathematik und Physik, privat baute er damals schon kleine Modelle von Shuttles aus Balsaholz. Er war sehr unsportlich spielte trotzdem in der Schule aktiv Squash. Des Weiteren war er auch in einer von der Kirche organisierten Jugendgruppe aktiv t\u00e4tig gewesen.<\/p>\n<p>W\u00e4hrend des Besuchs der Glasgow University lernte er seine zuk\u00fcnftige Frau Akira kennen, die er am 05. Mai 2398 heiratete, zwei Monate sp\u00e4ter kam seine erste Tochter Kirsty zur Welt.<\/p>\n<p>Im Jahr 2399 machte Forbes seinen Bachelor of Science in Mechanical Engineering an der Glasgow University in Schottland. Um dieses Studium zu finanzieren, jobbte er in einer Fischverarbeitungsfabrik in seiner Heimatstadt Greenock. 2399 begann er als Ingenieur in der Greenock Shipyard Co.<\/p>\n<p>Nach der Geburt seiner zweiten Tochter Raelyn 2400 erhielt er allerdings einen Schreibtischjob in der Pressestelle, den er unheimlich hasste, denn er hatte viele innovative Ideen f\u00fcr Antriebe und schnellerer Daten\u00fcbertragungen innerhalb von Shuttles, die er umsetzen wollte. Daher ging Forbes nur 2 Jahre sp\u00e4ter als ziviler Ingenieur zur Sternenflotte. Dort konnte er vieles Umsetzen was in seinem Kopf umher schwirrte.<\/p>\n<p>2406 kam seine letzte Tochter Dana auf die Welt und machte damit die Familie Forbes komplett. Beruflich hingegen konnte Forbes nur bedingt zufrieden sein, es \u00e4rgerte ihn ma\u00dflos, dass er immer wieder von Technikern umgeben war, die der Meinung waren, dass sie sich aufgrund ihrer Uniform auch mehr Wissen zugelegt hatten. Dies nahm er als Anlass sich direkt bei der Sternenflotte zu bewerben.<\/p>\n<hr \/>\n<p><span style=\"font-size: 24pt;\"><strong>Psychologisches Profil<\/strong><\/span><\/p>\n<p>Wenn man Sean zum ersten Mal begegnet, kommt er oft sch\u00fcchtern und unsicher bei seinem Gegen\u00fcber an. Dies legt sich aber nach einigen Tagen und wandelt sich in eine gro\u00dfe Selbstsicherheit, die manche auch als Arroganz auslegen. Bei Freunden, Bekannten und guten Kollegen spielt er oft den Pausenclown und versucht damit aus heiklen Situationen die Anspannung zu nehmen. Mit seiner gro\u00dfen Hilfsbereitschaft, bringt er sich \u00f6fters in Bedr\u00e4ngnis, weil er sich mehr aufl\u00e4dt, als er \u00fcberhaupt bew\u00e4ltigen kann. Bei Streit wird Sean sehr oft und sehr schnell laut und ungerecht. Erst nachdem er sich beruhigt und n\u00e4her \u00fcber diese Situation nachgedacht kann er sich auch durchringen eine andere Meinung zu akzeptieren und sich zu entschuldigen.<\/p>\n<p>Sean ist ein Familienmensch und h\u00e4ngt sehr an seinen Kinder, seiner Frau und seinen Eltern. Bei seiner Bewerbung bei der Sternenflotte hatte er auch nicht im Entferntesten daran gedacht, dass er auf eine Einheit kommen k\u00f6nnte. F\u00fcr ihn war klar er bleibt auf der Erde.<\/p>\n<hr \/>\n<p><strong><span style=\"font-size: 24pt;\">Spezialgebiete<\/span><\/strong><\/p>\n<p>Trotz seines Studiums und seiner beruflichen Erfahrung hatte er ernsthafte Probleme bei der Pilotenausbildung f\u00fcr den Shuttleflug.<\/p>\n<hr \/>\n<p><strong><span style=\"font-size: 24pt;\">Hobbies<\/span><\/strong><\/p>\n<ul>\n<li>Squash<\/li>\n<li>Essen<\/li>\n<\/ul>\n<hr \/>\n<p><span style=\"font-size: 24pt;\"><strong>Medizinisches Profil<\/strong><\/span><\/p>\n<p>Sean hatte alle f\u00fcr die Erde typischen Kinderkrankheiten. Er hat starkes \u00dcbergewicht, das ihn einfach nicht loslassen will.<\/p>\n<hr \/>\n<p><span style=\"font-size: 24pt;\"><strong>Klassifzierte Sektion<\/strong><\/span><\/p>\n<p>keine Eintr\u00e4ge<\/p>\n","protected":false},"excerpt":{"rendered":"<p>&nbsp; Sean Forbes Status NPC Spieler alle Dienstliche Informationen Ranggrafik Rang Ensign Posten TO Stationierung USS Hephaistos Biographische Informationen Geburtstag 2377 Geburtsort Erde\/Greenock Familienstand verheiratet Ehepartner Akira Forbes 2376, Kinder Kirsty 2398, Raelyn 2400, Dana 2406 Vater Reed Forbes 2352 Mutter Davine Forbes 2357 Geschwister Dusten 2378 Ewan 2382 Cailin 2380 Haustier Katze Timmy Physische&#8230;<\/p>\n<p class=\"more-link-wrap\"><a href=\"https:\/\/www.sf-germany.org\/einheiten\/uss-hephaistos\/die-crew\/sean-forbes\/\" class=\"more-link\">Read More<span class=\"screen-reader-text\"> &ldquo;Sean Forbes&rdquo;<\/span> &raquo;<\/a><\/p>\n","protected":false},"author":1,"featured_media":0,"parent":27,"menu_order":5,"comment_status":"closed","ping_status":"closed","template":"page-templates\/medium.php","meta":{"footnotes":""},"class_list":["post-236","page","type-page","status-publish","hentry"],"_links":{"self":[{"href":"https:\/\/www.sf-germany.org\/einheiten\/uss-hephaistos\/wp-json\/wp\/v2\/pages\/236","targetHints":{"allow":["GET"]}}],"collection":[{"href":"https:\/\/www.sf-germany.org\/einheiten\/uss-hephaistos\/wp-json\/wp\/v2\/pages"}],"about":[{"href":"https:\/\/www.sf-germany.org\/einheiten\/uss-hephaistos\/wp-json\/wp\/v2\/types\/page"}],"author":[{"embeddable":true,"href":"https:\/\/www.sf-germany.org\/einheiten\/uss-hephaistos\/wp-json\/wp\/v2\/users\/1"}],"replies":[{"embeddable":true,"href":"https:\/\/www.sf-germany.org\/einheiten\/uss-hephaistos\/wp-json\/wp\/v2\/comments?post=236"}],"version-history":[{"count":3,"href":"https:\/\/www.sf-germany.org\/einheiten\/uss-hephaistos\/wp-json\/wp\/v2\/pages\/236\/revisions"}],"predecessor-version":[{"id":7010,"href":"https:\/\/www.sf-germany.org\/einheiten\/uss-hephaistos\/wp-json\/wp\/v2\/pages\/236\/revisions\/7010"}],"up":[{"embeddable":true,"href":"https:\/\/www.sf-germany.org\/einheiten\/uss-hephaistos\/wp-json\/wp\/v2\/pages\/27"}],"wp:attachment":[{"href":"https:\/\/www.sf-germany.org\/einheiten\/uss-hephaistos\/wp-json\/wp\/v2\/media?parent=236"}],"curies":[{"name":"wp","href":"https:\/\/api.w.org\/{rel}","templated":true}]}}