{"id":238,"date":"2016-01-12T21:01:51","date_gmt":"2016-01-12T20:01:51","guid":{"rendered":"http:\/\/www.sf-germany.org\/einheiten\/hephaistos\/?page_id=238"},"modified":"2022-10-07T12:53:13","modified_gmt":"2022-10-07T10:53:13","slug":"alamea-sungrazer","status":"publish","type":"page","link":"https:\/\/www.sf-germany.org\/einheiten\/uss-hephaistos\/die-crew\/charakter-archiv\/alamea-sungrazer\/","title":{"rendered":"Alamea Sungrazer"},"content":{"rendered":"<p>&nbsp;<\/p>\n<div style=\"float: right; margin-left: 15px; margin-bottom: 15px; font-size: 11px;\">\n<table style=\"border: solid 0px #003366; background: transparent; box-shadow: 0.1em 0.1em 0.5em rgba(255,255,255,0.75); -moz-box-shadow: 0.1em 0.1em 0.5em rgba(255,255,255,0.75); -webkit-box-shadow: 0.1em 0.1em 0.5em rgba(255,255,255,0.75); border-radius: 1em; -moz-border-radius: 1em; -webkit-border-radius: 1em;\" border=\"3\" cellspacing=\"10\" align=\"right\">\n<tbody>\n<tr>\n<td style=\"font-weight: bold; border: 0px solid transparent;\" colspan=\"2\" align=\"center\" width=\"240\"><\/td>\n<\/tr>\n<tr>\n<td style=\"background-color: transparent; border: 0px solid transparent; background-position: initial initial; background-repeat: initial initial;\" colspan=\"2\" align=\"center\" width=\"240\"><a href=\"https:\/\/www.sf-germany.org\/einheiten\/uss-hephaistos\/wp-content\/uploads\/2016\/01\/CharBild.png\" rel=\"attachment wp-att-111\"><img decoding=\"async\" class=\"alignnone size-full wp-image-111\" src=\"https:\/\/www.sf-germany.org\/einheiten\/uss-hephaistos\/wp-content\/uploads\/2016\/01\/CharBild.png\" alt=\"CharBild\" width=\"140\" \/><\/a><\/td>\n<\/tr>\n<tr>\n<td style=\"font-weight: bold; border: 0px solid transparent;\" colspan=\"2\" align=\"center\" width=\"240\">Alamea Sungrazer<\/td>\n<\/tr>\n<tr>\n<td style=\"font-weight: bold; border: 0px solid transparent;\" align=\"right\" width=\"124\">Status<\/td>\n<td style=\"border: 0px solid transparent;\" align=\"left\" width=\"116\">NPC<\/td>\n<\/tr>\n<tr>\n<td style=\"font-weight: bold; border: 0px solid transparent;\" align=\"right\" width=\"124\">Spieler<\/td>\n<td style=\"border: 0px solid transparent;\" align=\"left\" width=\"116\">\u00a0&#8212;<\/td>\n<\/tr>\n<tr>\n<td style=\"font-weight: bold; border: 0px solid #003366; background-color: #555555; box-shadow: rgba(255, 255, 255, 0.746094) 0.1em 0.1em 0.5em; -webkit-box-shadow: rgba(255, 255, 255, 0.746094) 0.1em 0.1em 0.5em; border-top-left-radius: 1em; border-top-right-radius: 1em; border-bottom-right-radius: 1em; border-bottom-left-radius: 1em; background-position: initial initial; background-repeat: initial initial;\" colspan=\"2\" align=\"center\" width=\"240\">Dienstliche Informationen<\/td>\n<\/tr>\n<tr>\n<td style=\"font-weight: bold; border: 0px solid transparent;\" align=\"right\" width=\"124\">Ranggrafik<\/td>\n<td style=\"border: 0px solid transparent;\" align=\"left\" width=\"116\"><img loading=\"lazy\" decoding=\"async\" src=\"https:\/\/www.sf-germany.com\/images\/schemata\/sto\/blau\/ltcmdr.png\" alt=\"\" width=\"100\" height=\"25\" \/><\/td>\n<\/tr>\n<tr>\n<td style=\"font-weight: bold; border: 0px solid transparent;\" align=\"right\" width=\"124\">Rang<\/td>\n<td style=\"border: 0px solid transparent;\" align=\"left\" width=\"116\">Lt.Cmdr.<\/td>\n<\/tr>\n<tr>\n<td style=\"font-weight: bold; border: 0px solid transparent;\" align=\"right\" width=\"124\">Posten<\/td>\n<td style=\"border: 0px solid transparent;\" align=\"left\" width=\"116\">stlv. CWI<\/td>\n<\/tr>\n<tr>\n<td style=\"font-weight: bold; border: 0px solid transparent;\" align=\"right\" width=\"124\">Stationierung<\/td>\n<td style=\"border: 0px solid transparent;\" align=\"left\" width=\"116\">USS Hephaistos<\/td>\n<\/tr>\n<tr>\n<td style=\"font-weight: bold; border: 0px solid #003366; background-color: #555555; box-shadow: rgba(255, 255, 255, 0.746094) 0.1em 0.1em 0.5em; -webkit-box-shadow: rgba(255, 255, 255, 0.746094) 0.1em 0.1em 0.5em; border-top-left-radius: 1em; border-top-right-radius: 1em; border-bottom-right-radius: 1em; border-bottom-left-radius: 1em; background-position: initial initial; background-repeat: initial initial;\" colspan=\"2\" align=\"center\" width=\"240\">Biographische Informationen<\/td>\n<\/tr>\n<tr>\n<td style=\"font-weight: bold; border: 0px solid transparent;\" align=\"right\" width=\"124\">Geburtstag<\/td>\n<td style=\"border: 0px solid transparent;\" align=\"left\" width=\"116\">2382<\/td>\n<\/tr>\n<tr>\n<td style=\"font-weight: bold; border: 0px solid transparent;\" align=\"right\" width=\"124\">Familienstand<\/td>\n<td style=\"border: 0px solid transparent;\" align=\"left\" width=\"116\">ledig<\/td>\n<\/tr>\n<tr>\n<td style=\"font-weight: bold; border: 0px solid transparent;\" align=\"right\" valign=\"top\" width=\"124\">Vater<\/td>\n<td style=\"border: 0px solid transparent;\" align=\"left\" width=\"116\">Baphomet Sungrazer<\/td>\n<\/tr>\n<tr>\n<td style=\"font-weight: bold; border: 0px solid transparent;\" align=\"right\" valign=\"top\" width=\"124\">Mutter<\/td>\n<td style=\"border: 0px solid transparent;\" align=\"left\" width=\"116\">Aiko Yamamoto<\/td>\n<\/tr>\n<tr>\n<td style=\"font-weight: bold; border: 0px solid #003366; background-color: #555555; box-shadow: rgba(255, 255, 255, 0.746094) 0.1em 0.1em 0.5em; -webkit-box-shadow: rgba(255, 255, 255, 0.746094) 0.1em 0.1em 0.5em; border-top-left-radius: 1em; border-top-right-radius: 1em; border-bottom-right-radius: 1em; border-bottom-left-radius: 1em; background-position: initial initial; background-repeat: initial initial;\" colspan=\"2\" align=\"center\" width=\"240\">Physische Beschreibung<\/td>\n<\/tr>\n<tr>\n<td style=\"font-weight: bold; border: 0px solid transparent;\" align=\"right\" width=\"124\">Spezies<\/td>\n<td style=\"border: 0px solid transparent;\" align=\"left\" width=\"116\">Mensch<\/td>\n<\/tr>\n<tr>\n<td style=\"font-weight: bold; border: 0px solid transparent;\" align=\"right\" width=\"124\">Geschlecht<\/td>\n<td style=\"border: 0px solid transparent;\" align=\"left\" width=\"116\">weiblich<\/td>\n<\/tr>\n<tr>\n<td style=\"font-weight: bold; border: 0px solid transparent;\" align=\"right\" width=\"124\">Gr\u00f6\u00dfe<\/td>\n<td style=\"border: 0px solid transparent;\" align=\"left\" width=\"116\">172 cm<\/td>\n<\/tr>\n<tr>\n<td style=\"font-weight: bold; border: 0px solid transparent;\" align=\"right\" width=\"124\">Haarfarbe<\/td>\n<td style=\"border: 0px solid transparent;\" align=\"left\" width=\"116\">schwarz<\/td>\n<\/tr>\n<tr>\n<td style=\"font-weight: bold; border: 0px solid transparent;\" align=\"right\" width=\"124\">Augenfarbe<\/td>\n<td style=\"border: 0px solid transparent;\" align=\"left\" width=\"116\">braun<\/td>\n<\/tr>\n<tr>\n<td style=\"font-weight: bold; border: 0px solid #003366; background-color: #555555; box-shadow: rgba(255, 255, 255, 0.746094) 0.1em 0.1em 0.5em; -webkit-box-shadow: rgba(255, 255, 255, 0.746094) 0.1em 0.1em 0.5em; border-top-left-radius: 1em; border-top-right-radius: 1em; border-bottom-right-radius: 1em; border-bottom-left-radius: 1em; background-position: initial initial; background-repeat: initial initial;\" colspan=\"2\" align=\"center\" width=\"240\">Politische informationen<\/td>\n<\/tr>\n<tr>\n<td style=\"font-weight: bold; border: 0px solid transparent;\" align=\"right\" width=\"124\">Buergerschaft<\/td>\n<td style=\"border: 0px solid transparent;\" align=\"left\" width=\"116\">F\u00f6derationsb\u00fcrger<\/td>\n<\/tr>\n<\/tbody>\n<\/table>\n<\/div>\n<h2>Lebenslauf<\/h2>\n<p>Alameas Eltern waren Kosmopoliten, die beide viel auf Reisen waren und sich zuf\u00e4llig in Paris getroffen haben. Ihre Liebe hielt nur drei Sommer lang und schlie\u00dflich lie\u00df Baphomet seine Frau Aiko mit Alamea allein.<\/p>\n<p>Aiko liebte ihre Tochter abg\u00f6ttisch, konnte aber auch nicht von ihrem unsteten Lebensstil lassen, der die beiden auf weite Reisen und in viele Systeme f\u00fchrte. Als Alamea schlie\u00dflich schulpflichtig wurde, schulte Aiko sie auf einem Internat auf der Erde (Schweiz) ein und nahm sie nur noch in den Ferien zu sich.<\/p>\n<p>Alamea bewunderte stets die Mutter und versuchte, sie durch herausragende Leistungen zu beeindrucken. Der Wunsch, beachtet und bewundert zu werden, war ein wichtiger Impuls f\u00fcr ihren weiteren Lebenswandel.<\/p>\n<p>W\u00e4hrend Alemea in ihrer Schulkarriere in der Mittelstufe im wesentlichen durch eigene Leistungen auffallen wollte, merkte sie ab der Obertertia, dass sie ein angeborenes Talent zur F\u00fchrung hatte. Obwohl in den Jahrgangsverb\u00e4nden keine Sch\u00fcler eine herausragende Position innehatten, blickten bei anstehenden Entscheidungen in der Gruppe viele Augenpaare zu ihr. Die Jungs waren dabei eher von ihrem athletischen K\u00f6rperbau und dem eurasischen Einschlag eingenommen, bei vielen ihrer weiblichen Klassenkameradinnen schaffte sie es stets, den Status einer guten Freundin zu haben.<\/p>\n<p>Beeindruckender H\u00f6hepunkt dieses Geschicks war der Umstand, dass sie in ihrem Abschlussjahrgang die Abschlussrede halten durfte und zur Ballk\u00f6nigin gew\u00e4hlt wurde.<\/p>\n<p>Nach dem Ende ihrer Schullaufbahn standen ihr alle M\u00f6glichkeiten offen. Sie begann mit einem Studium der bildenden K\u00fcnste, dass sie nach einem Jahr abbrach. Sie bewarb sich um eine Anw\u00e4rterstelle f\u00fcr den gehobenen Dienst in der Administration, wo sie auch angenommen wurde. Aber auch hier bemerkte sie nach einem Jahr, dass dort weniger Macht und Einfluss zu erreichen waren, als es ihr vorschwebte.<\/p>\n<p>Auf die Sternenflotte kam sie mehr durch Zufall \u00fcber den Kontakt zu einem ehemaligen Schulkameraden. Er hatte direkt nach dem Ende der Schulzeit als Offiziersanw\u00e4rter begonnen und schw\u00e4rmte ihr von den M\u00f6glichkeiten vor, die die Flotte einem bot. Aus dieser (nicht ganz uneigenn\u00fctzigen) Schilderung ihres Schulkameraden schloss sie, dass sie dort genau das erreichen konnte, was ihr vorschwebte: Aufstieg und Einfluss.<\/p>\n<p>2402 trat Alamea in die Flotte ein<br \/>\n2405 wurde sie als Ens. auf die USS Lancaster versetzt<\/p>\n<p>Auf der Lancaster lebte sie sich schnell ein und fand f\u00fcr ihre besonderen Begabungen ein optimales Umfeld. Die Lancaster war nur selten auf l\u00e4ngeren Missionen, h\u00e4ufig in Erdn\u00e4he stationiert und mit Diplomatentransporten besch\u00e4ftigt. 2410 wurde sie einer der j\u00fcngsten Lt.Cmdr. der Flotte.<\/p>\n<p>Ihr n\u00e4chstes Ziel, ein eigenes Kommando, lie\u00df sich in Erdn\u00e4he nicht mehr so schnell und einfach realisieren. Als sie Ende 2411 von der M\u00f6glichkeit erfuhr, als erster Offizier in der Sigma-Region t\u00e4tig zu werden, griff sie ohne Z\u00f6gern zu. Leider wurden ihre Pl\u00e4ne durch den pl\u00f6tzlichen Tod der CO der USS Hephaistos v\u00f6llig aus der Bahn geworfen. Hatte sie damit gerechnet als n\u00e4chste auf dem CO Sessel platz nehmen zu d\u00fcrfen landete pl\u00f6tzlich eine Versetzung auf den sCWI Posten in ihrer Post.<\/p>\n<p>Au\u00dfer sich \u00fcber diese &#8211; ihrer Meinung nach &#8211; Fehlentscheidung beschwerte si esich an oberster Stelle. Leider hatte auch dies nicht den gew\u00fcnschten Erfolg und da ein verlassen der Flotte f\u00fcr sie nicht in Frage kam, akzeptierte sie die Versetzung. Zumindest so lange bisich eine andere M\u00f6glichkeit bot. Mindestens einmal im Monat bittet sie um Versetzng auf ein anderes Schiff, doch bislang wurden alle Gesuche abgelehnt.<\/p>\n<p>Die Tatsache das ihr immer wiede rein &#8218;gr\u00fcner&#8216; Ensign als Chef vor die Nase gesetzt wird, tr\u00e4gt ebenfalls nicht dazu bei das sie auf dem Schiff bleiben m\u00f6chte. Sie sicht sich als LtCmdr. den anderen \u00fcberlegen und ist zutiefst unzufrieden mit ihrer Situation an Bord. Eine Tatsache die sie alle, besonders Ens. Konda und Ens. (hc.) Kr&#8217;tala, sp\u00fcren l\u00e4\u00dft.<\/p>\n<hr \/>\n<h2>Psychologisches Profil<\/h2>\n<p>Alamea ist fixiert darauf, ihre pers\u00f6nlichen Ziele zu erreichen. Ihr einf\u00fchlsames und einnehmendes Wesen sowie ihre Fixierung auf bestimmte Ziele macht sie zu einer durchsetzungsstarken Verhandlungspartnerin. In die Befehlskette f\u00fcgt sie sich ein, merkt jedoch recht schnell, wenn jemand bez\u00fcglich ihrer Karriere andere Vorstellungen hat als sie. In diesem Fall kann sie auch unkonventionelle Wege, um die Dinge nach ihrem Gusto zu entwickeln.<br \/>\nAlamea geht nur lose pers\u00f6nliche Beziehungen ein. Gepr\u00e4gt durch die Erfahrungen in ihrer Kindheit, h\u00e4lt sie die klassische Zweierbeziehung f\u00fcr kein Erfolgsmodell. Da sie im dienstlichen Betrieb sehr umg\u00e4nglich ist, fehlt es ihr nicht an Verehrern. \u00dcber eine Verabredung zum Lunch kommt allerdings selten einer ihrer Verehrer hinaus.<br \/>\nIhre momentanes berufliches Steckenbleiben frustriert sie \u00fcber alle Ma\u00dfen. Sie versteht nicht wieso man ihr verwehrt einen Kommando Posten zu bekleiden. Nicht einmal eine Abteilungsleitung scheint man ihr auf der Hephaistos zuzutrauen. Diese Frustration ist neu f\u00fcr sie und sie reagiert darauf auf die einzige Art die ihr richtig erscheint. Indem sie es an anderen ausl\u00e4\u00dft. Inzwischen gab es bereits mehrere Beschwerden wegen ihren Verhalten und den mobbingartigen \u00c4u\u00dferungen die sie verlauten l\u00e4\u00dft<\/p>\n<hr \/>\n<h2>Spezialgebiete<\/h2>\n<p>Obwohl sie nicht empathisch begabt ist, hat Alamea ein hervorragendes Einf\u00fchlungsverm\u00f6gen, diese F\u00e4higkeit gilt spezies\u00fcbergreifend.<br \/>\nFerner kann sie sich geistig sehr stark disziplinieren, so dass selbst Empathen ihre wahren Absichten nur schwer erf\u00fchlen k\u00f6nnen.<\/p>\n<p>&nbsp;<\/p>\n<hr \/>\n<h2>Hobbies<\/h2>\n<p>keine<\/p>\n<hr \/>\n<h2>Medizinisches Profil<\/h2>\n<p class=\"vspace\">Keine Krankheiten oder Verletzungen. Alamea ist sehr sportlich und erfreut sich bester Gesundheit.<\/p>\n<hr \/>\n<h2>Klassifzierte Sektion<\/h2>\n<p>keine Eintr\u00e4ge<\/p>\n","protected":false},"excerpt":{"rendered":"<p>&nbsp; Alamea Sungrazer Status NPC Spieler \u00a0&#8212; Dienstliche Informationen Ranggrafik Rang Lt.Cmdr. Posten stlv. CWI Stationierung USS Hephaistos Biographische Informationen Geburtstag 2382 Familienstand ledig Vater Baphomet Sungrazer Mutter Aiko Yamamoto Physische Beschreibung Spezies Mensch Geschlecht weiblich Gr\u00f6\u00dfe 172 cm Haarfarbe schwarz Augenfarbe braun Politische informationen Buergerschaft F\u00f6derationsb\u00fcrger Lebenslauf Alameas Eltern waren Kosmopoliten, die beide viel&#8230;<\/p>\n<p class=\"more-link-wrap\"><a href=\"https:\/\/www.sf-germany.org\/einheiten\/uss-hephaistos\/die-crew\/charakter-archiv\/alamea-sungrazer\/\" class=\"more-link\">Read More<span class=\"screen-reader-text\"> &ldquo;Alamea Sungrazer&rdquo;<\/span> &raquo;<\/a><\/p>\n","protected":false},"author":1,"featured_media":0,"parent":1100,"menu_order":1,"comment_status":"closed","ping_status":"closed","template":"page-templates\/medium.php","meta":{"footnotes":""},"class_list":["post-238","page","type-page","status-publish","hentry"],"_links":{"self":[{"href":"https:\/\/www.sf-germany.org\/einheiten\/uss-hephaistos\/wp-json\/wp\/v2\/pages\/238","targetHints":{"allow":["GET"]}}],"collection":[{"href":"https:\/\/www.sf-germany.org\/einheiten\/uss-hephaistos\/wp-json\/wp\/v2\/pages"}],"about":[{"href":"https:\/\/www.sf-germany.org\/einheiten\/uss-hephaistos\/wp-json\/wp\/v2\/types\/page"}],"author":[{"embeddable":true,"href":"https:\/\/www.sf-germany.org\/einheiten\/uss-hephaistos\/wp-json\/wp\/v2\/users\/1"}],"replies":[{"embeddable":true,"href":"https:\/\/www.sf-germany.org\/einheiten\/uss-hephaistos\/wp-json\/wp\/v2\/comments?post=238"}],"version-history":[{"count":2,"href":"https:\/\/www.sf-germany.org\/einheiten\/uss-hephaistos\/wp-json\/wp\/v2\/pages\/238\/revisions"}],"predecessor-version":[{"id":5548,"href":"https:\/\/www.sf-germany.org\/einheiten\/uss-hephaistos\/wp-json\/wp\/v2\/pages\/238\/revisions\/5548"}],"up":[{"embeddable":true,"href":"https:\/\/www.sf-germany.org\/einheiten\/uss-hephaistos\/wp-json\/wp\/v2\/pages\/1100"}],"wp:attachment":[{"href":"https:\/\/www.sf-germany.org\/einheiten\/uss-hephaistos\/wp-json\/wp\/v2\/media?parent=238"}],"curies":[{"name":"wp","href":"https:\/\/api.w.org\/{rel}","templated":true}]}}