{"id":242,"date":"2016-01-12T21:09:31","date_gmt":"2016-01-12T20:09:31","guid":{"rendered":"http:\/\/www.sf-germany.org\/einheiten\/hephaistos\/?page_id=242"},"modified":"2022-10-07T12:53:14","modified_gmt":"2022-10-07T10:53:14","slug":"krtala","status":"publish","type":"page","link":"https:\/\/www.sf-germany.org\/einheiten\/uss-hephaistos\/die-crew\/charakter-archiv\/krtala\/","title":{"rendered":"Kr&#8217;tala"},"content":{"rendered":"<p>&nbsp;<\/p>\n<div style=\"float: right; margin-left: 15px; margin-bottom: 15px; font-size: 11px;\">\n<table style=\"border: solid 0px #003366; background: transparent; box-shadow: 0.1em 0.1em 0.5em rgba(255,255,255,0.75); -moz-box-shadow: 0.1em 0.1em 0.5em rgba(255,255,255,0.75); -webkit-box-shadow: 0.1em 0.1em 0.5em rgba(255,255,255,0.75); border-radius: 1em; -moz-border-radius: 1em; -webkit-border-radius: 1em;\" border=\"3\" cellspacing=\"10\" align=\"right\">\n<tbody>\n<tr>\n<td style=\"font-weight: bold; border: 0px solid transparent;\" colspan=\"2\" align=\"center\" width=\"240\"><\/td>\n<\/tr>\n<tr>\n<td style=\"background-color: transparent; border: 0px solid transparent; background-position: initial initial; background-repeat: initial initial;\" colspan=\"2\" align=\"center\" width=\"240\"><a href=\"https:\/\/www.sf-germany.org\/einheiten\/uss-hephaistos\/wp-content\/uploads\/2016\/01\/CharBild.png\" rel=\"attachment wp-att-111\"><img loading=\"lazy\" decoding=\"async\" class=\"alignnone size-full wp-image-111\" src=\"https:\/\/www.sf-germany.org\/einheiten\/uss-hephaistos\/wp-content\/uploads\/2016\/01\/CharBild.png\" alt=\"CharBild\" width=\"179\" height=\"140\" \/><\/a><\/td>\n<\/tr>\n<tr>\n<td style=\"font-weight: bold; border: 0px solid transparent;\" colspan=\"2\" align=\"center\" width=\"240\">Kr&#8217;tala<\/td>\n<\/tr>\n<tr>\n<td style=\"font-weight: bold; border: 0px solid transparent;\" align=\"right\" width=\"124\">Status<\/td>\n<td style=\"border: 0px solid transparent;\" align=\"left\" width=\"116\">NPC<\/td>\n<\/tr>\n<tr>\n<td style=\"font-weight: bold; border: 0px solid transparent;\" align=\"right\" width=\"124\">Spieler<\/td>\n<td style=\"border: 0px solid transparent;\" align=\"left\" width=\"116\"><\/td>\n<\/tr>\n<tr>\n<td style=\"font-weight: bold; border: 0px solid #003366; background-color: #555555; box-shadow: rgba(255, 255, 255, 0.746094) 0.1em 0.1em 0.5em; -webkit-box-shadow: rgba(255, 255, 255, 0.746094) 0.1em 0.1em 0.5em; border-top-left-radius: 1em; border-top-right-radius: 1em; border-bottom-right-radius: 1em; border-bottom-left-radius: 1em; background-position: initial initial; background-repeat: initial initial;\" colspan=\"2\" align=\"center\" width=\"240\">Dienstliche Informationen<\/td>\n<\/tr>\n<tr>\n<td style=\"font-weight: bold; border: 0px solid transparent;\" align=\"right\" width=\"124\">Ranggrafik<\/td>\n<td style=\"border: 0px solid transparent;\" align=\"left\" width=\"116\"><img loading=\"lazy\" decoding=\"async\" src=\"https:\/\/www.sf-germany.com\/images\/schemata\/sto\/blau\/ens.png\" alt=\"\" width=\"100\" height=\"25\" \/><\/td>\n<\/tr>\n<tr>\n<td style=\"font-weight: bold; border: 0px solid transparent;\" align=\"right\" width=\"124\">Rang<\/td>\n<td style=\"border: 0px solid transparent;\" align=\"left\" width=\"116\">Ens.hc<\/td>\n<\/tr>\n<tr>\n<td style=\"font-weight: bold; border: 0px solid transparent;\" align=\"right\" width=\"124\">Posten<\/td>\n<td style=\"border: 0px solid transparent;\" align=\"left\" width=\"116\">Wissenschaft<\/td>\n<\/tr>\n<tr>\n<td style=\"font-weight: bold; border: 0px solid transparent;\" align=\"right\" width=\"124\">Stationierung<\/td>\n<td style=\"border: 0px solid transparent;\" align=\"left\" width=\"116\">USS Hephaistos<\/td>\n<\/tr>\n<tr>\n<td style=\"font-weight: bold; border: 0px solid #003366; background-color: #555555; box-shadow: rgba(255, 255, 255, 0.746094) 0.1em 0.1em 0.5em; -webkit-box-shadow: rgba(255, 255, 255, 0.746094) 0.1em 0.1em 0.5em; border-top-left-radius: 1em; border-top-right-radius: 1em; border-bottom-right-radius: 1em; border-bottom-left-radius: 1em; background-position: initial initial; background-repeat: initial initial;\" colspan=\"2\" align=\"center\" width=\"240\">Biographische Informationen<\/td>\n<\/tr>\n<tr>\n<td style=\"font-weight: bold; border: 0px solid transparent;\" align=\"right\" width=\"124\">Geburtstag<\/td>\n<td style=\"border: 0px solid transparent;\" align=\"left\" width=\"116\">2374<\/td>\n<\/tr>\n<tr>\n<td style=\"font-weight: bold; border: 0px solid transparent;\" align=\"right\" width=\"124\">Familienstand<\/td>\n<td style=\"border: 0px solid transparent;\" align=\"left\" width=\"116\">ledig<\/td>\n<\/tr>\n<tr>\n<td style=\"font-weight: bold; border: 0px solid transparent;\" align=\"right\" valign=\"top\" width=\"124\">Vater<\/td>\n<td style=\"border: 0px solid transparent;\" align=\"left\" width=\"116\">unbekannt<\/td>\n<\/tr>\n<tr>\n<td style=\"font-weight: bold; border: 0px solid transparent;\" align=\"right\" valign=\"top\" width=\"124\">Mutter<\/td>\n<td style=\"border: 0px solid transparent;\" align=\"left\" width=\"116\">unbekannt<\/td>\n<\/tr>\n<tr>\n<td style=\"font-weight: bold; border: 0px solid #003366; background-color: #555555; box-shadow: rgba(255, 255, 255, 0.746094) 0.1em 0.1em 0.5em; -webkit-box-shadow: rgba(255, 255, 255, 0.746094) 0.1em 0.1em 0.5em; border-top-left-radius: 1em; border-top-right-radius: 1em; border-bottom-right-radius: 1em; border-bottom-left-radius: 1em; background-position: initial initial; background-repeat: initial initial;\" colspan=\"2\" align=\"center\" width=\"240\">Physische Beschreibung<\/td>\n<\/tr>\n<tr>\n<td style=\"font-weight: bold; border: 0px solid transparent;\" align=\"right\" width=\"124\">Spezies<\/td>\n<td style=\"border: 0px solid transparent;\" align=\"left\" width=\"116\">unbekannt<\/td>\n<\/tr>\n<tr>\n<td style=\"font-weight: bold; border: 0px solid transparent;\" align=\"right\" width=\"124\">Geschlecht<\/td>\n<td style=\"border: 0px solid transparent;\" align=\"left\" width=\"116\">weiblich<\/td>\n<\/tr>\n<tr>\n<td style=\"font-weight: bold; border: 0px solid transparent;\" align=\"right\" width=\"124\">Gr\u00f6\u00dfe<\/td>\n<td style=\"border: 0px solid transparent;\" align=\"left\" width=\"116\">174 cm<\/td>\n<\/tr>\n<tr>\n<td style=\"font-weight: bold; border: 0px solid transparent;\" align=\"right\" width=\"124\">Haarfarbe<\/td>\n<td style=\"border: 0px solid transparent;\" align=\"left\" width=\"116\">fuchsig<\/td>\n<\/tr>\n<tr>\n<td style=\"font-weight: bold; border: 0px solid transparent;\" align=\"right\" width=\"124\">Augenfarbe<\/td>\n<td style=\"border: 0px solid transparent;\" align=\"left\" width=\"116\">orange<\/td>\n<\/tr>\n<tr>\n<td style=\"font-weight: bold; border: 0px solid #003366; background-color: #555555; box-shadow: rgba(255, 255, 255, 0.746094) 0.1em 0.1em 0.5em; -webkit-box-shadow: rgba(255, 255, 255, 0.746094) 0.1em 0.1em 0.5em; border-top-left-radius: 1em; border-top-right-radius: 1em; border-bottom-right-radius: 1em; border-bottom-left-radius: 1em; background-position: initial initial; background-repeat: initial initial;\" colspan=\"2\" align=\"center\" width=\"240\">Politische informationen<\/td>\n<\/tr>\n<tr>\n<td style=\"font-weight: bold; border: 0px solid transparent;\" align=\"right\" width=\"124\">Buergerschaft<\/td>\n<td style=\"border: 0px solid transparent;\" align=\"left\" width=\"116\">unbekannt<\/td>\n<\/tr>\n<\/tbody>\n<\/table>\n<\/div>\n<h2>Lebenslauf<\/h2>\n<p>An einem regnerischen Abend im Jahre 2374 (genaue Geburtsdaten sind ihrem Volk nicht wichtig, also schreiben sie einfach nur das Geburtsjahr in die B\u00fccher) wurde Kr&#8217;tala mit etlichen anderen Geschwistern anderer Eltern (die genau zu kennen ihrem Volk auch nicht wichtig ist: wer zuf\u00e4llig so geboren wird, dass die Eltern genau feststellbar sind, gut, wer zusammen mit anderen in einer &#8222;Massenentbindung&#8220; geboren wird, auch gut) im Gemeinschaftshaus ihres Clans (eigentlich eine Art kleines Dorf. Manche kommen, manche gehen; keineswegs nur eine Familie &#8211; auch wenn die Bindungen der einzelnen dem doch entsprechen) geboren. Sie hatte eine ruhige und beh\u00fctete Kindheit, bis auf die ab und an auftretenden Probleme mit anderen Spezies und der Tatsache, dass man sie w\u00e4hrend ihres Studiums der Astrophysik (das sie auf keinen Fall aufgeben wollte) zur Clansprecherin w\u00e4hlen wollte &#8211; stattdessen konzentrierte sie sich auf die Wissenschaft und das, was sie wirklich interessierte: was ist noch da drau\u00dfen, ausser dem, das wir schon kennen? Nach langem Jahren des Studiums und noch einigen weiteren Jahren des Studiums, die in der F\u00f6deration kein nahes \u00c4quivalent kennen, verlie\u00df sie ihren Planeten als eher unbekannte, aber trotzdem geachtete Wissenschaftlerin ihres Volkes. Zusammen mit etlichen anderen, die sich wie sie gl\u00fccklich sch\u00e4tzten, daf\u00fcr gew\u00e4hlt worden zu sein, machte sie sich in einem der neusten Forschungsschiffe ihrer Spezies auf, die Galaxie zu untersuchen. F\u00fcr eine Weile funktionierte alles pr\u00e4chtig, die Erkenntnisse, die sie sammelten oder best\u00e4tigten, lie\u00dfen schon nach kurzer Zeit alle Zweifel an der Mission als unbegr\u00fcndet erscheinen. Einige Monate nach dem Start untersuchten einen Planeten, als sie von einem bis heute nicht identifiziertem Energiesto\u00df getroffen wurden und notlanden mussten. Das Schiff war irreparabel besch\u00e4digt, die Crew auf dem Planeten gestrandet. Auf diesem Planeten wurde sie einige Jahre sp\u00e4ter von Landurlaubern der Avalon gefunden und letztlich auch gerettet.<\/p>\n<p class=\"vspace\">Unter den F\u00fcchsen ist es \u00fcblich, dass gute Freunde miteinander kuscheln, wenn sie nicht gerade wegen einer nicht privaten Sache zusammen sind. Unter sehr guten Freunden ist es auch nicht verp\u00f6nt, ab und an das eigene Bett mit eben jenen Freunden zu teilen, jedoch nur, wenn es einvernehmlich geschieht, und keinesfalls aus niederen Gr\u00fcnden. So verspielen unter anderem diejenigen, die diese Eigenheit der eigenen Kultur ausnutzen, oder denen, die ihren entsprechenden Freunden tiefere Gef\u00fchle verschweigen, das Vertrauen anderer in sie. Geschieht das, ist es meist sehr schwer, das verlorene Vertrauen zur\u00fcckzugewinnen, wodurch die &#8222;Strafe&#8220; faktisch den Ausschluss aus dem eigenen Freundeskreis bedeutet. Aus der Tatsache, dass die F\u00fcchse befellt sind, ist eine f\u00fcr die meisten V\u00f6lker eigent\u00fcmliche Kleiderordnung erwachsen. Mit Stoff bedeckt wird regelm\u00e4\u00dfig nur das, was nicht von Fell bedeckt wird. Nat\u00fcrlich existieren Ausnahmen, aber die meisten F\u00fcchse zeichnen Situationen, die sie als nicht privat empfinden, aus, zum Beispiel durch passende Halst\u00fccher oder Schals.<\/p>\n<hr \/>\n<h2>Psychologisches Profil<\/h2>\n<p>Die Jahre auf dem Planeten in v\u00f6lliger Einsamkeit haben ihre Spuren auf Kr&#8217;talas Psyche hinterlassen. Sie ist sehr schreckhaft und generell misstrauisch, starrt f\u00fcr ausgedehnte Zeitperioden nur aus dem Fenster oder in die Sterne, scheinbar in Gedanken. Gegen\u00fcber anderen ist sie immer vorsichtig, es ist schwer, sie zu erreichen. Hat man das aber geschafft, ist sie eine nette, wenn auch verschlossene Person. Nach den Jahren auf dem Planeten tut ihr die Gesellschaft an Bord der Avalon zwar gut, doch f\u00fchlt sie sich noch immer einsam und verloren zwischen den vielen Personen, denen sie zwar ihr Leben anvertrauen muss, die sie aber gar nicht kennt. Dieser Umstand macht ihr sehr zu schaffen, aber allem Anschein nach kommt sie langsam immer besser damit zurecht und lebt sich, so gut sie es kann, in die Crew ein.<\/p>\n<p class=\"vspace\">Aus ihren Beobachtungen der Crew hat sie gefolgert, dass das Volk, in das sie geraten, sich doch stark von ihrem unterscheidet, und versucht, nicht viel zu tun, was andere um sie herum nicht auch tun.<\/p>\n<h3>Addendum, 2411<\/h3>\n<p>Nach nun fast eine Jahr auf dem Schiff hat Kr&#8217;tala sich weitestgehend an die Crew gew\u00f6hnt, und die Crew an sie. Ihr urspr\u00fcngliches Misstrauen ist vorsichtiger Neugier gewichen, und \u00f6fter als nicht \u00fcbertritt Kr&#8217;tala in ihrer Neugier Grenzen, von denen sie vorher noch nichts wusste. Meistens ist sie davon f\u00fcr einige Tage so demoralisiert, dass sie jeden nicht unbedingt n\u00f6tigen Kontakt vermeidet.<\/p>\n<hr \/>\n<h2>Spezialgebiete<\/h2>\n<h3>Sprachkenntnisse<\/h3>\n<p>ihre eigene Sprache, Bruchst\u00fccke Standard<\/p>\n<h3>Sonstiges<\/h3>\n<p>Sie h\u00f6rt, sieht und riecht besser als das durchschnittliche Crewmitglied.<\/p>\n<hr \/>\n<h2>Hobbies<\/h2>\n<p>Normalerweise lesen und wissenschaftliche Dinge, die sie interessieren. Manchmal auch Fremden, die sie gerettet haben, helfen, sich nicht in zu gro\u00dfe Schwierigkeiten zu bringen. Wenn sie gerade nicht so viel zu tun hat, das Astrolab umprogrammieren, um schneller das tun zu k\u00f6nnen, was sie will.<\/p>\n<hr \/>\n<h2>Medizinisches Profil<\/h2>\n<p>Die fast zwei Jahre allein auf dem Planeten haben ihrer Gesundheit im gro\u00dfen und ganzen nicht geschadet. Zwar kam sie unterern\u00e4hrt auf die Avalon, aber davon abgesehen ist sie kerngesund. Etliche Knochenbr\u00fcche, die sie sich wohl w\u00e4hrend ihrer Zeit auf dem Planeten zugezogen hat, sind f\u00fcr die dortigen Verh\u00e4ltnisse sehr gut verheilt, Allergien sind keine bekannt. Eigentlich w\u00e4re Kr&#8217;tala leicht kurzsichtig, doch wie fast alle ihrer Spezies hat sie diesen Mangel korrigieren lassen. In vielerlei Hinsicht kann man sie mit einem \u00fcbergro\u00dfen, intelligenten irdischen Fuchs vergleichen: sie hat gro\u00dfe, empfindliche Ohren, lichtempfindliche Augen \u00e4hnlich einer Katze und eine Fellmusterung, die den F\u00fcchsen \u00e4hnelt. Ihre H\u00e4nde sind im Gegensatz zu denen vieler bekannter nichthumanoider Spezies denen der Humanoiden \u00e4hnlich entwickelt, aber mit l\u00e4ngeren Fingern und generell schlankerer Gestalt. Statt Fingern\u00e4geln hat sie krallen\u00e4hnliche Gebilde, die sich einige Millimeter bewegen lassen und von ihrer Spezies generell so kurz gehalten werden, dass sie normalerweise unsichtbar sind, uns so rund, dass sie niemanden unabsichtlich verletzen k\u00f6nnten. Wie viele andere vergleichbare Spezies ist sie Zeheng\u00e4nger und tr\u00e4gt einen Schwanz, der wahrscheinlich eine nun ihr Gleichgewicht unterst\u00fctzende Funktion hat.<\/p>\n<hr \/>\n<h2>Klassifzierte Sektion<\/h2>\n<p>Eigentlich heisst Kr&#8217;tala nicht Kr&#8217;tala, sondern Tai. Das Pr\u00e4fix &#8222;Kr&#8220; wird von ihrem Volk benutzt wie der Namenszusatz &#8222;Dr&#8220; in anderen Kulturen, das von Tai abgeleitete Tala kommt aus einer \u00e4hnlichen Richtung. Ihren urspr\u00fcnglichen Namen Tai beh\u00e4lt sie, wie alle anderen F\u00fcchse, f\u00fcr ihren Freundeskreis.<\/p>\n","protected":false},"excerpt":{"rendered":"<p>&nbsp; Kr&#8217;tala Status NPC Spieler Dienstliche Informationen Ranggrafik Rang Ens.hc Posten Wissenschaft Stationierung USS Hephaistos Biographische Informationen Geburtstag 2374 Familienstand ledig Vater unbekannt Mutter unbekannt Physische Beschreibung Spezies unbekannt Geschlecht weiblich Gr\u00f6\u00dfe 174 cm Haarfarbe fuchsig Augenfarbe orange Politische informationen Buergerschaft unbekannt Lebenslauf An einem regnerischen Abend im Jahre 2374 (genaue Geburtsdaten sind ihrem Volk&#8230;<\/p>\n<p class=\"more-link-wrap\"><a href=\"https:\/\/www.sf-germany.org\/einheiten\/uss-hephaistos\/die-crew\/charakter-archiv\/krtala\/\" class=\"more-link\">Read More<span class=\"screen-reader-text\"> &ldquo;Kr&#8217;tala&rdquo;<\/span> &raquo;<\/a><\/p>\n","protected":false},"author":1,"featured_media":0,"parent":1100,"menu_order":8,"comment_status":"closed","ping_status":"closed","template":"page-templates\/medium.php","meta":{"footnotes":""},"class_list":["post-242","page","type-page","status-publish","hentry"],"_links":{"self":[{"href":"https:\/\/www.sf-germany.org\/einheiten\/uss-hephaistos\/wp-json\/wp\/v2\/pages\/242","targetHints":{"allow":["GET"]}}],"collection":[{"href":"https:\/\/www.sf-germany.org\/einheiten\/uss-hephaistos\/wp-json\/wp\/v2\/pages"}],"about":[{"href":"https:\/\/www.sf-germany.org\/einheiten\/uss-hephaistos\/wp-json\/wp\/v2\/types\/page"}],"author":[{"embeddable":true,"href":"https:\/\/www.sf-germany.org\/einheiten\/uss-hephaistos\/wp-json\/wp\/v2\/users\/1"}],"replies":[{"embeddable":true,"href":"https:\/\/www.sf-germany.org\/einheiten\/uss-hephaistos\/wp-json\/wp\/v2\/comments?post=242"}],"version-history":[{"count":2,"href":"https:\/\/www.sf-germany.org\/einheiten\/uss-hephaistos\/wp-json\/wp\/v2\/pages\/242\/revisions"}],"predecessor-version":[{"id":5608,"href":"https:\/\/www.sf-germany.org\/einheiten\/uss-hephaistos\/wp-json\/wp\/v2\/pages\/242\/revisions\/5608"}],"up":[{"embeddable":true,"href":"https:\/\/www.sf-germany.org\/einheiten\/uss-hephaistos\/wp-json\/wp\/v2\/pages\/1100"}],"wp:attachment":[{"href":"https:\/\/www.sf-germany.org\/einheiten\/uss-hephaistos\/wp-json\/wp\/v2\/media?parent=242"}],"curies":[{"name":"wp","href":"https:\/\/api.w.org\/{rel}","templated":true}]}}