{"id":572,"date":"2018-04-08T11:49:52","date_gmt":"2018-04-08T09:49:52","guid":{"rendered":"http:\/\/www.sf-germany.org\/einheiten\/hephaistos\/?page_id=572"},"modified":"2024-04-01T01:35:24","modified_gmt":"2024-03-31T23:35:24","slug":"nicolas-st-john","status":"publish","type":"page","link":"https:\/\/www.sf-germany.org\/einheiten\/uss-hephaistos\/die-crew\/nicolas-st-john\/","title":{"rendered":"Nicolas St.John"},"content":{"rendered":"<p>&nbsp;<\/p>\n<div style=\"float: right; margin-left: 15px; margin-bottom: 15px; font-size: 11px;\">\n<table style=\"border: solid 0px #003366; background: transparent; box-shadow: 0.1em 0.1em 0.5em rgba(255,255,255,0.75); -moz-box-shadow: 0.1em 0.1em 0.5em rgba(255,255,255,0.75); -webkit-box-shadow: 0.1em 0.1em 0.5em rgba(255,255,255,0.75); border-radius: 1em; -moz-border-radius: 1em; -webkit-border-radius: 1em;\" border=\"3\" cellspacing=\"10\" align=\"right\">\n<tbody>\n<tr>\n<td style=\"font-weight: bold; border: 0px solid transparent;\" colspan=\"2\" align=\"center\" width=\"240\"><\/td>\n<\/tr>\n<tr>\n<td style=\"background-color: transparent; border: 0px solid transparent; background-position: initial initial; background-repeat: initial initial;\" colspan=\"2\" align=\"center\" width=\"240\"><img loading=\"lazy\" decoding=\"async\" class=\"aligncenter size-thumbnail wp-image-575\" src=\"https:\/\/www.sf-germany.org\/einheiten\/uss-hephaistos\/wp-content\/uploads\/Nick-StJohn-150x150.jpg\" alt=\"\" width=\"150\" height=\"150\" \/><\/td>\n<\/tr>\n<tr>\n<td style=\"font-weight: bold; border: 0px solid transparent;\" colspan=\"2\" align=\"center\" width=\"240\">Nicolas \u201eNick\u201c St.John<\/td>\n<\/tr>\n<tr>\n<td style=\"font-weight: bold; border: 0px solid transparent;\" align=\"right\" width=\"124\">Status<\/td>\n<td style=\"border: 0px solid transparent;\" align=\"left\" width=\"116\">NPC<\/td>\n<\/tr>\n<tr>\n<td style=\"font-weight: bold; border: 0px solid transparent;\" align=\"right\" width=\"124\">Spieler<\/td>\n<td style=\"border: 0px solid transparent;\" align=\"left\" width=\"116\">Debora<\/td>\n<\/tr>\n<tr>\n<td style=\"font-weight: bold; border: 0px solid #003366; background-color: #555555; box-shadow: rgba(255, 255, 255, 0.746094) 0.1em 0.1em 0.5em; -webkit-box-shadow: rgba(255, 255, 255, 0.746094) 0.1em 0.1em 0.5em; border-top-left-radius: 1em; border-top-right-radius: 1em; border-bottom-right-radius: 1em; border-bottom-left-radius: 1em; background-position: initial initial; background-repeat: initial initial;\" colspan=\"2\" align=\"center\" width=\"240\">Dienstliche Informationen<\/td>\n<\/tr>\n<tr>\n<td style=\"font-weight: bold; border: 0px solid transparent;\" align=\"right\" width=\"124\">Ranggrafik<\/td>\n<td style=\"border: 0px solid transparent;\" align=\"left\" width=\"116\"><img loading=\"lazy\" decoding=\"async\" src=\"https:\/\/www.sf-germany.com\/images\/schemata\/sto\/weiss\/ziv.png\" alt=\"\" width=\"100\" height=\"25\" \/><\/td>\n<\/tr>\n<tr>\n<td style=\"font-weight: bold; border: 0px solid transparent;\" align=\"right\" width=\"124\">Rang<\/td>\n<td style=\"border: 0px solid transparent;\" align=\"left\" width=\"116\">Zivilist<\/td>\n<\/tr>\n<tr>\n<td style=\"font-weight: bold; border: 0px solid transparent;\" align=\"right\" width=\"124\">Posten<\/td>\n<td style=\"border: 0px solid transparent;\" align=\"left\" width=\"116\">Barkeeper<\/td>\n<\/tr>\n<tr>\n<td style=\"font-weight: bold; border: 0px solid transparent;\" align=\"right\" width=\"124\">Stationierung<\/td>\n<td style=\"border: 0px solid transparent;\" align=\"left\" width=\"116\">USS Hephaistos<\/td>\n<\/tr>\n<tr>\n<td style=\"font-weight: bold; border: 0px solid #003366; background-color: #555555; box-shadow: rgba(255, 255, 255, 0.746094) 0.1em 0.1em 0.5em; -webkit-box-shadow: rgba(255, 255, 255, 0.746094) 0.1em 0.1em 0.5em; border-top-left-radius: 1em; border-top-right-radius: 1em; border-bottom-right-radius: 1em; border-bottom-left-radius: 1em; background-position: initial initial; background-repeat: initial initial;\" colspan=\"2\" align=\"center\" width=\"240\">Biographische Informationen<\/td>\n<\/tr>\n<tr>\n<td style=\"font-weight: bold; border: 0px solid transparent;\" align=\"right\" width=\"124\">Geburtsort<\/td>\n<td style=\"border: 0px solid transparent;\" align=\"left\" width=\"116\">Erde \/ Los Angeles<\/td>\n<\/tr>\n<tr>\n<td style=\"font-weight: bold; border: 0px solid transparent;\" align=\"right\" width=\"124\">Geburtstag<\/td>\n<td style=\"border: 0px solid transparent;\" align=\"left\" width=\"116\">31.10.2390<\/td>\n<\/tr>\n<tr>\n<td style=\"font-weight: bold; border: 0px solid transparent;\" align=\"right\" width=\"124\">Familienstand<\/td>\n<td style=\"border: 0px solid transparent;\" align=\"left\" width=\"116\">ledig<\/td>\n<\/tr>\n<tr>\n<td style=\"font-weight: bold; border: 0px solid #003366; background-color: #555555; box-shadow: rgba(255, 255, 255, 0.746094) 0.1em 0.1em 0.5em; -webkit-box-shadow: rgba(255, 255, 255, 0.746094) 0.1em 0.1em 0.5em; border-top-left-radius: 1em; border-top-right-radius: 1em; border-bottom-right-radius: 1em; border-bottom-left-radius: 1em; background-position: initial initial; background-repeat: initial initial;\" colspan=\"2\" align=\"center\" width=\"240\">Physische Beschreibung<\/td>\n<\/tr>\n<tr>\n<td style=\"font-weight: bold; border: 0px solid transparent;\" align=\"right\" width=\"124\">Spezies<\/td>\n<td style=\"border: 0px solid transparent;\" align=\"left\" width=\"116\">Mensch<\/td>\n<\/tr>\n<tr>\n<td style=\"font-weight: bold; border: 0px solid transparent;\" align=\"right\" width=\"124\">Geschlecht<\/td>\n<td style=\"border: 0px solid transparent;\" align=\"left\" width=\"116\">m\u00e4nnlich<\/td>\n<\/tr>\n<tr>\n<td style=\"font-weight: bold; border: 0px solid transparent;\" align=\"right\" width=\"124\">Gr\u00f6\u00dfe<\/td>\n<td style=\"border: 0px solid transparent;\" align=\"left\" width=\"116\">185 cm<\/td>\n<\/tr>\n<tr>\n<td style=\"font-weight: bold; border: 0px solid transparent;\" align=\"right\" width=\"124\">Gewicht<\/td>\n<td style=\"border: 0px solid transparent;\" align=\"left\" width=\"116\">80 kg<\/td>\n<\/tr>\n<tr>\n<td style=\"font-weight: bold; border: 0px solid transparent;\" align=\"right\" width=\"124\">Haarfarbe<\/td>\n<td style=\"border: 0px solid transparent;\" align=\"left\" width=\"116\">goldblond<\/td>\n<\/tr>\n<tr>\n<td style=\"font-weight: bold; border: 0px solid transparent;\" align=\"right\" width=\"124\">Augenfarbe<\/td>\n<td style=\"border: 0px solid transparent;\" align=\"left\" width=\"116\">himmelblau<\/td>\n<\/tr>\n<tr>\n<td style=\"font-weight: bold; border: 0px solid transparent;\" align=\"right\" width=\"124\">Hautfarbe<\/td>\n<td style=\"border: 0px solid transparent;\" align=\"left\" width=\"116\">kaukasisch, stets gebr\u00e4unt<\/td>\n<\/tr>\n<tr>\n<td style=\"font-weight: bold; border: 0px solid #003366; background-color: #555555; box-shadow: rgba(255, 255, 255, 0.746094) 0.1em 0.1em 0.5em; -webkit-box-shadow: rgba(255, 255, 255, 0.746094) 0.1em 0.1em 0.5em; border-top-left-radius: 1em; border-top-right-radius: 1em; border-bottom-right-radius: 1em; border-bottom-left-radius: 1em; background-position: initial initial; background-repeat: initial initial;\" colspan=\"2\" align=\"center\" width=\"240\">Politische informationen<\/td>\n<\/tr>\n<tr>\n<td style=\"font-weight: bold; border: 0px solid transparent;\" align=\"right\" width=\"124\">Buergerschaft<\/td>\n<td style=\"border: 0px solid transparent;\" align=\"left\" width=\"116\">F\u00f6deration<\/td>\n<\/tr>\n<\/tbody>\n<\/table>\n<\/div>\n<p><span style=\"font-size: 24pt;\"><strong>Lebenslauf<\/strong><\/span><\/p>\n<p>Nick wurde als einziges Kind gut situierter Eltern, die beide in ihrem eigenen Unternehmen lebten und arbeiteten, geboren und hatte nie eine Sorge in seinem jungen Leben, bis auf \u2026. Langeweile.<\/p>\n<p>Da seine Eltern nie wirklich Zeit f\u00fcr ihn hatten, ihm im Gegenzug jedoch die Welt offen stand, nabelte er sich schnell von der ohnehin unterk\u00fchlten Beziehung zu seinen Eltern ab und wurde fr\u00fch selbst\u00e4ndig. Er unternahm Ausfl\u00fcge, ging Risiken ein und suchte sich so viel Gesellschaft, wie er nur konnte. Wilde Partys, anstrengende Hikes, gef\u00e4hrliche Sportarten \u2013 er probierte alles, was er nur finden konnte. Ziemlich sorglos ging er an alles heran, so, als k\u00f6nne ihn nie wirklich etwas treffen und alles w\u00fcrde immer gut gehen. Durch sein gutes Aussehen, seinen umwerfenden angeborenen Charme und seine Ausstrahlung als Sunnyboy, dem man nie wirklich b\u00f6se sein konnte und auf den die M\u00e4dchen nur so flogen, hatte er bei all dem kaum Schwierigkeiten, was er weidlich ausnutzte.<\/p>\n<p>Nick schuf sich einen Ruf als wagemutiger Tausendsassa, als Playboy, als Draufg\u00e4nger, als Partyl\u00f6we. Und das alles noch vor seinem 20. Geburtstag. Auf Schule, Studium oder gar Ausbildung hatte er schlicht keine Lust, er wollte lieber das s\u00fc\u00dfe Leben genie\u00dfen.<\/p>\n<p>Im Jahr 2410 hatten Nick und drei seiner Freunde bei einer besonders schwierigen Klettertour in den Rocky Mountains, w\u00e4hrend der die Gruppe wegen des Nervenkitzels auf jegliche Sicherheitsvorkehrungen verzichtet hatte, einen schweren Unfall. Nick und zwei andere wurden schwer verletzt und die vierte der Gruppe, seine Freundin, starb dabei.<\/p>\n<p>W\u00e4hrend der folgenden Rekonvaleszenz plagten ihn Schock, Trauer und schwere Schuldgef\u00fchle und er begann, sein Leben zu \u00fcberdenken. Nick war klar, dass er so nicht weitermachen konnte. Doch war ihm ebenso klar, dass er Herausforderungen der anderen Art brauchte. Auf der Erde \u2013 und in der N\u00e4he seiner Eltern \u2013 hielt ihn nichts mehr.<\/p>\n<p>Als er wieder genesen war, beschloss er, einen Neuanfang zu wagen. Wenn er bei den vielen Partys, auf denen er sich fr\u00fcher tummelte, eins gelernt hatte, dann, Cocktails zu mixen und unterhaltsam zu sein. Daher war das Naheliegendste f\u00fcr ihn, Barkeeper zu werden. Kurzentschlossen schiffte er sich nach DS9 ein, wo er Kontakt zu einem Barbesitzer hatte, den er von fr\u00fcher kannte und der Hilfe brauchte. Bei diesem fing er an zu arbeiten und erfuhr erstaunlicherweise zum ersten Mal in seinem Leben so etwas wie Befriedigung. Er h\u00e4tte es nie vermutet, doch es erf\u00fcllte ihn mit Gl\u00fcck, anderen Wesen ihren Feierabend zu vers\u00fc\u00dfen, angeregte Gespr\u00e4che an der Bar zu f\u00fchren, Leute zum Lachen zu bringen oder zu tr\u00f6sten, je nach dem, und generell f\u00fcr andere da zu sein. Und da auf DS9 ein st\u00e4ndiges Kommen und Gehen herrschte, hatte er immer wieder andere, neue G\u00e4ste und neue Geschichten und es wurde ihm nicht mehr langweilig.<\/p>\n<p>Seine abenteuerlichen Hobbies f\u00fchrte er fortan nur noch im Holodeck aus.<\/p>\n<p>Daher blieb er der Anstellung in dieser Bar treu, bis er im Jahr 2415 das Angebot bekam, die Bar auf dem Sternenflottenschiff USS Hephaistos zu f\u00fchren. Eine neue Herausforderung, die Nick nur zu gerne annahm.<\/p>\n<hr \/>\n<p><strong><span style=\"font-size: 24pt;\">Psychologisches Profil<\/span><\/strong><\/p>\n<p>Nick ist ein umg\u00e4nglicher, charmanter Kerl, der ein sicheres Gesp\u00fcr f\u00fcr die Stimmung seiner Umgebung und seines direkten Gegen\u00fcbers hat. Er scheint immer genau zu wissen, wann ein Scherz angebracht ist und wann Ernst, wann er schweigen sollte, und wann er eine Unterhaltung beginnen und die Aufmerksamkeit auf sich ziehen sollte. Er verf\u00fcgt \u00fcber eine gro\u00dfe empathische Gabe, die er gelernt hat, zu seinem Vorteil einzusetzen, aber auch zum Vorteil seiner G\u00e4ste.<\/p>\n<p>Dennoch ist er recht egozentrisch und neigt dazu, sich selbst zu \u00fcbersch\u00e4tzen. Er ist in hohem Ma\u00dfe risikobereit und neigt dazu, spontan zu reagieren und zu handeln und erst sp\u00e4ter dar\u00fcber nachzudenken, welche Konsequenzen sich vielleicht daraus ergeben.<\/p>\n<p>Generell ist er jedoch ein herzlicher, aufrichtiger Mann, der echte W\u00e4rme ausstrahlen kann, wenn ihm jemand sympathisch ist. Lernt man ihn gut genug kennen, um hinter seine charmante, fr\u00f6hliche Fassade zu blicken, erblickt man einen nachdenklichen jungen Mann, der hier und da philosophische Ans\u00e4tze zeigt.<\/p>\n<hr \/>\n<p><strong><span style=\"font-size: 24pt;\">Spezialgebiete<\/span><\/strong><\/p>\n<ul>\n<li>Gut in vielen Sportarten, sportlich auch immer an Neuem interessiert<\/li>\n<li>Feiner Geschmackssinn, kreiert gerne neue Drinks und Cocktails<\/li>\n<li>Kann gut singen<\/li>\n<li>Modisches Feingef\u00fchl, guter Berater in Modedingen<\/li>\n<\/ul>\n<hr \/>\n<p><span style=\"font-size: 24pt;\"><strong>Medizinisches Profil<\/strong><\/span><\/p>\n<p>Nach einem Kletterunfall hatte er schwere innere Verletzungen sowie ein Sch\u00e4deltrauma und etliche Knochenbr\u00fcche. Alles ist restlos verheilt.<br \/>\nAnsonsten kerngesund.<\/p>\n<hr \/>\n<p><span style=\"font-size: 24pt;\"><strong>Klassifzierte Sektion<\/strong><\/span><\/p>\n<p>k.A.<\/p>\n","protected":false},"excerpt":{"rendered":"<p>&nbsp; Nicolas \u201eNick\u201c St.John Status NPC Spieler Debora Dienstliche Informationen Ranggrafik Rang Zivilist Posten Barkeeper Stationierung USS Hephaistos Biographische Informationen Geburtsort Erde \/ Los Angeles Geburtstag 31.10.2390 Familienstand ledig Physische Beschreibung Spezies Mensch Geschlecht m\u00e4nnlich Gr\u00f6\u00dfe 185 cm Gewicht 80 kg Haarfarbe goldblond Augenfarbe himmelblau Hautfarbe kaukasisch, stets gebr\u00e4unt Politische informationen Buergerschaft F\u00f6deration Lebenslauf Nick&#8230;<\/p>\n<p class=\"more-link-wrap\"><a href=\"https:\/\/www.sf-germany.org\/einheiten\/uss-hephaistos\/die-crew\/nicolas-st-john\/\" class=\"more-link\">Read More<span class=\"screen-reader-text\"> &ldquo;Nicolas St.John&rdquo;<\/span> &raquo;<\/a><\/p>\n","protected":false},"author":1,"featured_media":0,"parent":27,"menu_order":15,"comment_status":"closed","ping_status":"closed","template":"page-templates\/medium.php","meta":{"footnotes":""},"class_list":["post-572","page","type-page","status-publish","hentry"],"_links":{"self":[{"href":"https:\/\/www.sf-germany.org\/einheiten\/uss-hephaistos\/wp-json\/wp\/v2\/pages\/572","targetHints":{"allow":["GET"]}}],"collection":[{"href":"https:\/\/www.sf-germany.org\/einheiten\/uss-hephaistos\/wp-json\/wp\/v2\/pages"}],"about":[{"href":"https:\/\/www.sf-germany.org\/einheiten\/uss-hephaistos\/wp-json\/wp\/v2\/types\/page"}],"author":[{"embeddable":true,"href":"https:\/\/www.sf-germany.org\/einheiten\/uss-hephaistos\/wp-json\/wp\/v2\/users\/1"}],"replies":[{"embeddable":true,"href":"https:\/\/www.sf-germany.org\/einheiten\/uss-hephaistos\/wp-json\/wp\/v2\/comments?post=572"}],"version-history":[{"count":6,"href":"https:\/\/www.sf-germany.org\/einheiten\/uss-hephaistos\/wp-json\/wp\/v2\/pages\/572\/revisions"}],"predecessor-version":[{"id":8170,"href":"https:\/\/www.sf-germany.org\/einheiten\/uss-hephaistos\/wp-json\/wp\/v2\/pages\/572\/revisions\/8170"}],"up":[{"embeddable":true,"href":"https:\/\/www.sf-germany.org\/einheiten\/uss-hephaistos\/wp-json\/wp\/v2\/pages\/27"}],"wp:attachment":[{"href":"https:\/\/www.sf-germany.org\/einheiten\/uss-hephaistos\/wp-json\/wp\/v2\/media?parent=572"}],"curies":[{"name":"wp","href":"https:\/\/api.w.org\/{rel}","templated":true}]}}