{"id":593,"date":"2018-04-09T10:48:40","date_gmt":"2018-04-09T08:48:40","guid":{"rendered":"http:\/\/www.sf-germany.org\/einheiten\/hephaistos\/?page_id=593"},"modified":"2022-10-07T12:53:14","modified_gmt":"2022-10-07T10:53:14","slug":"isarielthriara-lisyhra","status":"publish","type":"page","link":"https:\/\/www.sf-germany.org\/einheiten\/uss-hephaistos\/die-crew\/charakter-archiv\/isarielthriara-lisyhra\/","title":{"rendered":"Isarielth&#8217;riara Lisyhra"},"content":{"rendered":"<p>&nbsp;<\/p>\n<div style=\"float: right; margin-left: 15px; margin-bottom: 15px; font-size: 11px;\">\n<table style=\"border: solid 0px #003366; background: transparent; box-shadow: 0.1em 0.1em 0.5em rgba(255,255,255,0.75); -moz-box-shadow: 0.1em 0.1em 0.5em rgba(255,255,255,0.75); -webkit-box-shadow: 0.1em 0.1em 0.5em rgba(255,255,255,0.75); border-radius: 1em; -moz-border-radius: 1em; -webkit-border-radius: 1em;\" border=\"3\" cellspacing=\"10\" align=\"right\">\n<tbody>\n<tr>\n<td style=\"font-weight: bold; border: solid 0px transparent;\" colspan=\"2\" align=\"center\"><\/td>\n<\/tr>\n<tr>\n<td style=\"background: transparent; border: solid 0px transparent;\" colspan=\"2\" align=\"center\"><a href=\"https:\/\/www.sf-germany.org\/einheiten\/uss-hephaistos\/wp-content\/uploads\/2016\/01\/CharBild.png\" rel=\"attachment wp-att-111\"><img decoding=\"async\" class=\"alignnone size-full wp-image-111\" src=\"https:\/\/www.sf-germany.org\/einheiten\/uss-hephaistos\/wp-content\/uploads\/2016\/01\/CharBild.png\" alt=\"CharBild\" width=\"140\" \/><\/a><\/td>\n<\/tr>\n<tr>\n<td style=\"font-weight: bold; border: solid 0px transparent;\" colspan=\"2\" align=\"center\">Isarielth&#8217;riara Lisyhra<\/td>\n<\/tr>\n<tr>\n<td style=\"font-weight: bold; border: solid 0px transparent;\" align=\"right\" width=\"50%\">Status<\/td>\n<td style=\"border: solid 0px transparent;\" align=\"left\" width=\"50%\">NPC<\/td>\n<\/tr>\n<tr>\n<td style=\"font-weight: bold; border: solid 0px transparent;\" align=\"right\" width=\"50%\">Spieler<\/td>\n<td style=\"border: solid 0px transparent;\" align=\"left\" width=\"50%\">Michel<\/td>\n<\/tr>\n<tr>\n<td style=\"font-weight: bold; border: solid 0px #003366; background: #555; box-shadow: 0.1em 0.1em 0.5em rgba(255,255,255,0.75); -webkit-box-shadow: 0.1em 0.1em 0.5em rgba(255,255,255,0.75); border-radius: 1em; -webkit-border-radius: 1em;\" colspan=\"2\" align=\"center\">Dienstliche Informationen<\/td>\n<\/tr>\n<tr>\n<td style=\"font-weight: bold; border: solid 0px transparent;\" align=\"right\" width=\"50%\">Ranggrafik<\/td>\n<td style=\"border: solid 0px transparent;\" align=\"left\" width=\"50%\"><img loading=\"lazy\" decoding=\"async\" src=\"https:\/\/www.sf-germany.com\/images\/schemata\/sto\/rot\/cmdr.png\" alt=\"\" width=\"100\" height=\"25\" \/><\/td>\n<\/tr>\n<tr>\n<td style=\"font-weight: bold; border: solid 0px transparent;\" align=\"right\" width=\"50%\">Rang<\/td>\n<td style=\"border: solid 0px transparent;\" align=\"left\" width=\"50%\">Commander<\/td>\n<\/tr>\n<tr>\n<td style=\"font-weight: bold; border: solid 0px transparent;\" align=\"right\" width=\"50%\">Posten<\/td>\n<td style=\"border: solid 0px transparent;\" align=\"left\" width=\"50%\">TAK<\/td>\n<\/tr>\n<tr>\n<td style=\"font-weight: bold; border: solid 0px transparent;\" align=\"right\" width=\"50%\">Stationierung<\/td>\n<td style=\"border: solid 0px transparent;\" align=\"left\" width=\"50%\">USS Hephaistos<\/td>\n<\/tr>\n<tr>\n<td style=\"font-weight: bold; border: solid 0px #003366; background: #555; box-shadow: 0.1em 0.1em 0.5em rgba(255,255,255,0.75); -webkit-box-shadow: 0.1em 0.1em 0.5em rgba(255,255,255,0.75); border-radius: 1em; -webkit-border-radius: 1em;\" colspan=\"2\" align=\"center\">Biographische Informationen<\/td>\n<\/tr>\n<tr>\n<td style=\"font-weight: bold; border: solid 0px transparent;\" align=\"right\" width=\"50%\">Geburtstag<\/td>\n<td style=\"border: solid 0px transparent;\" align=\"left\" width=\"50%\">1.5.2280<\/td>\n<\/tr>\n<tr>\n<td style=\"font-weight: bold; border: solid 0px transparent;\" align=\"right\" width=\"50%\">Geburtsort<\/td>\n<td style=\"border: solid 0px transparent;\" align=\"left\" width=\"50%\">Eldar<\/td>\n<\/tr>\n<tr>\n<td style=\"font-weight: bold; border: solid 0px transparent;\" align=\"right\" width=\"50%\">Familienstand<\/td>\n<td style=\"border: solid 0px transparent;\" align=\"left\" width=\"50%\">ledig<\/td>\n<\/tr>\n<tr>\n<td style=\"font-weight: bold; border: solid 0px transparent;\" align=\"right\" width=\"50%\">Familie<\/td>\n<td style=\"border: solid 0px transparent;\" align=\"left\" width=\"50%\">Vater:<br \/>\nGalGadraanthil Lisyhra<br \/>\nMutter:<br \/>\nLith&#8217;riararielriel Lisyhra geb.<br \/>\nMyha&#8217;yinnyhrahia<br \/>\nSchwester:<br \/>\nCiihia<\/td>\n<\/tr>\n<tr>\n<td style=\"font-weight: bold; border: solid 0px transparent;\" align=\"right\" width=\"50%\">haustier<\/td>\n<td style=\"border: solid 0px transparent;\" align=\"left\" width=\"50%\">wei\u00dfer Wolf \u201eSilathir\u201c<br \/>\n(Himmelblaue Augen,<br \/>\nSchulterh\u00f6he 85 cm, flauschiges Fell)<\/td>\n<\/tr>\n<tr>\n<td style=\"font-weight: bold; border: solid 0px transparent;\" align=\"right\" width=\"50%\">Religion<\/td>\n<td style=\"border: solid 0px transparent;\" align=\"left\" width=\"50%\">Iluvatar<\/td>\n<\/tr>\n<tr>\n<td style=\"font-weight: bold; border: solid 0px #003366; background: #555; box-shadow: 0.1em 0.1em 0.5em rgba(255,255,255,0.75); -webkit-box-shadow: 0.1em 0.1em 0.5em rgba(255,255,255,0.75); border-radius: 1em; -webkit-border-radius: 1em;\" colspan=\"2\" align=\"center\">Physische Beschreibung<\/td>\n<\/tr>\n<tr>\n<td style=\"font-weight: bold; border: solid 0px transparent;\" align=\"right\" width=\"50%\">Spezies<\/td>\n<td style=\"border: solid 0px transparent;\" align=\"left\" width=\"50%\">Eldaril<\/td>\n<\/tr>\n<tr>\n<td style=\"font-weight: bold; border: solid 0px transparent;\" align=\"right\" width=\"50%\">Geschlecht<\/td>\n<td style=\"border: solid 0px transparent;\" align=\"left\" width=\"50%\">weiblich<\/td>\n<\/tr>\n<tr>\n<td style=\"font-weight: bold; border: solid 0px transparent;\" align=\"right\" width=\"50%\">Gr\u00f6\u00dfe<\/td>\n<td style=\"border: solid 0px transparent;\" align=\"left\" width=\"50%\">200 cm<\/td>\n<\/tr>\n<tr>\n<td style=\"font-weight: bold; border: solid 0px transparent;\" align=\"right\" width=\"50%\">Gr\u00f6\u00dfe<\/td>\n<td style=\"border: solid 0px transparent;\" align=\"left\" width=\"50%\">80 kg<\/td>\n<\/tr>\n<tr>\n<td style=\"font-weight: bold; border: solid 0px transparent;\" align=\"right\" width=\"50%\">Hautfarbe<\/td>\n<td style=\"border: solid 0px transparent;\" align=\"left\" width=\"50%\">hell, aber nicht blass<\/td>\n<\/tr>\n<tr>\n<td style=\"font-weight: bold; border: solid 0px transparent;\" align=\"right\" width=\"50%\">Haarfarbe<\/td>\n<td style=\"border: solid 0px transparent;\" align=\"left\" width=\"50%\">Blond, schulterlang,<br \/>\noffen getragen<\/td>\n<\/tr>\n<tr>\n<td style=\"font-weight: bold; border: solid 0px transparent;\" align=\"right\" width=\"50%\">Augenfarbe<\/td>\n<td style=\"border: solid 0px transparent;\" align=\"left\" width=\"50%\">hellblau<\/td>\n<\/tr>\n<tr>\n<td style=\"font-weight: bold; border: solid 0px #003366; background: #555; box-shadow: 0.1em 0.1em 0.5em rgba(255,255,255,0.75); -webkit-box-shadow: 0.1em 0.1em 0.5em rgba(255,255,255,0.75); border-radius: 1em; -webkit-border-radius: 1em;\" colspan=\"2\" align=\"center\">Politische informationen<\/td>\n<\/tr>\n<tr>\n<td style=\"font-weight: bold; border: solid 0px transparent;\" align=\"right\" width=\"50%\">Buergerschaft<\/td>\n<td style=\"border: solid 0px transparent;\" align=\"left\" width=\"50%\">Eldaril<\/td>\n<\/tr>\n<tr>\n<td style=\"font-weight: bold; border: solid 0px transparent;\" align=\"right\" width=\"50%\"><\/td>\n<td style=\"border: solid 0px transparent;\" align=\"left\" width=\"50%\"><\/td>\n<\/tr>\n<\/tbody>\n<\/table>\n<\/div>\n<h2>Lebenslauf<\/h2>\n<p>Lisyhra wurde als erstes Kind von GalGadraanthil und Lith&#8217;riararielriel geboren. Sie durchlief eine weitestgehend sorgenfreie Kindheit und Jugend. Die schulischen Leitungen waren immer in den oberen 10% des Durchschnitts zu finden.<br \/>\nNach ihrem Abschluss, \u00e4hnlich einem Abitur, studierte sie Rechtskunde (international), Sprachen (F\u00f6deration Standard, Klingonisch, Cardassianisch) und Biologie. Als Nebenfach Mathematik.<\/p>\n<p>Nach ihrem Abschluss der Studien, wie zu erwarten war unter den Top-10, setzte sie die Studien Fort. Medizin, Exomedizin (Menschen und Vulkanier),\u00a0 Exobiologie, Sprachen (Ferengie, Bajoranisch,Vulkanisch), Astronomie. Nebenfach: Warpantriebe, Technologie.<\/p>\n<p>Nach Abschluss dieser, erneut sehr erfolgreichen Studien (zuz\u00fcglich der Zeit ihren Doktor als Arzt zu machen), nahm sie ein ungew\u00f6hnliches Angebot an. Dieses hatte sie wohl ihrem Vater zu verdanken, welcher einen Platz im \u00c4ltestenrat inne hatte. Das Angebot kam von Isara Liriel, einer Abgeordneten der Eldaril im F\u00f6derationsrat. Zuerst h\u00f6rte es sich kompliziert und nach viel Arbeit an. Assistent eines Ratsmitgliedes. Trotzdem nahm sie das Angebot an. Bei ihrer Aussendungsfeier erhielt sie ihren wei\u00df Wolf Silathir, welcher noch heute oft an ihrer Seite zu finden ist.<\/p>\n<p>Auf der Erde angekommen konnte sie umgehend im B\u00fcro der Abgeordneten antreten. Zu dieser Zeit war Isara schon im weisen Alter von 200 Jahren. Sie bat Lisyhra platz zu nehmen und servierte selber Eistee.<\/p>\n<p>\u201eIch denke, sie haben keine wirkliche Idee was sie hier tun sollen.\u201c, er\u00f6ffnete die Abgeordnete.<\/p>\n<p>\u201eNicht wirklich, ma\u2019am.\u201c<\/p>\n<p>\u201eNun \u2026 In Wirklichkeit brauche ich sie nicht. Ich habe genug Leute.\u201c<\/p>\n<p>Bei dieser Er\u00f6ffnung klappte Lisyhra vor \u00dcberraschung der Mund auf. Dazu fiel ihr keine antwort ein.<\/p>\n<p>\u201eDer eigentliche Grund ist recht einfach. Sie sollen ihr volles Potential entfalten. Uneingeschr\u00e4nkt. Es ist leider so, dass, *meiner Ansicht nach*, auf unserer Heimatwelt zu wenig getan wird um das Potential von Studenten zu erkennen und m\u00f6glichen Kandidaten Wege auf zu zeigen dieses zu entfalten und, zum Wohle unseres Volkes, zu nutzen. Ich habe Mittel und Wege Potential zu entdecken. Sie sind ein Kandidat mit sehr hohem Potential.\u201c<\/p>\n<p>Das klang verwirrend f\u00fcr Lisyhra, hatte aber auch irgendwo Hand und Fu\u00df. Denn tats\u00e4chlich sie hatte niemals jemand wirklich motiviert und angetrieben.<\/p>\n<p>\u201eWas erwarten sie?\u201c<\/p>\n<p>\u201eOffiziell sind sie Mitglied meines Stabs. Also Diplomat. Ihr Job \u2026 Gehen sie in sich. \u00dcberdenken sie ihre Interessen. Pr\u00fcfen sie ihre Ziele. Die Erde hat hunderte an Universit\u00e4ten. Nutzen sie das.<\/p>\n<p>Ziele \u2026 Etwas \u00fcber dass sie nie wirklich tiefer gehend nachgedacht hatte.<\/p>\n<p><strong>== Tabellarischer Lebenslauf mit Studien und Dienstlaufbahn ==<\/strong><\/p>\n<ul>\n<li>2280 \u2013 2286 Kindheit<\/li>\n<li>2286 \u2013 2298 Schulzeit bis Abitur<\/li>\n<li>2299 \u2013 2302 Studieng\u00e4nge: internationale Rechtskunde, Sprachen (F\u00f6deration Standard, Klingonisch, Cardassianisch), Biologie, Mathematik<\/li>\n<li>2303 \u2013 2309 Studieng\u00e4nge. Medizin, Exomedizin, Exobiologie, Chemie. Sprachen (Ferengie, Bajoranisch,Vulkanisch), Astronomie. Nebenfach: Warpantriebe, Technologie.<\/li>\n<li>2310 Lisyhra verl\u00e4sst Eldar um der Abgesandten der Eldaril im F\u00f6derationsrat zu assistieren<\/li>\n<li>2310 \u2013 2318 Um den Schein des Diplomaten zu wahren studiert sie in San Francisco viele Kulturen und Sprachen der F\u00f6derationsmitglieder. Gleichzeitig studiert sie Physik, Infrarotastronomie (Bachelor of Science) und vertiefend F\u00f6derationsrecht (Erste und zweite juristische Pr\u00fcfung).<\/li>\n<li>*2316 wird aus dem \u201aSchein\u2019 Wirklichkeit, als sie ihrer Mentorin Isara Liriel in diversen Ratsangelegenheiten als Berater und Beistand hilft. Als Volljurist mit der\u201eBef\u00e4higung zum h\u00f6heren allgemeinen Verwaltungsdienst der F\u00f6deration\u201c erregt sie Aufsehen, als sie einige Ratsmitglieder mit ihrer Sch\u00f6nheit verf\u00fchrt, in juristische Fallstricke leitet, um dann etliche Leute b\u00f6se zu Fall zu bringen. Sie gewinnt sehr viele Anh\u00e4nger, macht sich aber auch reichlich (politische) Feinde.<\/li>\n<li>** Ab 2316 ist sie, nicht nur als Jurist\/Rechtsanwalt, \u00f6fters an der Seite von Isara Liriel im F\u00f6rerations Rat zu sehen.<\/li>\n<li>2319 \u2013 2325 fortgesetzte Studien und Forschung Astronomie. Bestandene Disputation in \u201eDynamik der Milchstra\u00dfe\u201c.<\/li>\n<li>2326 \u2013 2331 Eine leichte Verletzung an der Pfote ihres Wolfes inspiriert sie zum Studium der Tiermedizin. -&gt; Dr. med. vet.<\/li>\n<li>2333 \u2013 2342 Motiviert durch das erfolgreiche Studium zum Dr. med. vet. M\u00f6chte sie ihre medizinischen Studien von Eldar best\u00e4tigt bekommen und vertiefen. Durch diverse Unterschiede bedingt muss sie einiges dazu lernen, aber ich enormes Vorwissen verk\u00fcrzt die Studienzeit trotzdem. Fachrichtungen: Allgemein Medizin, Chirurgie und Pharmakologie \/ Toxikologie. Abgeschlossen: Dr. med. (Allg. Medizin) Dr. med. (Chirurgie \u2013 Herz, Lunge, Gef\u00e4\u00dfe) Dr. pharm. (Pharmazie)<\/li>\n<li>2343 \u2013 2353 Nach dem medizinischen Studien arbeitet sie als Dozent (2350 Dr. habil. (habilitatus) ) und, nun wieder \u00f6fters, f\u00fcr Isara Liriel.<\/li>\n<li>2354 \u2013 2365 trotz gro\u00dfer Beliebtheit unter den Studierenden gibt sie ihr Lehramt auf und widmet sich etwas mehr dem Geschehen des F\u00f6derationsrates. Gleichzeitig erwacht ihr Interesse an Musik. Sie lernt die Leier und Harfe zu spielen.<\/li>\n<li>2366 \u2013 2373 Diverse Eins\u00e4tze als Diplomat oder einer diplomatischen Abordnung, sowohl auf Welten der F\u00f6deration, als auch nicht f\u00f6derierter Planeten.<\/li>\n<li>2374 \u2013 2377 Zur\u00fcck auf der Erde entschlie\u00dft sie sich ihre Handwerklichen F\u00e4higkeiten zu Schulen und erlernt den Beruf des Schreiners, Tischlers und Schnitzen.<\/li>\n<li>2378 \u2013 2385 Erneute T\u00e4tigkeit im F\u00f6derationsrat als Berater und Sprecher der Eldaril.<\/li>\n<li>2386 \u2013 2392 Lisyhra verl\u00e4sst die Erde und geht auf Reisen, um zu sich selbst zu finden und um erneut zu ergr\u00fcnden wie ihre Zukunft aussehen soll.<\/li>\n<\/ul>\n<p>&nbsp;<\/p>\n<p><strong>==Sternenflottenlaufbahn==<\/strong><\/p>\n<ul>\n<li>2393 \u2013 2396 Sternenflottenakademie: Schwerpunkt Technik, Antriebe<\/li>\n<li>2397 \u2013 2400 Sternenflottenakademie: Schwerpunkt Sicherheit\/Taktik<\/li>\n<li>Anm.: Alle medizinischen Titel werden anerkannt.<\/li>\n<li>2401 \u2013 2404 Stationiert als CSO auf der USS Avalon und Bef\u00f6rderung zum LTJG<\/li>\n<li>2405 &#8211; 24010 Versetzung auf die USS Aldrich NCC-74235 (Galaxy-Klasse) als TO. Bef\u00f6rderung zum LT<\/li>\n<li>2410- 2414 Als die USS Aldrich au\u00dfer dienst gestellt wird, wird sie als CM auf die USS Devisor NCC-56899 (Legacy-Klasse) versetzt. Bef\u00f6rderung zum LTCDR und CDR<\/li>\n<li>2415 Versetzung auf die USS Hephaistos<\/li>\n<\/ul>\n<hr \/>\n<h2>Psychologisches Profil<\/h2>\n<p><strong>Positiv:<\/strong><\/p>\n<ul>\n<li>Extrem hoher Bildungsstand<\/li>\n<li>Geduldig<\/li>\n<li>Zielorientiert<\/li>\n<li>Ausgepr\u00e4gtes diplomatisches Geschick<\/li>\n<li>Akribisch<\/li>\n<\/ul>\n<p><strong>Negativ:<\/strong><\/p>\n<ul>\n<li>Bedingte Teamf\u00e4higkeit<\/li>\n<li>Bedingt gesellig<\/li>\n<li>Reserviert (nicht beruflich!)<\/li>\n<li>Keinerlei sexuelle Erfahrung<\/li>\n<li>Kompliziert, wenn man sie nicht l\u00e4nger kennt<\/li>\n<li>Sehr selbstkritisch<\/li>\n<\/ul>\n<p>&nbsp;<\/p>\n<h3>Hobbies<\/h3>\n<ul>\n<li>Holzverarbeitung \u2013 bevorzugt Schnitzen,<\/li>\n<li>Leier und Harfe spielen,<\/li>\n<li>Schwertkampf,<\/li>\n<li>Bogenschie\u00dfen<\/li>\n<\/ul>\n<hr \/>\n<h2>Medizinisches Profil<\/h2>\n<p>Lisyhra ist in bester gesundheitlicher Verfassung<\/p>\n<hr \/>\n<h2>Klassifizierte Sektion<\/h2>\n<p>keine Eintr\u00e4ge<\/p>\n","protected":false},"excerpt":{"rendered":"<p>&nbsp; Isarielth&#8217;riara Lisyhra Status NPC Spieler Michel Dienstliche Informationen Ranggrafik Rang Commander Posten TAK Stationierung USS Hephaistos Biographische Informationen Geburtstag 1.5.2280 Geburtsort Eldar Familienstand ledig Familie Vater: GalGadraanthil Lisyhra Mutter: Lith&#8217;riararielriel Lisyhra geb. Myha&#8217;yinnyhrahia Schwester: Ciihia haustier wei\u00dfer Wolf \u201eSilathir\u201c (Himmelblaue Augen, Schulterh\u00f6he 85 cm, flauschiges Fell) Religion Iluvatar Physische Beschreibung Spezies Eldaril Geschlecht weiblich&#8230;<\/p>\n<p class=\"more-link-wrap\"><a href=\"https:\/\/www.sf-germany.org\/einheiten\/uss-hephaistos\/die-crew\/charakter-archiv\/isarielthriara-lisyhra\/\" class=\"more-link\">Read More<span class=\"screen-reader-text\"> &ldquo;Isarielth&#8217;riara Lisyhra&rdquo;<\/span> &raquo;<\/a><\/p>\n","protected":false},"author":1,"featured_media":0,"parent":1100,"menu_order":21,"comment_status":"closed","ping_status":"closed","template":"page-templates\/medium.php","meta":{"footnotes":""},"class_list":["post-593","page","type-page","status-publish","hentry"],"_links":{"self":[{"href":"https:\/\/www.sf-germany.org\/einheiten\/uss-hephaistos\/wp-json\/wp\/v2\/pages\/593","targetHints":{"allow":["GET"]}}],"collection":[{"href":"https:\/\/www.sf-germany.org\/einheiten\/uss-hephaistos\/wp-json\/wp\/v2\/pages"}],"about":[{"href":"https:\/\/www.sf-germany.org\/einheiten\/uss-hephaistos\/wp-json\/wp\/v2\/types\/page"}],"author":[{"embeddable":true,"href":"https:\/\/www.sf-germany.org\/einheiten\/uss-hephaistos\/wp-json\/wp\/v2\/users\/1"}],"replies":[{"embeddable":true,"href":"https:\/\/www.sf-germany.org\/einheiten\/uss-hephaistos\/wp-json\/wp\/v2\/comments?post=593"}],"version-history":[{"count":7,"href":"https:\/\/www.sf-germany.org\/einheiten\/uss-hephaistos\/wp-json\/wp\/v2\/pages\/593\/revisions"}],"predecessor-version":[{"id":5611,"href":"https:\/\/www.sf-germany.org\/einheiten\/uss-hephaistos\/wp-json\/wp\/v2\/pages\/593\/revisions\/5611"}],"up":[{"embeddable":true,"href":"https:\/\/www.sf-germany.org\/einheiten\/uss-hephaistos\/wp-json\/wp\/v2\/pages\/1100"}],"wp:attachment":[{"href":"https:\/\/www.sf-germany.org\/einheiten\/uss-hephaistos\/wp-json\/wp\/v2\/media?parent=593"}],"curies":[{"name":"wp","href":"https:\/\/api.w.org\/{rel}","templated":true}]}}