{"id":6149,"date":"2021-01-02T21:03:03","date_gmt":"2021-01-02T20:03:03","guid":{"rendered":"http:\/\/www.sf-germany.org\/einheiten\/uss-hephaistos\/?page_id=6149"},"modified":"2022-10-07T21:58:33","modified_gmt":"2022-10-07T19:58:33","slug":"inari-sato","status":"publish","type":"page","link":"https:\/\/www.sf-germany.org\/einheiten\/uss-hephaistos\/die-crew\/inari-sato\/","title":{"rendered":"Inari Sato"},"content":{"rendered":"<div style=\"float: right; margin-left: 15px; margin-bottom: 15px; font-size: 11px; width: 350px; padding-left: 10px; padding-right: 10px;\">\n<table style=\"border: 0px solid #003366; background: transparent; box-shadow: rgba(255, 255, 255, 0.75) 0.1em 0.1em 0.5em; border-radius: 1em; width: 100%; height: 531px;\" border=\"3\" cellspacing=\"10\" align=\"right\">\n<tbody>\n<tr style=\"height: 15px;\">\n<td style=\"font-weight: bold; border: 0px solid transparent; width: 100%; height: 15px;\" colspan=\"2\" align=\"center\"><\/td>\n<\/tr>\n<tr style=\"height: 143px;\">\n<td style=\"background: transparent; border: 0px solid transparent; width: 100%; height: 143px;\" colspan=\"2\" align=\"center\"><a href=\"https:\/\/www.sf-germany.org\/einheiten\/uss-hephaistos\/wp-content\/uploads\/2016\/01\/CharBild.png\" rel=\"attachment wp-att-117\"><img loading=\"lazy\" decoding=\"async\" class=\"alignnone wp-image-6152 size-medium\" src=\"https:\/\/www.sf-germany.org\/einheiten\/uss-hephaistos\/wp-content\/uploads\/Inari-Sato-003-klein-279x300.png\" alt=\"\" width=\"279\" height=\"300\" srcset=\"https:\/\/www.sf-germany.org\/einheiten\/uss-hephaistos\/wp-content\/uploads\/Inari-Sato-003-klein-279x300.png 279w, https:\/\/www.sf-germany.org\/einheiten\/uss-hephaistos\/wp-content\/uploads\/Inari-Sato-003-klein.png 481w\" sizes=\"auto, (max-width: 279px) 100vw, 279px\" \/><\/a><\/td>\n<\/tr>\n<tr style=\"height: 15px;\">\n<td style=\"font-weight: bold; border: 0px solid transparent; width: 100%; height: 15px;\" colspan=\"2\" align=\"center\"><b>Inari Sato<\/b><\/td>\n<\/tr>\n<tr style=\"height: 15px;\">\n<td style=\"font-weight: bold; border: 0px solid transparent; width: 50%; height: 15px;\" align=\"right\" width=\"50%\">Status<\/td>\n<td style=\"border: 0px solid transparent; width: 50%; height: 15px;\" align=\"left\" width=\"50%\">NPC<\/td>\n<\/tr>\n<tr style=\"height: 15px;\">\n<td style=\"font-weight: bold; border: 0px solid transparent; width: 50%; height: 15px;\" align=\"right\" width=\"50%\">Spieler<\/td>\n<td style=\"border: 0px solid transparent; width: 50%; height: 15px;\" align=\"left\" width=\"50%\">Friddi H.<\/td>\n<\/tr>\n<tr style=\"height: 15px;\">\n<td style=\"font-weight: bold; border: 0px solid #003366; background: #555555; box-shadow: rgba(255, 255, 255, 0.75) 0.1em 0.1em 0.5em; border-radius: 1em; width: 100%; height: 15px;\" colspan=\"2\" align=\"center\">Dienstliche Informationen<\/td>\n<\/tr>\n<tr style=\"height: 28px;\">\n<td style=\"font-weight: bold; border: 0px solid transparent; width: 50%; height: 28px;\" align=\"right\" width=\"50%\">Ranggrafik<\/td>\n<td style=\"border: 0px solid transparent; width: 50%; height: 28px;\" align=\"left\" width=\"50%\"><img decoding=\"async\" class=\"alignnone\" src=\"https:\/\/www.sf-germany.com\/images\/schemata\/sto\/gelb\/ltjg.png\" alt=\"\" width=\"100\" \/><\/td>\n<\/tr>\n<tr style=\"height: 15px;\">\n<td style=\"font-weight: bold; border: 0px solid transparent; width: 50%; height: 15px;\" align=\"right\" width=\"50%\">Rang<\/td>\n<td style=\"border: 0px solid transparent; width: 50%; height: 15px;\" align=\"left\" width=\"50%\">Lieutenant j.g.<\/td>\n<\/tr>\n<tr style=\"height: 15px;\">\n<td style=\"font-weight: bold; border: 0px solid transparent; width: 50%; height: 15px;\" align=\"right\" width=\"50%\">Posten<\/td>\n<td style=\"border: 0px solid transparent; width: 50%; height: 15px;\" align=\"left\" width=\"50%\">Ressourcen-<br \/>\nmanagment<\/td>\n<\/tr>\n<tr style=\"height: 15px;\">\n<td style=\"font-weight: bold; border: 0px solid transparent; width: 50%; height: 15px;\" align=\"right\" width=\"50%\">Stationierung<\/td>\n<td style=\"border: 0px solid transparent; width: 50%; height: 15px;\" align=\"left\" width=\"50%\">USS Hephaistos<\/td>\n<\/tr>\n<tr style=\"height: 15px;\">\n<td style=\"font-weight: bold; border: 0px solid #003366; background: #555555; box-shadow: rgba(255, 255, 255, 0.75) 0.1em 0.1em 0.5em; border-radius: 1em; width: 100%; height: 15px;\" colspan=\"2\" align=\"center\">Physische Beschreibung<\/td>\n<\/tr>\n<tr style=\"height: 15px;\">\n<td style=\"font-weight: bold; border: 0px solid transparent; width: 50%; height: 15px;\" align=\"right\" width=\"50%\">Spezies<\/td>\n<td style=\"border: 0px solid transparent; width: 50%; height: 15px;\" align=\"left\" width=\"50%\">Mensch<\/td>\n<\/tr>\n<tr style=\"height: 15px;\">\n<td style=\"font-weight: bold; border: 0px solid transparent; width: 50%; height: 15px;\" align=\"right\" width=\"50%\">Geschlecht<\/td>\n<td style=\"border: 0px solid transparent; width: 50%; height: 15px;\" align=\"left\" width=\"50%\">weiblich<\/td>\n<\/tr>\n<tr style=\"height: 15px;\">\n<td style=\"font-weight: bold; border: 0px solid transparent; width: 50%; height: 15px;\" align=\"right\" width=\"50%\">Gr\u00f6\u00dfe<\/td>\n<td style=\"border: 0px solid transparent; width: 50%; height: 15px;\" align=\"left\" width=\"50%\">\u00a0175 cm<\/td>\n<\/tr>\n<tr style=\"height: 15px;\">\n<td style=\"font-weight: bold; border: 0px solid transparent; width: 50%; height: 15px;\" align=\"right\" width=\"50%\">Gewicht<\/td>\n<td style=\"border: 0px solid transparent; width: 50%; height: 15px;\" align=\"left\" width=\"50%\">69 kg<\/td>\n<\/tr>\n<tr style=\"height: 15px;\">\n<td style=\"font-weight: bold; border: 0px solid transparent; width: 50%; height: 15px;\" align=\"right\" width=\"50%\">Hautfarbe<\/td>\n<td style=\"border: 0px solid transparent; width: 50%; height: 15px;\" align=\"left\" width=\"50%\">wei\u00df<\/td>\n<\/tr>\n<tr style=\"height: 15px;\">\n<td style=\"font-weight: bold; border: 0px solid transparent; width: 50%; height: 15px;\" align=\"right\" width=\"50%\">Haarfarbe<\/td>\n<td style=\"border: 0px solid transparent; width: 50%; height: 15px;\" align=\"left\" width=\"50%\">schwarz<\/td>\n<\/tr>\n<tr style=\"height: 15px;\">\n<td style=\"font-weight: bold; border: 0px solid transparent; width: 50%; height: 15px;\" align=\"right\" width=\"50%\">Augenfarbe<\/td>\n<td style=\"border: 0px solid transparent; width: 50%; height: 15px;\" align=\"left\" width=\"50%\">braun<\/td>\n<\/tr>\n<tr style=\"height: 15px;\">\n<td style=\"font-weight: bold; border: 0px solid #003366; background: #555555; box-shadow: rgba(255, 255, 255, 0.75) 0.1em 0.1em 0.5em; border-radius: 1em; width: 100%; height: 15px;\" colspan=\"2\" align=\"center\">Biographische Informationen<\/td>\n<\/tr>\n<tr style=\"height: 15px;\">\n<td style=\"font-weight: bold; border: 0px solid transparent; width: 50%; height: 15px;\" align=\"right\" width=\"50%\">Geburtsort<\/td>\n<td style=\"border: 0px solid transparent; width: 50%; height: 15px;\" align=\"left\" width=\"50%\">Erde, Tokyo<\/td>\n<\/tr>\n<tr style=\"height: 15px;\">\n<td style=\"font-weight: bold; border: 0px solid transparent; width: 50%; height: 15px;\" align=\"right\" width=\"50%\">Geburtstag<\/td>\n<td style=\"border: 0px solid transparent; width: 50%; height: 15px;\" align=\"left\" width=\"50%\">04.05.2385<\/td>\n<\/tr>\n<tr style=\"height: 15px;\">\n<td style=\"font-weight: bold; border: 0px solid transparent; width: 50%; height: 15px;\" align=\"right\" width=\"50%\">Familienstand<\/td>\n<td style=\"border: 0px solid transparent; width: 50%; height: 15px;\" align=\"left\" width=\"50%\">ledig<\/td>\n<\/tr>\n<tr style=\"height: 15px;\">\n<td style=\"font-weight: bold; border: 0px solid transparent; width: 50%; height: 15px;\" align=\"right\" width=\"50%\">Familie<\/td>\n<td style=\"border: 0px solid transparent; width: 50%; height: 15px;\" align=\"left\" width=\"50%\">Vater:<br \/>\nTetsuya Sato &#8211;<br \/>\nIngenieurMutter:<br \/>\nIsabelle Sato &#8211;<br \/>\nModedesignerin<\/td>\n<\/tr>\n<tr style=\"height: 15px;\">\n<td style=\"font-weight: bold; border: 0px solid transparent; width: 50%; height: 15px;\" align=\"right\" width=\"50%\">Religion<\/td>\n<td style=\"border: 0px solid transparent; width: 50%; height: 15px;\" align=\"left\" width=\"50%\">keine<\/td>\n<\/tr>\n<tr style=\"height: 15px;\">\n<td style=\"font-weight: bold; border: 0px solid #003366; background: #555555; box-shadow: rgba(255, 255, 255, 0.75) 0.1em 0.1em 0.5em; border-radius: 1em; width: 100%; height: 15px;\" colspan=\"2\" align=\"center\">Politische informationen<\/td>\n<\/tr>\n<tr style=\"height: 15px;\">\n<td style=\"font-weight: bold; border: 0px solid transparent; width: 50%; height: 15px;\" align=\"right\" width=\"50%\">Buergerschaft<\/td>\n<td style=\"border: 0px solid transparent; width: 50%; height: 15px;\" align=\"left\" width=\"50%\">F\u00f6derationsb\u00fcrger<\/td>\n<\/tr>\n<\/tbody>\n<\/table>\n<\/div>\n<p><strong><span style=\"font-size: 24pt;\">Lebenslauf<\/span><\/strong><\/p>\n<p>Inari w\u00e4chst in einer intakten Familie auf. Ihre Eltern schenken ihr viel Liebe und sorgen f\u00fcr eine gute Ausbildung. Vor allem ihr Vater setzt hier hohe Standards an Inari. So ist es f\u00fcr Inari schnell selbstverst\u00e4ndlich immer die Klassenbeste zu sein. Dies macht sie nicht gerade zum Liebling ihrer Mitsch\u00fcler. Denn sie tritt sehr schnell in Konkurrenz mit jedem der ihr diesen Rang ablaufen k\u00f6nnte. Das macht Inari als Kind sehr einsam.<\/p>\n<p>Mit Abschluss ihrer Ausbildung entschlie\u00dft sie sich der Sternenflotte beizutreten. Auch hier gl\u00e4nzt sie im technischen Bereich und ist sofort auch bestrebt in der Akademie die Beste zu sein. Doch dieses Mal gelingt es Inari nicht. Was ihr bisher immer spielerisch gelungen ist, stellt sie auf der Akademie vor gro\u00dfe Herausforderungen. Sie hat gute Noten, bekommt gute Beurteilungen doch es gibt Kadetten die wesentlich besser sind wie sie.<\/p>\n<p>In ihrem zweiten Jahr lernt Inari schlie\u00dflich Jennifer Larson kennen. Sie beschlie\u00dft dieser zu helfen. Ab da hat sie das erste Mal in ihrem Leben tats\u00e4chlich eine Freundin. Die beiden helfen sich gegenseitig. Jennifer bringt Inari bei, dass man auch ohne Lernen etwas Spass im Leben haben kann. Inari hingegen sorgt daf\u00fcr das Jennifers Noten besser werden.<\/p>\n<p>Mit Abschluss der Akademie verlieren sich die beiden Frauen allerdings aus den Augen. Inari wird auf die USS Potomac versetzt. Sie arbeitet dort im technischen Bereich. Als sie erf\u00e4hrt dass ihre Freundin auf Zitar verloren geht, setzt sie alles daran auf den Planeten zu gelangen. Doch ihre Bitte wird immer wieder verweigert.<\/p>\n<p>Als Jennifer Larson vier Jahre sp\u00e4ter wieder auftaucht ist es Inari die versucht Kontakt aufzunehmen. Doch auch das wird von der Sternenflotte erst einmal unterbunden. Dies stellt Inari vor ein gro\u00dfes R\u00e4tsel. Erst \u00fcber Kimon Marratt gelingt es ihr wieder Kontakt zu Jennifer zu bekommen.<\/p>\n<p>Als ihre Freundin die Leitung der OPS auf der Hephaistos bekommt, bittet Inari um ihre Versetzung auf eben dieses Schiff. Sie m\u00f6chte von nun an ihrer Freundin treu zur Seite stehen.<\/p>\n<hr \/>\n<p><strong><span style=\"font-size: 24pt;\">Psychologisches Profil<\/span><\/strong><\/p>\n<p>Inari ist eine sehr ausgeglichene, ruhige Frau. Sie dr\u00e4ngt sich nicht in den Vordergrund, widerspricht Vorgesetzten nicht und verrichtet ihre Arbeit zuverl\u00e4ssig. Noch immer hat sie den Anspruch die Beste zu sein und tut alles um sich selber zu optimieren und zu verbessern. Sie ist sehr loyal gegen\u00fcber Vorgesetzten und der Crew des Schiffes, auf welchem sie dient. Allerdings hegt sie die gr\u00f6\u00dfte Loyalit\u00e4t zu Jennifer Larson. Noch immer ist Jennifer f\u00fcr sie die Freundin schlechthin. Sie kann beruhigend und abmildernd auf Jenns zerst\u00f6rerische Tendenzen wirken. Leider kann aber auch Jennifer Larson sie im Gegenzug dazu bringen Dinge zu tun, die man besser nicht tun sollte.<\/p>\n<p>Wenn sich Inari \u00fcber jemanden \u00e4rgert, w\u00fcrde sie das dieser Person nie ins Gesicht sagen. Sie legt viel Wert auf Anstand und Etikette, leider schluckt sie ihren \u00c4rger aber eher, als hier f\u00fcr gesunde Grenzen zu sorgen.<\/p>\n<p><span style=\"font-size: 18pt;\"><strong>St\u00e4rken \/ Schw\u00e4chen<\/strong><\/span><\/p>\n<p><strong>Positiv:<\/strong><\/p>\n<ul>\n<li>Hohe Lernbereitschaft und Selbstoptimierer<\/li>\n<li>Loyal und verantwortungsbewusst<\/li>\n<\/ul>\n<p><strong>Negativ:<\/strong><\/p>\n<ul>\n<li>Stellt Befehle kaum in Frage<\/li>\n<li>Sagt in einer Konfliktsituation selten was sie wirklich denkt<\/li>\n<\/ul>\n<p><strong>Vorlieben:<\/strong><\/p>\n<ul>\n<li>Alle Arten von Tee und Sushi<\/li>\n<\/ul>\n<p><strong>Abneigungen:\u00a0<\/strong><\/p>\n<ul>\n<li>Sehr laute Menschen<\/li>\n<li>Zigarettenrauch<\/li>\n<\/ul>\n<hr \/>\n<p><strong><span style=\"font-size: 24pt;\">Spezialgebiete<\/span><\/strong><\/p>\n<p><strong>Studien auf der Sternenflottenakademie:<\/strong><\/p>\n<p>Hauptf\u00e4cher:<\/p>\n<ul>\n<li>Technik<\/li>\n<\/ul>\n<p>Nebenf\u00e4cher:<\/p>\n<ul>\n<li>Operations<\/li>\n<li>Diplomatie<\/li>\n<\/ul>\n<p><strong>Besonderheiten der eigenen Spezies:<\/strong><br \/>\nKeine<\/p>\n<p><strong>Sonstiges:<\/strong><\/p>\n<p>Ist eine hervorragende Sch\u00fctzin, sowohl mit Bogen als auch mit dem Gewehr. Inari ist Linksh\u00e4nderin.<\/p>\n<hr \/>\n<p><span style=\"font-size: 24pt;\"><strong>Hobbies<\/strong><\/span><\/p>\n<ul>\n<li>Liest gerne und h\u00f6rt dabei klassische Musik<\/li>\n<li>Malt gerne<\/li>\n<\/ul>\n<hr \/>\n<p><strong><span style=\"font-size: 24pt;\">Medizinisches Profil<\/span><\/strong><\/p>\n<p>Inari ist eine gesunde, junge Frau. Sie hat allerdings zwei Zahnimplantate, da sie auf der Akademie mit Jennifer in eine Schl\u00e4gerei verwickelt wurde.<\/p>\n<p>Auch ist ihr rechtes Auge etwas schw\u00e4cher als das linke. Es muss von Zeit zu Zeit einer regenerierenden Behandlung unterzogen werden. Die \u00c4rzte haben Inari aber schon prophezeit, dass sie wahrscheinlich irgendwann zu den Patienten geh\u00f6ren wird, die trotz aller medizinischen K\u00fcnste eine Brille wird tragen m\u00fcssen.<\/p>\n<hr \/>\n<p><span style=\"font-size: 24pt;\"><strong>Klassifzierte Sektion<\/strong><\/span><\/p>\n<p>Keine Eintr\u00e4ge<\/p>\n","protected":false},"excerpt":{"rendered":"<p>Inari Sato Status NPC Spieler Friddi H. Dienstliche Informationen Ranggrafik Rang Lieutenant j.g. Posten Ressourcen- managment Stationierung USS Hephaistos Physische Beschreibung Spezies Mensch Geschlecht weiblich Gr\u00f6\u00dfe \u00a0175 cm Gewicht 69 kg Hautfarbe wei\u00df Haarfarbe schwarz Augenfarbe braun Biographische Informationen Geburtsort Erde, Tokyo Geburtstag 04.05.2385 Familienstand ledig Familie Vater: Tetsuya Sato &#8211; IngenieurMutter: Isabelle Sato &#8211;&#8230;<\/p>\n<p class=\"more-link-wrap\"><a href=\"https:\/\/www.sf-germany.org\/einheiten\/uss-hephaistos\/die-crew\/inari-sato\/\" class=\"more-link\">Read More<span class=\"screen-reader-text\"> &ldquo;Inari Sato&rdquo;<\/span> &raquo;<\/a><\/p>\n","protected":false},"author":2,"featured_media":0,"parent":27,"menu_order":2,"comment_status":"closed","ping_status":"closed","template":"page-templates\/medium.php","meta":{"footnotes":""},"class_list":["post-6149","page","type-page","status-publish","hentry"],"_links":{"self":[{"href":"https:\/\/www.sf-germany.org\/einheiten\/uss-hephaistos\/wp-json\/wp\/v2\/pages\/6149","targetHints":{"allow":["GET"]}}],"collection":[{"href":"https:\/\/www.sf-germany.org\/einheiten\/uss-hephaistos\/wp-json\/wp\/v2\/pages"}],"about":[{"href":"https:\/\/www.sf-germany.org\/einheiten\/uss-hephaistos\/wp-json\/wp\/v2\/types\/page"}],"author":[{"embeddable":true,"href":"https:\/\/www.sf-germany.org\/einheiten\/uss-hephaistos\/wp-json\/wp\/v2\/users\/2"}],"replies":[{"embeddable":true,"href":"https:\/\/www.sf-germany.org\/einheiten\/uss-hephaistos\/wp-json\/wp\/v2\/comments?post=6149"}],"version-history":[{"count":9,"href":"https:\/\/www.sf-germany.org\/einheiten\/uss-hephaistos\/wp-json\/wp\/v2\/pages\/6149\/revisions"}],"predecessor-version":[{"id":7009,"href":"https:\/\/www.sf-germany.org\/einheiten\/uss-hephaistos\/wp-json\/wp\/v2\/pages\/6149\/revisions\/7009"}],"up":[{"embeddable":true,"href":"https:\/\/www.sf-germany.org\/einheiten\/uss-hephaistos\/wp-json\/wp\/v2\/pages\/27"}],"wp:attachment":[{"href":"https:\/\/www.sf-germany.org\/einheiten\/uss-hephaistos\/wp-json\/wp\/v2\/media?parent=6149"}],"curies":[{"name":"wp","href":"https:\/\/api.w.org\/{rel}","templated":true}]}}