{"id":6307,"date":"2021-02-16T20:12:14","date_gmt":"2021-02-16T19:12:14","guid":{"rendered":"http:\/\/www.sf-germany.org\/einheiten\/uss-hephaistos\/?page_id=6307"},"modified":"2024-03-05T15:39:38","modified_gmt":"2024-03-05T14:39:38","slug":"station-k7","status":"publish","type":"page","link":"https:\/\/www.sf-germany.org\/einheiten\/uss-hephaistos\/sektor\/station-k7\/","title":{"rendered":"Station K7"},"content":{"rendered":"<p><img loading=\"lazy\" decoding=\"async\" class=\"aligncenter size-medium wp-image-6310\" src=\"https:\/\/www.sf-germany.org\/einheiten\/uss-hephaistos\/wp-content\/uploads\/Welcome_to_Deep_Space_K-7-242x300.png\" alt=\"\" width=\"242\" height=\"300\" srcset=\"https:\/\/www.sf-germany.org\/einheiten\/uss-hephaistos\/wp-content\/uploads\/Welcome_to_Deep_Space_K-7-242x300.png 242w, https:\/\/www.sf-germany.org\/einheiten\/uss-hephaistos\/wp-content\/uploads\/Welcome_to_Deep_Space_K-7.png 483w\" sizes=\"auto, (max-width: 242px) 100vw, 242px\" \/><\/p>\n<p>Die\u00a0Raumstation\u00a0ist eine\u00a0Deep-Space-Station\u00a0und wird dementsprechend auch als\u00a0<strong class=\"mw-selflink selflink\">Deep-Space-Station K-7<\/strong> bezeichnet. Die Station befindet sich im\u00a0Beta-Quadrant\u00a0und liegt in der N\u00e4he des\u00a0Sherman-Planeten. K-7 ist nur etwa einen\u00a0Parsec\u00a0vom n\u00e4chsten\u00a0klingonischen\u00a0Au\u00dfenposten\u00a0entfernt.<br \/>\nIm Jahr 2409 drohte die Station v\u00f6llig zu verkommen und wurde, auch aufgrund ihrer strategischen Lage, von der Sternenflotte \u00fcbernommen. Seitdem floriert die Station wieder und hat aufgrund des erneuten Krieges mit den Klingonen wieder an gro\u00dfe Bedeutung gewonnen.<\/p>\n<p>Bereits vor dem Krieg hatte das technische Corp der Sternenflotte auch bestreben der F\u00f6derationpr\u00e4sidentin begonnen einen Transwarp Tunnel zwischen Deep Space 9 und Deep Space K7 zu bauen. Dieser wurde im Herbst 2415 fertig gestellt und in Betrieb genommen. Den Jungfernflug durch diesen Tunnel durfte die USS Hephaistos antreten.<\/p>\n<p><img loading=\"lazy\" decoding=\"async\" class=\"aligncenter size-medium wp-image-6309\" src=\"https:\/\/www.sf-germany.org\/einheiten\/uss-hephaistos\/wp-content\/uploads\/Deep_Space_K-7-1-300x222.png\" alt=\"\" width=\"300\" height=\"222\" srcset=\"https:\/\/www.sf-germany.org\/einheiten\/uss-hephaistos\/wp-content\/uploads\/Deep_Space_K-7-1-300x222.png 300w, https:\/\/www.sf-germany.org\/einheiten\/uss-hephaistos\/wp-content\/uploads\/Deep_Space_K-7-1.png 556w\" sizes=\"auto, (max-width: 300px) 100vw, 300px\" \/><\/p>\n<p>&nbsp;<\/p>\n<p><em><span style=\"font-size: 8pt;\">Die Bilder dieser Seite stammen aus dem <a href=\"https:\/\/sto.gamepedia.com\/Deep_Space_K-7\">STO-Wiki zur Station<\/a><\/span><\/em><\/p>\n","protected":false},"excerpt":{"rendered":"<p>Die\u00a0Raumstation\u00a0ist eine\u00a0Deep-Space-Station\u00a0und wird dementsprechend auch als\u00a0Deep-Space-Station K-7 bezeichnet. Die Station befindet sich im\u00a0Beta-Quadrant\u00a0und liegt in der N\u00e4he des\u00a0Sherman-Planeten. K-7 ist nur etwa einen\u00a0Parsec\u00a0vom n\u00e4chsten\u00a0klingonischen\u00a0Au\u00dfenposten\u00a0entfernt. Im Jahr 2409 drohte die Station v\u00f6llig zu verkommen und wurde, auch aufgrund ihrer strategischen Lage, von der Sternenflotte \u00fcbernommen. Seitdem floriert die Station wieder und hat aufgrund des erneuten Krieges&#8230;<\/p>\n<p class=\"more-link-wrap\"><a href=\"https:\/\/www.sf-germany.org\/einheiten\/uss-hephaistos\/sektor\/station-k7\/\" class=\"more-link\">Read More<span class=\"screen-reader-text\"> &ldquo;Station K7&rdquo;<\/span> &raquo;<\/a><\/p>\n","protected":false},"author":1,"featured_media":0,"parent":7964,"menu_order":1,"comment_status":"closed","ping_status":"closed","template":"page-templates\/medium.php","meta":{"footnotes":""},"class_list":["post-6307","page","type-page","status-publish","hentry"],"_links":{"self":[{"href":"https:\/\/www.sf-germany.org\/einheiten\/uss-hephaistos\/wp-json\/wp\/v2\/pages\/6307","targetHints":{"allow":["GET"]}}],"collection":[{"href":"https:\/\/www.sf-germany.org\/einheiten\/uss-hephaistos\/wp-json\/wp\/v2\/pages"}],"about":[{"href":"https:\/\/www.sf-germany.org\/einheiten\/uss-hephaistos\/wp-json\/wp\/v2\/types\/page"}],"author":[{"embeddable":true,"href":"https:\/\/www.sf-germany.org\/einheiten\/uss-hephaistos\/wp-json\/wp\/v2\/users\/1"}],"replies":[{"embeddable":true,"href":"https:\/\/www.sf-germany.org\/einheiten\/uss-hephaistos\/wp-json\/wp\/v2\/comments?post=6307"}],"version-history":[{"count":3,"href":"https:\/\/www.sf-germany.org\/einheiten\/uss-hephaistos\/wp-json\/wp\/v2\/pages\/6307\/revisions"}],"predecessor-version":[{"id":6313,"href":"https:\/\/www.sf-germany.org\/einheiten\/uss-hephaistos\/wp-json\/wp\/v2\/pages\/6307\/revisions\/6313"}],"up":[{"embeddable":true,"href":"https:\/\/www.sf-germany.org\/einheiten\/uss-hephaistos\/wp-json\/wp\/v2\/pages\/7964"}],"wp:attachment":[{"href":"https:\/\/www.sf-germany.org\/einheiten\/uss-hephaistos\/wp-json\/wp\/v2\/media?parent=6307"}],"curies":[{"name":"wp","href":"https:\/\/api.w.org\/{rel}","templated":true}]}}