{"id":6374,"date":"2021-02-18T10:43:38","date_gmt":"2021-02-18T09:43:38","guid":{"rendered":"http:\/\/www.sf-germany.org\/einheiten\/uss-hephaistos\/?page_id=6374"},"modified":"2025-09-07T11:42:38","modified_gmt":"2025-09-07T09:42:38","slug":"ortrichk-lertary","status":"publish","type":"page","link":"https:\/\/www.sf-germany.org\/einheiten\/uss-hephaistos\/die-crew\/spieler\/ortrichk-lertary\/","title":{"rendered":"Ortrichk Lertary"},"content":{"rendered":"<table style=\"background: none; border: 0px solid #ffffff; font-weight: bold;\" border=\"0\" width=\"95%\" cellspacing=\"5\" cellpadding=\"5\" align=\"center\">\n<tbody>\n<tr>\n<td style=\"background: none; border-radius: 1em; border: 0px solid #003366; box-shadow: 0.1em 0.1em 0.5em rgba(0,0,0,0.75); -moz-border-radius: 1em; -webkit-border-radius: 1em; -moz-box-shadow: 0.1em 0.1em 0.5em rgba(0, 0, 0, 0.75); -webkit-box-shadow: 0.1em 0.1em 0.5em rgba(0, 0, 0, 0.75);\" colspan=\"5\" rowspan=\"3\" align=\"center\" valign=\"middle\">\n<h2><b>Ortrichk<\/b><\/h2>\n<\/td>\n<\/tr>\n<\/tbody>\n<\/table>\n<div style=\"float: right; margin-left: 15px; margin-bottom: 15px; font-size: 12px;\">\n<table style=\"background: none; border: 0px solid #003366; margin-bottom: 15px; margin-left: 15px; float: right; border-radius: 1em; box-shadow: rgba(0, 0, 0, 0.75) 0.1em 0.1em 0.5em; width: 96.5998%; height: 1045px;\" border=\"0\" width=\"270\" cellspacing=\"10\" align=\"right\">\n<tbody>\n<tr style=\"height: 307px;\">\n<td style=\"border-style: solid; border-width: 0px; font-weight: bold; height: 307px;\" colspan=\"2\" align=\"center\" width=\"240\"><a href=\"https:\/\/www.sf-germany.org\/einheiten\/uss-hephaistos\/wp-content\/uploads\/OIG4.png\"><img loading=\"lazy\" decoding=\"async\" class=\"aligncenter wp-image-9109\" src=\"https:\/\/www.sf-germany.org\/einheiten\/uss-hephaistos\/wp-content\/uploads\/OIG4.png\" alt=\"\" width=\"150\" height=\"150\" srcset=\"https:\/\/www.sf-germany.org\/einheiten\/uss-hephaistos\/wp-content\/uploads\/OIG4.png 1024w, https:\/\/www.sf-germany.org\/einheiten\/uss-hephaistos\/wp-content\/uploads\/OIG4-300x300.png 300w, https:\/\/www.sf-germany.org\/einheiten\/uss-hephaistos\/wp-content\/uploads\/OIG4-150x150.png 150w\" sizes=\"auto, (max-width: 150px) 100vw, 150px\" \/><\/a><\/td>\n<\/tr>\n<tr style=\"height: 21px;\">\n<td style=\"border-style: solid; border-width: 0px; font-weight: bold; height: 21px;\" colspan=\"2\" align=\"center\" width=\"240\">Dr. Ortrichk Lertary<\/td>\n<\/tr>\n<tr style=\"height: 21px;\">\n<td style=\"border-style: solid; border-width: 0px; font-weight: bold; height: 21px;\" align=\"right\" width=\"111\">Status<\/td>\n<td style=\"border-style: solid; border-width: 0px; height: 21px;\" align=\"left\" width=\"129\">NPC<\/td>\n<\/tr>\n<tr style=\"height: 21px;\">\n<td style=\"border-style: solid; border-width: 0px; font-weight: bold; height: 21px;\" align=\"right\" width=\"111\">Spieler<\/td>\n<td style=\"border-style: solid; border-width: 0px; height: 21px;\" align=\"left\" width=\"129\">Michel G.<\/td>\n<\/tr>\n<tr style=\"height: 21px;\">\n<td style=\"background: #555555; border-radius: 1em; box-shadow: rgba(0, 0, 0, 0.75) 0.1em 0.1em 0.5em; font-weight: bold; border: 0px solid #003366; height: 21px;\" colspan=\"2\" align=\"center\" width=\"240\">Dienstliche Informationen<\/td>\n<\/tr>\n<tr style=\"height: 39px;\">\n<td style=\"border-style: solid; border-width: 0px; font-weight: bold; height: 39px;\" align=\"right\" width=\"111\">Ranggrafik<\/td>\n<td style=\"border-style: solid; border-width: 0px; height: 39px;\" align=\"left\" width=\"129\"><img loading=\"lazy\" decoding=\"async\" class=\"alignnone size-thumbnail\" src=\"https:\/\/www.sf-germany.com\/images\/schemata\/sto\/blau\/ltjg.png\" width=\"128\" height=\"32\" \/><\/td>\n<\/tr>\n<tr style=\"height: 21px;\">\n<td style=\"border-style: solid; border-width: 0px; font-weight: bold; height: 21px;\" align=\"right\" width=\"111\">Rang<\/td>\n<td style=\"border-style: solid; border-width: 0px; height: 21px;\" align=\"left\" width=\"129\">Lt. jg.<\/td>\n<\/tr>\n<tr style=\"height: 21px;\">\n<td style=\"border-style: solid; border-width: 0px; font-weight: bold; height: 21px;\" align=\"right\" width=\"111\">Posten<\/td>\n<td style=\"border-style: solid; border-width: 0px; height: 21px;\" align=\"left\" width=\"129\">CWI<\/td>\n<\/tr>\n<tr style=\"height: 21px;\">\n<td style=\"border-style: solid; border-width: 0px; font-weight: bold; height: 21px;\" align=\"right\" width=\"111\">Stationierung<\/td>\n<td style=\"border-style: solid; border-width: 0px; height: 21px;\" align=\"left\" width=\"129\">USS Hephaistos<\/td>\n<\/tr>\n<tr style=\"height: 21px;\">\n<td style=\"background: #555555; border-radius: 1em; box-shadow: rgba(0, 0, 0, 0.75) 0.1em 0.1em 0.5em; font-weight: bold; border: 0px solid #003366; height: 21px;\" colspan=\"2\" align=\"center\" width=\"240\">Biographische Informationen<\/td>\n<\/tr>\n<tr style=\"height: 21px;\">\n<td style=\"border-style: solid; border-width: 0px; font-weight: bold; height: 21px;\" align=\"right\" width=\"111\">Geburtstag<\/td>\n<td style=\"border-style: solid; border-width: 0px; height: 21px;\" align=\"left\" width=\"129\">30.5.2390<\/td>\n<\/tr>\n<tr style=\"height: 42px;\">\n<td style=\"border-style: solid; border-width: 0px; font-weight: bold; height: 42px;\" align=\"right\" width=\"111\">Geburtsort<\/td>\n<td style=\"border-style: solid; border-width: 0px; height: 42px;\" align=\"left\" width=\"129\">Rr&#8220;aghnar auf Trr&#8217;gchk (Olbia II)<\/td>\n<\/tr>\n<tr style=\"height: 21px;\">\n<td style=\"border-style: solid; border-width: 0px; font-weight: bold; height: 21px;\" align=\"right\" width=\"111\">Familienstand<\/td>\n<td style=\"border-style: solid; border-width: 0px; height: 21px;\" align=\"left\" width=\"129\">Verheiratet mit Ana Ivoin<\/td>\n<\/tr>\n<tr style=\"height: 21px;\">\n<td style=\"border-style: solid; border-width: 0px; font-weight: bold; height: 21px;\" align=\"right\" width=\"111\">Familie<\/td>\n<td style=\"border-style: solid; border-width: 0px; height: 21px;\" align=\"left\" width=\"129\">Ziehkinder:<br \/>\nTara &#8211; 14 Jahre &#8211; Mensch\/ Klingone<br \/>\nLani &#8211; 5 Jahre &#8211; Iskyra<\/td>\n<\/tr>\n<tr style=\"height: 111px;\">\n<td style=\"border-style: solid; border-width: 0px; font-weight: bold; height: 111px;\" align=\"right\" width=\"111\">Eltern<\/td>\n<td style=\"border-style: solid; border-width: 0px; height: 111px;\" align=\"left\" width=\"129\">Mutter: Srrylvia Lertary<br \/>\nVater: Rrahhm&#8220;Rak Nhrrawr (nicht liiert!)<\/td>\n<\/tr>\n<tr style=\"height: 42px;\">\n<td style=\"border-style: solid; border-width: 0px; font-weight: bold; height: 42px;\" align=\"right\" width=\"111\">Geschwister<\/td>\n<td style=\"border-style: solid; border-width: 0px; height: 42px;\" align=\"left\" width=\"129\">Frragh (M) Selina (W) Gr&#8220;Ragh (M) Tom (M)<\/td>\n<\/tr>\n<tr style=\"height: 21px;\">\n<td style=\"background: #555555; border-radius: 1em; box-shadow: rgba(0, 0, 0, 0.75) 0.1em 0.1em 0.5em; font-weight: bold; border: 0px solid #003366; height: 21px;\" colspan=\"2\" align=\"center\" width=\"240\">Physische Beschreibung<\/td>\n<\/tr>\n<tr style=\"height: 21px;\">\n<td style=\"border-style: solid; border-width: 0px; font-weight: bold; height: 21px;\" align=\"right\" width=\"111\">Spezies<\/td>\n<td style=\"border-style: solid; border-width: 0px; height: 21px;\" align=\"left\" width=\"129\">Iskyra<\/td>\n<\/tr>\n<tr style=\"height: 21px;\">\n<td style=\"border-style: solid; border-width: 0px; font-weight: bold; height: 21px;\" align=\"right\" width=\"111\">Geschlecht<\/td>\n<td style=\"border-style: solid; border-width: 0px; height: 21px;\" align=\"left\" width=\"129\">weiblich<\/td>\n<\/tr>\n<tr style=\"height: 42px;\">\n<td style=\"border-style: solid; border-width: 0px; font-weight: bold; height: 42px;\" align=\"right\" width=\"111\">Gr\u00f6\u00dfe<\/td>\n<td style=\"border-style: solid; border-width: 0px; height: 42px;\" align=\"left\" width=\"129\">Auf die Hinterbeine aufgerichtet &#8211; 235 cm<\/td>\n<\/tr>\n<tr style=\"height: 21px;\">\n<td style=\"border-style: solid; border-width: 0px; font-weight: bold; height: 21px;\" align=\"right\" width=\"111\">Gewicht<\/td>\n<td style=\"border-style: solid; border-width: 0px; height: 21px;\" align=\"left\" width=\"129\">185 kg<\/td>\n<\/tr>\n<tr style=\"height: 21px;\">\n<td style=\"border-style: solid; border-width: 0px; font-weight: bold; height: 21px;\" align=\"right\" width=\"111\">Fellfarbe<\/td>\n<td style=\"border-style: solid; border-width: 0px; height: 21px;\" align=\"left\" width=\"129\">schwarz\/wei\u00df getigert<\/td>\n<\/tr>\n<tr style=\"height: 21px;\">\n<td style=\"border-style: solid; border-width: 0px; font-weight: bold; height: 21px;\" align=\"right\" width=\"111\">Augenfarbe<\/td>\n<td style=\"border-style: solid; border-width: 0px; height: 21px;\" align=\"left\" width=\"129\">hellblau<\/td>\n<\/tr>\n<tr style=\"height: 21px;\">\n<td style=\"border-style: solid; border-width: 0px; font-weight: bold; height: 21px;\" align=\"right\" width=\"111\">Aussehen<\/td>\n<td style=\"border-style: solid; border-width: 0px; height: 21px;\" align=\"left\" width=\"129\"><\/td>\n<\/tr>\n<tr style=\"height: 21px;\">\n<td style=\"border-style: solid; border-width: 0px; font-weight: bold; height: 21px;\" align=\"right\" width=\"111\">Verhalten<\/td>\n<td style=\"border-style: solid; border-width: 0px; height: 21px;\" align=\"left\" width=\"129\"><\/td>\n<\/tr>\n<tr style=\"height: 21px;\">\n<td style=\"border-style: solid; border-width: 0px; font-weight: bold; height: 21px;\" align=\"right\" width=\"111\">Kurzinfo<\/td>\n<td style=\"border-style: solid; border-width: 0px; height: 21px;\" align=\"left\" width=\"129\"><\/td>\n<\/tr>\n<tr style=\"height: 21px;\">\n<td style=\"background: #555555; border-radius: 1em; box-shadow: rgba(0, 0, 0, 0.75) 0.1em 0.1em 0.5em; font-weight: bold; border: 0px solid #003366; height: 21px;\" colspan=\"2\" align=\"center\" width=\"240\">Politische informationen<\/td>\n<\/tr>\n<tr style=\"height: 21px;\">\n<td style=\"border-style: solid; border-width: 0px; font-weight: bold; height: 21px;\" align=\"right\" width=\"111\">B\u00fcrgerschaft<\/td>\n<td style=\"border-style: solid; border-width: 0px; height: 21px;\" align=\"left\" width=\"129\">Trr&#8217;gchk (Olbia II)<\/td>\n<\/tr>\n<tr style=\"height: 21px;\">\n<td style=\"border-style: solid; border-width: 0px; font-weight: bold; height: 21px;\" align=\"right\" width=\"111\">Religion<\/td>\n<td style=\"border-style: solid; border-width: 0px; height: 21px;\" align=\"left\" width=\"129\">keine<\/td>\n<\/tr>\n<\/tbody>\n<\/table>\n<\/div>\n<p><span style=\"font-size: 24pt;\"><strong>Lebenslauf<\/strong><\/span><\/p>\n<p>Srrylvia Lertary hatte w\u00e4hrend ihrer Zeit auf der Sternenflottenakademie ein kurzes Verh\u00e4ltnis mit Rrahhm&#8220;Rak aus dem Ortrichk und ihre Geschwister hervor gingen. Wie ihre Mutter wollte sie eine Karriere in der Sternenflotte beginnen. Eine Laufbahn zu beginnen und gleichzeitig 5 lebhafte Kinder gro\u00df zu ziehen h\u00e4tte sie \u00fcberfordert. So entschloss sie sich ihre Kinder zu ihrer Gro\u00dfmutter Ortrichk, nach der eines ihrer Kinder benannt war, auf Trr&#8217;gchk zu schicken. Die Gro\u00dfmutter, Sternenflottenoffizier im Ruhestand, erzog die Kinder traditionell und modern zugleich. So finden sich die 5 Kinder sowohl in der Stadt Rr&#8220;aghnar als auch in den l\u00e4ndlichen Gegenden (sprich &#8222;der Wildnis&#8220;) von Trr&#8217;gchk zu Recht.<\/p>\n<p>Die schulischen Leistungen der 5 Kinder waren gut. Frragh, Gr&#8220;Ragh und Tom zeigten aber kein Interesse daran eine h\u00f6here Schule zu besuchen und erlernten traditionelle Berufe. Selina und Ortrichk setzten die Schule fort und studierten zusammen Medizin. Ortrichk, intelligenter und lernf\u00e4higer als ihre Schwester studierte zugleich noch Astronomie und Astrophysik und als Nebenfach Naturwissenschaften.<br \/>\nSelina schloss das Studium mit guten Bewertungen ab und zog in eine kleinere Stadt, um dort an ihrem Doktor zu arbeiten<br \/>\nOrtrichk schloss alle ihre Studieng\u00e4nge &#8222;summa cum laude&#8220; ab und bewarb sich bei der Sternenflotte.<\/p>\n<p>W\u00e4hrend sie lange Zeit auf Antwort wartete arbeitete sie als Dozent f\u00fcr Anthropologie, Physiologie und Astronomie an der Universit\u00e4t von Rr&#8220;aghnar. Gleichzeitig begann sie zu Forschen. Speziell der Physiologie (inspiriert durch &#8222;Leonard McCoys vergleichende Physiologie au\u00dferirdischer Spezies&#8220;) und der Anatomie (auch pathologisch) der Iskyra. Aber ihre anderen Spezialgebiete lie\u00df sie nie au\u00dfer Acht!<br \/>\nDie Wartezeit war lang genug um reichlich Erfahrung als Forscher zu erwerben (was nicht letztendlich ihrem Flei\u00df zu zu schreiben ist) und mehrere Publikationen f\u00fcr die Universit\u00e4t auf Olbia II und diverse Fachzeitschriften zu schreiben. Ob diese Schriften an anderen Universit\u00e4ten, speziell nicht Olbia II, gelesen wurden und Anerkennung fanden ist (bisher) unbekannt.<\/p>\n<p><strong>Doktortitel auf Rr\u201caghnar:<\/strong><br \/>\nAnthropologie und forensische Pathologie.<br \/>\nAnerkennung durch die F\u00f6deration steht hier noch aus wobei sie bereit in der F\u00f6deration ebenfalls mehrere Doktortitel erworben hat.<\/p>\n<p><strong>Anerkannt in der F\u00f6deration:<\/strong><br \/>\nDr. in Astronomie, Astrophysik, Naturwissenschaften<br \/>\nDr. med (multispezies, speziell Chirurgie und Prothesen, vergleichende Physiologie (\u00fcberarbeitet) und Anthropologie<\/p>\n<p>Seit 2416 ist sie auf der Hephaistos zusammen mit ihrer Ehefrau Ana Ivoin und den beiden Ziehkindern Tara und Lani.<br \/>\nZun\u00e4chst als Zivilistin doch der Captain hat ihr angeboten den freien CWI Posten zu \u00fcbernehmen.<\/p>\n<hr \/>\n<p><strong><span style=\"font-size: 24pt;\">Psychologisches Profil<\/span><\/strong><\/p>\n<p>Ortrichk ist zur\u00fcckhaltend, aber nicht sch\u00fcchtern. Sie hat wenige Freunde.<br \/>\nNat\u00fcrlich hat sie auch das friedlich freundliche Naturell aller Iskyra. Reizen sollte man sie dennoch lieber nicht!<\/p>\n<p>Sie ist extrem lernf\u00e4hig, neugierig und schlau. Ist ihre Neugier erst einmal geweckt, geht sie dem, manchmal, wie besessen, nach. Allerdings respektiert sie die Privatsph\u00e4re anderer und w\u00fcnscht auch kein Eindringen in ihre eigene Privatsph\u00e4re.<\/p>\n<p>Des Weiteren hat sie ein weites Interessenfeld.<\/p>\n<p>Ortrichk hat zeitweise einen etwas derben Humor, der auch schon mal unter die G\u00fcrtellinie gehen kann. Ortrichk hat einen guten Sinn f\u00fcr Humor. Allerdings kommt es vor dass sie gewisse Scherze nicht versteht und darauf herein f\u00e4llt.<\/p>\n<p>Manchmal wirkt Ortrichk vertr\u00e4umt. Doch davon sollte man sich nicht t\u00e4uschen lassen. Sie hat einen ausgezeichneten Wahrnehmungssinn und ist exzellente Beobachterin. Sie hat ein gutes Auffassungsverm\u00f6gen und kann Zusammenh\u00e4nge schnell erkennen.<\/p>\n<p>Im Normalfall zeigt sie keinerlei Dominanz, hat aber auch gute F\u00fchrungsqualit\u00e4ten. ((Schon in fr\u00fcher Kindheit wollte ihr Bruder Tom sie dominieren. Er war Erstgeborener und damit der st\u00e4rkste und gr\u00f6\u00dfte der F\u00fcnflinge. Doch war Ortrichk von Anfang an ihren Geschwistern in Sachen Intelligenz und Schnelligkeit weit \u00fcberlegen. So gelang es ihr immer wieder ihren Bruder in seine Schranken zu verweisen.))<\/p>\n<p>Verfolgt sie ein Ziel oder Plan kann sie gelegentlich ihre Sture Seite zeigen. Auch ist sie ein &#8222;Arbeitstier&#8220;. Hat sie eine Aufgabe oder Pflichten zu erf\u00fcllen ist sie kaum auf zu halten und geht \u00fcber ihre physischen und psychischen Grenzen weit hinaus.<\/p>\n<p>Ortrichk ist teamf\u00e4hig, aber Diplomatie geh\u00f6rt, wie auch Geduld, nicht unbedingt zu ihren St\u00e4rken. Seltsamer Weise kann sich dies, Situationsbedingt umkehren.<\/p>\n<p>Sie ist talentierter Redner und Dozent. Komplexe Eigenschaften und Abl\u00e4ufe kann sie auf den Punkt bringen und vereinfacht erkl\u00e4ren. Dabei schweift sie nie vom Thema ab.<br \/>\nIhre Spitzz\u00fcngigkeit brachte Ortrichk so manche Schwierigkeiten an der Akademie ein. Sie lernte auf interessante Art und Weise sich in solchen Situationen, in denen Sie mit Vorgesetzten spricht ihre Zunge zu beherrschen&#8230;<br \/>\n++++++++++++++++++++++++++++++++++++++++++++++++<br \/>\n<strong>RPG<\/strong><br \/>\nIhre erste Lektion bekam Ortrichk nach einer Debatte mit einem vulkanischen Instruktor. Gerade als sie zu einer spitzen Bemerkung an setzte sagte eine Stimme in ihrem Kopf<\/p>\n<p>[Lassen sie das! Lernen sie ihre Zunge besser zu h\u00fcten!]<\/p>\n<p>Die Stimme war weiblich, befehlsgewohnt und eindringlich. Auch eine gewisse Strenge hatte Ortrichk versp\u00fcrt. Eine Telepathin! Offensichtlich brauchte sie keinen K\u00f6rperkontakt, denn in der N\u00e4he war keine Frau zu sehen. Sie musste also stark sein! Bevor Ortrichk die Idee kam eine Frage zu stellen war der Kontakt abgebrochen.<\/p>\n<p>Es sollte nicht das einzige Mal gewesen sein dass Ortrichk von der unbekannten Frau in dieser Form ermahnt wurde. Es folgten 2 weitere Ermahnungen und erst beim vierten Kontakt konnte Ortrichk fragen:<\/p>\n<p>&#8222;Wer sind sie?&#8220;<\/p>\n<p>Es entstand eine kleine Pause. Offensichtlich brauchte die Frau Zeit nach zu denken. Es folgte eine wohl formulierte Antwort.<\/p>\n<p>[Jean-Marie Michel. H\u00fcten sie endlich ihre Zunge. Und h\u00fcten sie sich vor Telepathen!]<\/p>\n<p>Damit brach der Kontakt ab. Viel erfahren hatte sie nicht. Aber immerhin hatte sie ihre Lektion gelernt. Leider sprach sie nie mit jemandem \u00fcber die Vorf\u00e4lle. So blieb ihre Empfindlichkeit f\u00fcr Telepathie bis heute unentdeckt. Leider war sie als Kadett auch zu sehr besch\u00e4ftigt um sich \u00fcber Jean-Marie Michel zu informieren. Aber sie wird sich erinnern!<br \/>\n<strong>\/RPG<\/strong><br \/>\n++++++++++++++++++++++++++++++++++++++++++++++++<br \/>\nEinige Analysen deuten auf ein photographisches Ged\u00e4chtnis hin! Dies bedarf noch einer Best\u00e4tigung! Dies f\u00fchrt allerdings dazu dass sie, speziesbedingt, Nachtragend sein kann!<\/p>\n<p>Ortrichk ist nicht gerade eitel, legt aber gr\u00f6\u00dften Wert auf K\u00f6rperpflege.<\/p>\n<p>Sie gibt sich gerne bescheiden und zur\u00fcckhaltend. Dahinter versteckt sie ihre Intelligenz.<\/p>\n<hr \/>\n<p><strong><span style=\"font-size: 24pt;\">Spezialgebiete<\/span><\/strong><\/p>\n<ul>\n<li>Anthropologie (Iskyra)<\/li>\n<li>vergleichende Physiologie<\/li>\n<li>forensische Pathologie (Iskyra)<\/li>\n<li>Arch\u00e4ologie<\/li>\n<li>Forschung<\/li>\n<li>Astronomie<\/li>\n<li>Astrophysik<\/li>\n<li>Naturwissenschaften<\/li>\n<\/ul>\n<p>Ortrichk ist im Besitz eines Pilotenscheins f\u00fcr Shuttles und mehreren Doktortiteln.<\/p>\n<hr \/>\n<p><strong><span style=\"font-size: 24pt;\">Hobbies<\/span><\/strong><\/p>\n<p>Schwimmen<br \/>\nIskyra-Triathlon (=3*Triatlon)<br \/>\nKampfsport<br \/>\nKlassische Literatur (in Form von replizierten und echten B\u00fcchern)<br \/>\nFremdsprachen (Klingonisch, Vulkanisch [alt und neu], Ferengie und Romulanisch) kann sie lesen und spricht sie flie\u00dfend, wenn auch mit deutlichem Akzent<br \/>\nHistorische Kinofilme und Theater<br \/>\nMusik h\u00f6ren (bevorzugt 1970 &#8211; 2016, Lieblingsband Queen)<br \/>\nKryptographie<br \/>\nInformatik<br \/>\nFremde Spezies<\/p>\n<hr \/>\n<p><strong><span style=\"font-size: 24pt;\">Abneigungen<\/span><\/strong><\/p>\n<p>Angeber, Arroganz, \u00dcberheblichkeit, Schleimerei, unn\u00f6tig ausschweifende Erkl\u00e4rungen, &#8222;vornehmes&#8220; Essen (Banketts und \u00e4hnliche Feierlichkeiten), Anmache, Partys, Ballspiele und -sport aller Art<\/p>\n<hr \/>\n<p><strong><span style=\"font-size: 24pt;\">Medizinisches Profil<\/span><\/strong><\/p>\n<p>Ortrichk ist, abgesehen von einer Lactoseunvertr\u00e4glichkeit, in bester k\u00f6rperlicher und psychischer Verfassung. Sie ist etwas gr\u00f6\u00dfer und schwerer als normale weibliche Iskyra. Ihre Gestalt ist muskul\u00f6s und trainiert. Ihre Reaktionszeit und Reflexe sind au\u00dferordentlich schnell.<br \/>\nDie nat\u00fcrliche Kurzsichtigkeit der Iskyra kompensiert sie meistens mit Kontaktlinsen, da selbige medizinisch nicht behandelt werden konnte. Retinax V zeigte keinerlei Wirkung. Einen Visor lehnte sie, bisher, erfolgreich ab<br \/>\nIhre Krallen kann sie je nach bedarf ein oder aus fahren.<br \/>\nDie gro\u00dfen &#8222;Pfoten&#8220;, eher Pranken, sind ein schweres Handicap. Greifen kann sie damit nur gr\u00f6\u00dfere Objekte und meist nur mit Zuhilfenahme der Krallen. Ein Padd (selbst ein kleines) wird zuwischen den Pfoten gehalten und mit dem sehr beweglichen Schwanz bedient. F\u00fcr den Transport von Padds tr\u00e4gt Ortrichk eine spezielle Tasche am G\u00fcrtel. Die Konsolen aller modernen Schiffe lassen sich umkonfigurieren, so dass Iskyra sie leicht mit den Pfoten und dem Schwanz bedienen k\u00f6nnen.<\/p>\n<hr \/>\n<p><strong><span style=\"font-size: 24pt;\">Klassifzierte Sektion<\/span><\/strong><\/p>\n<p>keine Eintr\u00e4ge<\/p>\n","protected":false},"excerpt":{"rendered":"<p>Ortrichk Dr. Ortrichk Lertary Status NPC Spieler Michel G. Dienstliche Informationen Ranggrafik Rang Lt. jg. Posten CWI Stationierung USS Hephaistos Biographische Informationen Geburtstag 30.5.2390 Geburtsort Rr&#8220;aghnar auf Trr&#8217;gchk (Olbia II) Familienstand Verheiratet mit Ana Ivoin Familie Ziehkinder: Tara &#8211; 14 Jahre &#8211; Mensch\/ Klingone Lani &#8211; 5 Jahre &#8211; Iskyra Eltern Mutter: Srrylvia Lertary Vater:&#8230;<\/p>\n<p class=\"more-link-wrap\"><a href=\"https:\/\/www.sf-germany.org\/einheiten\/uss-hephaistos\/die-crew\/spieler\/ortrichk-lertary\/\" class=\"more-link\">Read More<span class=\"screen-reader-text\"> &ldquo;Ortrichk Lertary&rdquo;<\/span> &raquo;<\/a><\/p>\n","protected":false},"author":2,"featured_media":0,"parent":54,"menu_order":204,"comment_status":"closed","ping_status":"closed","template":"page-templates\/medium.php","meta":{"footnotes":""},"class_list":["post-6374","page","type-page","status-publish","hentry"],"_links":{"self":[{"href":"https:\/\/www.sf-germany.org\/einheiten\/uss-hephaistos\/wp-json\/wp\/v2\/pages\/6374","targetHints":{"allow":["GET"]}}],"collection":[{"href":"https:\/\/www.sf-germany.org\/einheiten\/uss-hephaistos\/wp-json\/wp\/v2\/pages"}],"about":[{"href":"https:\/\/www.sf-germany.org\/einheiten\/uss-hephaistos\/wp-json\/wp\/v2\/types\/page"}],"author":[{"embeddable":true,"href":"https:\/\/www.sf-germany.org\/einheiten\/uss-hephaistos\/wp-json\/wp\/v2\/users\/2"}],"replies":[{"embeddable":true,"href":"https:\/\/www.sf-germany.org\/einheiten\/uss-hephaistos\/wp-json\/wp\/v2\/comments?post=6374"}],"version-history":[{"count":11,"href":"https:\/\/www.sf-germany.org\/einheiten\/uss-hephaistos\/wp-json\/wp\/v2\/pages\/6374\/revisions"}],"predecessor-version":[{"id":9110,"href":"https:\/\/www.sf-germany.org\/einheiten\/uss-hephaistos\/wp-json\/wp\/v2\/pages\/6374\/revisions\/9110"}],"up":[{"embeddable":true,"href":"https:\/\/www.sf-germany.org\/einheiten\/uss-hephaistos\/wp-json\/wp\/v2\/pages\/54"}],"wp:attachment":[{"href":"https:\/\/www.sf-germany.org\/einheiten\/uss-hephaistos\/wp-json\/wp\/v2\/media?parent=6374"}],"curies":[{"name":"wp","href":"https:\/\/api.w.org\/{rel}","templated":true}]}}