{"id":6668,"date":"2022-03-03T20:59:10","date_gmt":"2022-03-03T19:59:10","guid":{"rendered":"http:\/\/www.sf-germany.org\/einheiten\/uss-hephaistos\/?page_id=6668"},"modified":"2025-08-04T09:57:57","modified_gmt":"2025-08-04T07:57:57","slug":"nazira-tapai","status":"publish","type":"page","link":"https:\/\/www.sf-germany.org\/einheiten\/uss-hephaistos\/die-crew\/spieler\/nazira-tapai\/","title":{"rendered":"Nazira Tapai"},"content":{"rendered":"<div style=\"float: right; margin-left: 15px; margin-bottom: 15px; font-size: 11px; width: 350px; padding-left: 10px; padding-right: 10px;\">\n<table style=\"border: 0px solid #003366; background: transparent; box-shadow: rgba(255, 255, 255, 0.75) 0.1em 0.1em 0.5em; border-radius: 1em; width: 100%; height: 850px;\" border=\"3\" cellspacing=\"10\" align=\"right\">\n<tbody>\n<tr style=\"height: 16px;\">\n<td style=\"font-weight: bold; border: 0px solid transparent; width: 100%; height: 16px;\" colspan=\"2\" align=\"center\"><\/td>\n<\/tr>\n<tr style=\"height: 304px;\">\n<td style=\"background: transparent; border: 0px solid transparent; width: 100%; height: 304px;\" colspan=\"2\" align=\"center\"><img loading=\"lazy\" decoding=\"async\" class=\"alignnone wp-image-6675 size-medium\" src=\"https:\/\/www.sf-germany.org\/einheiten\/uss-hephaistos\/wp-content\/uploads\/Nazira-Tapai-255x300.jpg\" alt=\"\" width=\"255\" height=\"300\" srcset=\"https:\/\/www.sf-germany.org\/einheiten\/uss-hephaistos\/wp-content\/uploads\/Nazira-Tapai-255x300.jpg 255w, https:\/\/www.sf-germany.org\/einheiten\/uss-hephaistos\/wp-content\/uploads\/Nazira-Tapai-871x1024.jpg 871w, https:\/\/www.sf-germany.org\/einheiten\/uss-hephaistos\/wp-content\/uploads\/Nazira-Tapai-1307x1536.jpg 1307w, https:\/\/www.sf-germany.org\/einheiten\/uss-hephaistos\/wp-content\/uploads\/Nazira-Tapai-1742x2048.jpg 1742w, https:\/\/www.sf-germany.org\/einheiten\/uss-hephaistos\/wp-content\/uploads\/Nazira-Tapai.jpg 1949w\" sizes=\"auto, (max-width: 255px) 100vw, 255px\" \/><\/td>\n<\/tr>\n<tr style=\"height: 16px;\">\n<td style=\"font-weight: bold; border: 0px solid transparent; width: 100%; height: 16px;\" colspan=\"2\" align=\"center\"><b>Nazira Tapai<\/b><\/td>\n<\/tr>\n<tr style=\"height: 16px;\">\n<td style=\"font-weight: bold; border: 0px solid transparent; width: 50%; height: 16px;\" align=\"right\" width=\"50%\">Status<\/td>\n<td style=\"border: 0px solid transparent; width: 50%; height: 16px;\" align=\"left\" width=\"50%\">PC<\/td>\n<\/tr>\n<tr style=\"height: 16px;\">\n<td style=\"font-weight: bold; border: 0px solid transparent; width: 50%; height: 16px;\" align=\"right\" width=\"50%\">Spieler<\/td>\n<td style=\"border: 0px solid transparent; width: 50%; height: 16px;\" align=\"left\" width=\"50%\">Debora<\/td>\n<\/tr>\n<tr style=\"height: 16px;\">\n<td style=\"font-weight: bold; border: 0px solid #003366; background: #555555; box-shadow: rgba(255, 255, 255, 0.75) 0.1em 0.1em 0.5em; border-radius: 1em; width: 100%; height: 16px;\" colspan=\"2\" align=\"center\">Dienstliche Informationen<\/td>\n<\/tr>\n<tr style=\"height: 29px;\">\n<td style=\"font-weight: bold; border: 0px solid transparent; width: 50%; height: 29px;\" align=\"right\" width=\"50%\">Ranggrafik<\/td>\n<td style=\"border: 0px solid transparent; width: 50%; height: 29px;\" align=\"left\" width=\"50%\"><img decoding=\"async\" src=\"https:\/\/www.sf-germany.com\/images\/schemata\/sto\/blau\/lt.png\" alt=\"lt.png (128\u00d732)\" \/><\/td>\n<\/tr>\n<tr style=\"height: 16px;\">\n<td style=\"font-weight: bold; border: 0px solid transparent; width: 50%; height: 16px;\" align=\"right\" width=\"50%\">Rang<\/td>\n<td style=\"border: 0px solid transparent; width: 50%; height: 16px;\" align=\"left\" width=\"50%\">Lieutenant<\/td>\n<\/tr>\n<tr style=\"height: 16px;\">\n<td style=\"font-weight: bold; border: 0px solid transparent; width: 50%; height: 16px;\" align=\"right\" width=\"50%\">Posten<\/td>\n<td style=\"border: 0px solid transparent; width: 50%; height: 16px;\" align=\"left\" width=\"50%\">CNS<\/td>\n<\/tr>\n<tr style=\"height: 16px;\">\n<td style=\"font-weight: bold; border: 0px solid transparent; width: 50%; height: 16px;\" align=\"right\" width=\"50%\">Stationierung<\/td>\n<td style=\"border: 0px solid transparent; width: 50%; height: 16px;\" align=\"left\" width=\"50%\">USS Hephaistos<\/td>\n<\/tr>\n<tr style=\"height: 16px;\">\n<td style=\"font-weight: bold; border: 0px solid #003366; background: #555555; box-shadow: rgba(255, 255, 255, 0.75) 0.1em 0.1em 0.5em; border-radius: 1em; width: 100%; height: 16px;\" colspan=\"2\" align=\"center\">Physische Beschreibung<\/td>\n<\/tr>\n<tr style=\"height: 16px;\">\n<td style=\"font-weight: bold; border: 0px solid transparent; width: 50%; height: 16px;\" align=\"right\" width=\"50%\">Spezies<\/td>\n<td style=\"border: 0px solid transparent; width: 50%; height: 16px;\" align=\"left\" width=\"50%\">Trill (unvereinigt)<\/td>\n<\/tr>\n<tr style=\"height: 16px;\">\n<td style=\"font-weight: bold; border: 0px solid transparent; width: 50%; height: 16px;\" align=\"right\" width=\"50%\">Geschlecht<\/td>\n<td style=\"border: 0px solid transparent; width: 50%; height: 16px;\" align=\"left\" width=\"50%\">weiblich<\/td>\n<\/tr>\n<tr style=\"height: 16px;\">\n<td style=\"font-weight: bold; border: 0px solid transparent; width: 50%; height: 16px;\" align=\"right\" width=\"50%\">Gr\u00f6\u00dfe<\/td>\n<td style=\"border: 0px solid transparent; width: 50%; height: 16px;\" align=\"left\" width=\"50%\">\u00a0155 cm<\/td>\n<\/tr>\n<tr style=\"height: 16px;\">\n<td style=\"font-weight: bold; border: 0px solid transparent; width: 50%; height: 16px;\" align=\"right\" width=\"50%\">Gewicht<\/td>\n<td style=\"border: 0px solid transparent; width: 50%; height: 16px;\" align=\"left\" width=\"50%\">\u00a047 kg<\/td>\n<\/tr>\n<tr style=\"height: 33px;\">\n<td style=\"font-weight: bold; border: 0px solid transparent; width: 50%; height: 33px;\" align=\"right\" width=\"50%\">Hautfarbe<\/td>\n<td style=\"border: 0px solid transparent; width: 50%; height: 33px;\" align=\"left\" width=\"50%\">sehr blass, Trillflecken eher hellbraun-beige<\/td>\n<\/tr>\n<tr style=\"height: 16px;\">\n<td style=\"font-weight: bold; border: 0px solid transparent; width: 50%; height: 16px;\" align=\"right\" width=\"50%\">Haarfarbe<\/td>\n<td style=\"border: 0px solid transparent; width: 50%; height: 16px;\" align=\"left\" width=\"50%\">silberblond, fast wei\u00df<\/td>\n<\/tr>\n<tr style=\"height: 16px;\">\n<td style=\"font-weight: bold; border: 0px solid transparent; width: 50%; height: 16px;\" align=\"right\" width=\"50%\">Augenfarbe<\/td>\n<td style=\"border: 0px solid transparent; width: 50%; height: 16px;\" align=\"left\" width=\"50%\">smaragdgr\u00fcn<\/td>\n<\/tr>\n<tr style=\"height: 16px;\">\n<td style=\"font-weight: bold; border: 0px solid #003366; background: #555555; box-shadow: rgba(255, 255, 255, 0.75) 0.1em 0.1em 0.5em; border-radius: 1em; width: 100%; height: 16px;\" colspan=\"2\" align=\"center\">Biographische Informationen<\/td>\n<\/tr>\n<tr style=\"height: 16px;\">\n<td style=\"font-weight: bold; border: 0px solid transparent; width: 50%; height: 16px;\" align=\"right\" width=\"50%\">Geburtsort<\/td>\n<td style=\"border: 0px solid transparent; width: 50%; height: 16px;\" align=\"left\" width=\"50%\">Trill<\/td>\n<\/tr>\n<tr style=\"height: 16px;\">\n<td style=\"font-weight: bold; border: 0px solid transparent; width: 50%; height: 16px;\" align=\"right\" width=\"50%\">Geburtstag<\/td>\n<td style=\"border: 0px solid transparent; width: 50%; height: 16px;\" align=\"left\" width=\"50%\">31.10.2388<\/td>\n<\/tr>\n<tr style=\"height: 16px;\">\n<td style=\"font-weight: bold; border: 0px solid transparent; width: 50%; height: 16px;\" align=\"right\" width=\"50%\">Familienstand<\/td>\n<td style=\"border: 0px solid transparent; width: 50%; height: 16px;\" align=\"left\" width=\"50%\">ledig<\/td>\n<\/tr>\n<tr style=\"height: 132px;\">\n<td style=\"font-weight: bold; border: 0px solid transparent; width: 50%; height: 132px;\" align=\"right\" width=\"50%\">Familie<\/td>\n<td style=\"border: 0px solid transparent; width: 50%; height: 132px;\" align=\"left\" width=\"50%\">Vater: Breslun Xarn (vereinigter Trill)<br \/>\nMutter: Alwina Tapai (unvereinigt)<br \/>\nBruder: Mersal Tapai (geb. 2386)<br \/>\nSchwester: Ahalya Tapai (gebl. 2391)<\/td>\n<\/tr>\n<tr style=\"height: 16px;\">\n<td style=\"font-weight: bold; border: 0px solid transparent; width: 50%; height: 16px;\" align=\"right\" width=\"50%\">Religion<\/td>\n<td style=\"border: 0px solid transparent; width: 50%; height: 16px;\" align=\"left\" width=\"50%\">keine<\/td>\n<\/tr>\n<tr style=\"height: 16px;\">\n<td style=\"font-weight: bold; border: 0px solid #003366; background: #555555; box-shadow: rgba(255, 255, 255, 0.75) 0.1em 0.1em 0.5em; border-radius: 1em; width: 100%; height: 16px;\" colspan=\"2\" align=\"center\">Politische informationen<\/td>\n<\/tr>\n<tr style=\"height: 16px;\">\n<td style=\"font-weight: bold; border: 0px solid transparent; width: 50%; height: 16px;\" align=\"right\" width=\"50%\">Buergerschaft<\/td>\n<td style=\"border: 0px solid transparent; width: 50%; height: 16px;\" align=\"left\" width=\"50%\">F\u00f6derationsb\u00fcrger<\/td>\n<\/tr>\n<\/tbody>\n<\/table>\n<\/div>\n<p><strong><span style=\"font-size: 24pt;\">Lebenslauf<\/span><\/strong><\/p>\n<p>Nazira wuchs als mittleres von drei Kindern der Biologin Alwina Tapai und des Mediziners Breslun Xarn auf. Ihr Vater ist ein vereinigter Trill. Stets hatte sie ein gutes Verh\u00e4ltnis zu ihren Eltern, mit ihren Geschwistern jedoch verband sie eine regelrechte Hassliebe. Ihr \u00e4lterer Bruder Mersal und ihre j\u00fcngere Schwester Ahalya waren musterg\u00fcltig ihn ihrem Bem\u00fchen, sich so zu entwickeln, bilden und zu verhalten, dass sie m\u00f6glichst fr\u00fch f\u00fcr eine Vereinigung mit einem Symbionten in Betracht gezogen w\u00fcrden. Obwohl Nazira die gleichen Qualifikationen wie ihre Geschwister aufwies und sich ebenfalls eine Vereinigung sehnlich w\u00fcnschte \u2013 ihren vereinten Vater stets als Vorbild vor Augen \u2013 wurde sie aufgrund ihrer Pigmentst\u00f6rung und der damit verbundenen Einschr\u00e4nkungen von der Symbiosekommission abgelehnt, was sie sehr entt\u00e4uscht hat. Zu diesem Zeitpunkt war sie 18 Jahre alt und brauchte zwei Jahre, um sich neu zu orientieren.<\/p>\n<p>Nach dieser Zeitspanne beschloss sie, sich bei der Sternenflotte zu bewerben, da der Dienst auf einem Raumschiff ihr als lohnende Zukunftsperspektive erschien und ihr gleichzeitig zu den meisten Zeiten die Abwesenheit der Sonne garantierte. Zudem wollte sie sich gern von ihrem Heimatplaneten distanzieren. Aufgrund ihrer Vorbildung wurde sie als Kadett akzeptiert und wechselte bewusst weit weg an die Akademie auf der Erde in San Francisco, um der H\u00e4me ihrer Geschwister und der Entt\u00e4uschung ihrer Eltern zu entkommen und einen neuen Anfang machen zu k\u00f6nnen.<\/p>\n<p>2412:<\/p>\n<p>Abschluss Sternenflottenakademie, Versetzung als Ensign auf die USB Atlantis. Dort konnte sie in einem gr\u00f6\u00dferen psychologischen Team wertvolle Erfahrungen bei der Betreuung des Stationspersonals sp\u00e4ter auch genesender Opfer des Krieges in der Nachbetreuung sammeln.<\/p>\n<p>2414:<\/p>\n<p>Bef\u00f6rderung zur Lieutenant (Junior Grade)<\/p>\n<p>2416:<\/p>\n<p>Versetzung nach Bewerbung auf die USS Hephaistos und Bef\u00f6rderung zur Abteilungsleiterin der psychologischen Abteilung auf dem Schiff.<\/p>\n<p><a href=\"https:\/\/www.sf-germany.org\/einheiten\/uss-hephaistos\/wp-content\/uploads\/Nazira_Tapai.jpg\"><img loading=\"lazy\" decoding=\"async\" class=\"size-medium wp-image-6716 alignnone\" src=\"https:\/\/www.sf-germany.org\/einheiten\/uss-hephaistos\/wp-content\/uploads\/Nazira_Tapai-212x300.jpg\" alt=\"\" width=\"212\" height=\"300\" srcset=\"https:\/\/www.sf-germany.org\/einheiten\/uss-hephaistos\/wp-content\/uploads\/Nazira_Tapai-212x300.jpg 212w, https:\/\/www.sf-germany.org\/einheiten\/uss-hephaistos\/wp-content\/uploads\/Nazira_Tapai.jpg 620w\" sizes=\"auto, (max-width: 212px) 100vw, 212px\" \/><\/a><\/p>\n<p>Sp\u00e4ter im selben Jahr Bef\u00f6rderung zur Lieutenant (Senior Grade).<\/p>\n<p>Im September 2416 dann die Verleihung der Dienstmedaille f\u00fcr emotionale F\u00fchrungsleistung<\/p>\n<p><a href=\"https:\/\/www.sf-germany.org\/einheiten\/uss-hephaistos\/wp-content\/uploads\/counselor.webp\"><img loading=\"lazy\" decoding=\"async\" class=\"wp-image-9040 alignnone\" src=\"https:\/\/www.sf-germany.org\/einheiten\/uss-hephaistos\/wp-content\/uploads\/counselor.webp\" alt=\"\" width=\"300\" height=\"200\" srcset=\"https:\/\/www.sf-germany.org\/einheiten\/uss-hephaistos\/wp-content\/uploads\/counselor.webp 1536w, https:\/\/www.sf-germany.org\/einheiten\/uss-hephaistos\/wp-content\/uploads\/counselor-300x200.webp 300w, https:\/\/www.sf-germany.org\/einheiten\/uss-hephaistos\/wp-content\/uploads\/counselor-1024x683.webp 1024w\" sizes=\"auto, (max-width: 300px) 100vw, 300px\" \/><\/a><\/p>\n<p>&nbsp;<\/p>\n<hr \/>\n<p>&nbsp;<\/p>\n<p><span style=\"font-size: 24pt;\"><strong>Psychologisches Profil<\/strong><\/span><\/p>\n<p>&nbsp;<\/p>\n<ul>\n<li>Nazira ist generell von umg\u00e4nglicher, hilfsbereiter und kooperativer Natur. Sie hat keine Hemmungen im Kennenlernen fremder Personen, ist jedoch in Gesellschaft trotzdem eher ruhig und beobachtet lieber die Anwesenden, als sich in den Vordergrund zu spielen. Gerade ihre Beobachtungsgabe ist ausgepr\u00e4gt, vor allem im zwischenmenschlichen Bereich. Sehr leicht schnappt sie Stimmungen auf und hat ein nat\u00fcrliches Gesp\u00fcr f\u00fcr die Interpretation von K\u00f6rpersprache, Mimik und Betonung.<\/li>\n<li>Dadurch zieht sie sich in einer Gruppe von Menschen aber auch h\u00e4ufig lieber an den Rand zur\u00fcck um zu beobachten, als mitten im Geschehen zu sein. Im Gespr\u00e4ch unter vier Augen ist sie jedoch durchaus ein lebhafter Gespr\u00e4chspartner. Au\u00dferdem neigt sie dazu, stets die humorige Seite einer Situation zu sehen und dies auch zum Ausdruck zu bringen. Allerdings scheint sie in Momenten, in denen sie sich unbeobachtet glaubt, eine gro\u00dfe Traurigkeit zu \u00fcberkommen, \u00fcber die sie jedoch nicht reden m\u00f6chte.<\/li>\n<li>Sie ordnet sich leicht in ein bestehendes Autorit\u00e4tsgef\u00fcge ein und ist gegen\u00fcber Vorgesetzten stets kooperativ und aufmerksam. Gerne steuert sie Vorschl\u00e4ge f\u00fcr Vorgehensweisen etc. bei, aber nur, wenn sie das Gef\u00fchl hat, dass diese auch erw\u00fcnscht sind. Zu Untergebenen ist sie freundlich und geduldig. Bei guter Atmosph\u00e4re in der Arbeitsgruppe versucht sie meist, ein Konzept des \u201ePrimus inter paris\u201c zu verfolgen. Ihre Neigung, nach M\u00f6glichkeit nicht autorit\u00e4r werden zu m\u00fcssen, kann jedoch unter ung\u00fcnstigen Umst\u00e4nden daf\u00fcr sorgen, dass sie sich von ihren Mitarbeitern zu viel gefallen l\u00e4sst, bevor sie durchgreift.<\/li>\n<li>Gerade ihre gute Aufnahmef\u00e4higkeit der Stimmungen anderer schafft bei ihr ein Bed\u00fcrfnis nach Ruhepausen, in denen sie ganz f\u00fcr sich allein sein kann. Gerne nutzt sie freie Stunden, um in ihrem Quartier zu meditieren oder im Holodeck zu entspannen, nach M\u00f6glichkeit geht sie auch gern nach D\u00e4mmerung im Freien spazieren, um Gedanken zu sortieren und den Kopf frei zu bekommen. Enth\u00e4lt man ihr derlei R\u00fcckzugsm\u00f6glichkeiten zu lange vor, schleicht sich eine gewisse Dauer-Anspannung in ihr Verhalten ein, die sich physisch auch durch Kopfschmerzen manifestieren kann. Von Seiten des zust\u00e4ndigen Mediziners ist hierauf verst\u00e4rkt zu achten, da Nazira dazu neigt, solche Symptome herunterzuspielen und zu bagatellisieren.<\/li>\n<li><\/li>\n<li>Auch ist sie sehr sensibel, wenn sie auf ihr ungew\u00f6hnliches \u00c4u\u00dferes angesprochen wird. Als Kind und Jugendliche wurde sie deswegen von Gleichaltrigen stark geh\u00e4nselt und eine Zeit lang hat sie versucht, sich durch Haare f\u00e4rben und Makeup davor zu sch\u00fctzen, was es jedoch eher schlimmer gemacht hat.<br \/>\nInzwischen ist sie mit sich im Reinen und akzeptiert sich, wie sie ist. Dennoch mag sie Kommentare oder Fragen zu ihrer fehlenden Pigmentierung nicht und versucht in der Regel sofort, geschickt vom Thema abzulenken. Auch Komplimente, sofern diese kommen, ist sie nicht gew\u00f6hnt und man merkt ihr an, dass diese ihr eher unangenehm sind.<\/li>\n<li>Sie liebt es zu singen und hat auch eine Gesangsausbildung auf ihrem Heimatplaneten genossen. W\u00e4hrend der Zeit in der Akademie war sie die S\u00e4ngerin einer Musikgruppe, die sich aus Studenten der Akademie geformt hatte.<\/li>\n<li>Au\u00dferdem ist sie vernarrt in Vegetation aller Art \u2013 zu Hause hatte sie einen kleinen Garten am Haus ihrer Eltern, den sie vor allem in den fr\u00fchen Morgen- und sp\u00e4ten Abendstunden bewirtschaftet hat (wegen ihrer Sonnenlicht-Empfindlichkeit) und auch in den G\u00e4rten und Parks in San Francisco ging sie gerne spazieren. Aufgrund ihrer besonderen Physiognomie hat sie eine Vorliebe f\u00fcr nachtbl\u00fchende Pflanzen entwickelt und kultiviert diese auch gerne in ihren eigenen R\u00e4umlichkeiten oder, wenn sie kann, im Arboretum oder im Freien.<\/li>\n<li>Seit der Mission in der Anomalie ist sie in einer festen Beziehung mit dem CSO der Hephaistos, Jori Tainia.<\/li>\n<\/ul>\n<hr \/>\n<p><strong><span style=\"font-size: 24pt;\">Spezialgebiete<\/span><\/strong><\/p>\n<p><strong>Studien auf der Sternenflottenakademie:<\/strong><\/p>\n<p>&nbsp;<\/p>\n<p>Hauptf\u00e4cher:<\/p>\n<ul>\n<li>Psychologie<\/li>\n<li>Psychosomatik<\/li>\n<li>Sprachen: F\u00f6derationsstandard und Englisch flie\u00dfend, Trill (Muttersprache), Vulkanisch, Klingonisch und Cardassianisch in Grundz\u00fcgen<\/li>\n<\/ul>\n<p>Nebenf\u00e4cher:<\/p>\n<ul>\n<li>Biologie (Fachrichtungen: Genetik, Molekularbiologie)<\/li>\n<li>Medizin (allgemeinmedizinisch)<\/li>\n<\/ul>\n<p><strong>Besonderheiten der eigenen Spezies:<\/strong><br \/>\nnicht vereinigt mit einem Symbionten<\/p>\n<p><strong>Sonstiges:<\/strong><\/p>\n<p>Nazira hat ein sehr feines Gesp\u00fcr f\u00fcr zwischenmenschliche Schwingungen, so dass sie besser \u201ezwischen den Zeilen lesen\u201c kann als die meisten anderen Angeh\u00f6rigen von nicht-telepathischen Rassen. Insofern hat sie eine ungew\u00f6hnlich ausgepr\u00e4gte Empathie. Sie ist sehr gut darin, zu erkennen, wenn jemand l\u00fcgt oder etwas verschweigt.<\/p>\n<hr \/>\n<p><strong><span style=\"font-size: 24pt;\">Hobbies<\/span><\/strong><\/p>\n<ul>\n<li>Gartenbau und Pflanzenpflege<\/li>\n<li>Botanik generell<\/li>\n<li>Gesang (Ausbildung) incl. B\u00fchnenauftritte<\/li>\n<\/ul>\n<hr \/>\n<p><strong><span style=\"font-size: 24pt;\">Medizinisches Profil<\/span><\/strong><\/p>\n<p><strong>Krankheiten &amp; Gesundheit:<\/strong><\/p>\n<ul>\n<li>Nazira ist eine vollkommen normale und gesunde junge Trill. Einzige Ausnahme ist eine Pigmentierungs-St\u00f6rung, die sich durch ihre extrem helle Haut und hellen Flecken sowie die fast wei\u00dfen Haare zeigt. Hierdurch vertr\u00e4gt sie Sonnenlicht nur in eingeschr\u00e4nktem Ma\u00dfe \u2013 schon nach 10 Minuten in direktem Sonnenlicht bekommt sie Sonnenbrand, eine Br\u00e4unung findet nicht statt. Daher sollte sie stets einen entsprechenden Schutz in Form von Kleidung und\/oder medizinische UV-Blockade auf der Haut tragen, wenn sie sich der Sonne aussetzen muss. \u00a0Auch ihre Augen sind lichtempfindlicher als bei anderen Vertretern ihrer Spezies und bei sehr grellem Licht ben\u00f6tigt sie zum Erhalt ihrer Sehst\u00e4rke entsprechende Eins\u00e4tze\/Linsen, die das Licht nur gefiltert und abgeschw\u00e4cht in ihre Augen lassen. Daher ist von zu viel Aufenthalt im Freien bei starker Sonneneinstrahlung ohne Schutz dringlich abzuraten, eine l\u00e4ngere Expositon k\u00f6nnte zu Hautkrankheiten f\u00fchren. Bei wiederholter Exposition steht zu vermuten, dass ihre Sehkraft dauerhaft in Mitleidenschaft gezogen wird.<\/li>\n<li>Bei zu viel Stress neigt Nazira zu Spannungskopfschmerzen und starker Ersch\u00f6pfung.<\/li>\n<\/ul>\n<hr \/>\n<p><strong><span style=\"font-size: 24pt;\">Klassifzierte Sektion<\/span><\/strong><\/p>\n<p>Nazira hat f\u00fcr zwei Jahre nach der Ablehnung durch die Symbiosekommission in den H\u00f6hlen von Mak\u2019ala gedient, da sie ein Guardian f\u00fcr nicht vereinigte Symbionten werden sollte, die dort in den Becken der H\u00f6hle leben. Dies schien eine gute M\u00f6glichkeit zu sein, der Sonne zu entkommen und gleichzeitig ihrem Volk einen wertvollen Dienst zu leisten. Jedoch hatte sie eine zu enge Beziehung zu einem der Symbionten, Trax, aufgebaut und war kurz davor, mit Trax eine heimliche, nicht gestattete Symbiose einzugehen, da auch dieser Nazira sehr zugeneigt war. Als dies noch rechtzeitig aufflog, wurde ihr der Dienst in den H\u00f6hlen untersagt. Wenn sie auch einsah, dass sie einen Fehler gemacht hat, suchte sie danach nach einer M\u00f6glichkeit f\u00fcr einen Neustart. Die Beziehung zu Ihrer Familie hat sich dadurch stark verschlechtert, es gab seitdem keinen Kontakt mehr. Daher ging sie zur Sternenflotte, um sich f\u00fcr den Dienst auf einem Raumschiff ausbilden zu lassen. Hier w\u00fcrde sie erneut die M\u00f6glichkeit haben, sich (meist) fernab von zu viel Sonnenlicht als n\u00fctzlich zu erweisen.<\/p>\n","protected":false},"excerpt":{"rendered":"<p>Nazira Tapai Status PC Spieler Debora Dienstliche Informationen Ranggrafik Rang Lieutenant Posten CNS Stationierung USS Hephaistos Physische Beschreibung Spezies Trill (unvereinigt) Geschlecht weiblich Gr\u00f6\u00dfe \u00a0155 cm Gewicht \u00a047 kg Hautfarbe sehr blass, Trillflecken eher hellbraun-beige Haarfarbe silberblond, fast wei\u00df Augenfarbe smaragdgr\u00fcn Biographische Informationen Geburtsort Trill Geburtstag 31.10.2388 Familienstand ledig Familie Vater: Breslun Xarn (vereinigter Trill)&#8230;<\/p>\n<p class=\"more-link-wrap\"><a href=\"https:\/\/www.sf-germany.org\/einheiten\/uss-hephaistos\/die-crew\/spieler\/nazira-tapai\/\" class=\"more-link\">Read More<span class=\"screen-reader-text\"> &ldquo;Nazira Tapai&rdquo;<\/span> &raquo;<\/a><\/p>\n","protected":false},"author":8,"featured_media":0,"parent":54,"menu_order":9,"comment_status":"closed","ping_status":"closed","template":"page-templates\/medium.php","meta":{"footnotes":""},"class_list":["post-6668","page","type-page","status-publish","hentry"],"_links":{"self":[{"href":"https:\/\/www.sf-germany.org\/einheiten\/uss-hephaistos\/wp-json\/wp\/v2\/pages\/6668","targetHints":{"allow":["GET"]}}],"collection":[{"href":"https:\/\/www.sf-germany.org\/einheiten\/uss-hephaistos\/wp-json\/wp\/v2\/pages"}],"about":[{"href":"https:\/\/www.sf-germany.org\/einheiten\/uss-hephaistos\/wp-json\/wp\/v2\/types\/page"}],"author":[{"embeddable":true,"href":"https:\/\/www.sf-germany.org\/einheiten\/uss-hephaistos\/wp-json\/wp\/v2\/users\/8"}],"replies":[{"embeddable":true,"href":"https:\/\/www.sf-germany.org\/einheiten\/uss-hephaistos\/wp-json\/wp\/v2\/comments?post=6668"}],"version-history":[{"count":30,"href":"https:\/\/www.sf-germany.org\/einheiten\/uss-hephaistos\/wp-json\/wp\/v2\/pages\/6668\/revisions"}],"predecessor-version":[{"id":9042,"href":"https:\/\/www.sf-germany.org\/einheiten\/uss-hephaistos\/wp-json\/wp\/v2\/pages\/6668\/revisions\/9042"}],"up":[{"embeddable":true,"href":"https:\/\/www.sf-germany.org\/einheiten\/uss-hephaistos\/wp-json\/wp\/v2\/pages\/54"}],"wp:attachment":[{"href":"https:\/\/www.sf-germany.org\/einheiten\/uss-hephaistos\/wp-json\/wp\/v2\/media?parent=6668"}],"curies":[{"name":"wp","href":"https:\/\/api.w.org\/{rel}","templated":true}]}}