{"id":7082,"date":"2022-12-04T12:54:25","date_gmt":"2022-12-04T11:54:25","guid":{"rendered":"http:\/\/www.sf-germany.org\/einheiten\/uss-hephaistos\/?page_id=7082"},"modified":"2024-03-03T16:44:10","modified_gmt":"2024-03-03T15:44:10","slug":"teresa-ruthven","status":"publish","type":"page","link":"https:\/\/www.sf-germany.org\/einheiten\/uss-hephaistos\/die-crew\/teresa-ruthven\/","title":{"rendered":"Teresa Ruthven"},"content":{"rendered":"<div style=\"float: right; margin-left: 15px; margin-bottom: 15px; font-size: 11px; width: 350px; padding-left: 10px; padding-right: 10px;\">\n<table style=\"border: 0px solid #003366; background: transparent; box-shadow: rgba(255, 255, 255, 0.75) 0.1em 0.1em 0.5em; border-radius: 1em; width: 100%; height: 742px;\" border=\"3\" cellspacing=\"10\" align=\"right\">\n<tbody>\n<tr style=\"height: 19px;\">\n<td style=\"font-weight: bold; border: 0px solid transparent; width: 100%; height: 19px;\" colspan=\"2\" align=\"center\"><\/td>\n<\/tr>\n<tr style=\"height: 215px;\">\n<td style=\"background: transparent; border: 0px solid transparent; width: 100%; height: 215px;\" colspan=\"2\" align=\"center\"><a href=\"https:\/\/www.sf-germany.org\/einheiten\/uss-hephaistos\/wp-content\/uploads\/teresa.png\"><img loading=\"lazy\" decoding=\"async\" class=\"aligncenter wp-image-7547\" src=\"https:\/\/www.sf-germany.org\/einheiten\/uss-hephaistos\/wp-content\/uploads\/teresa.png\" alt=\"\" width=\"150\" height=\"216\" srcset=\"https:\/\/www.sf-germany.org\/einheiten\/uss-hephaistos\/wp-content\/uploads\/teresa.png 912w, https:\/\/www.sf-germany.org\/einheiten\/uss-hephaistos\/wp-content\/uploads\/teresa-209x300.png 209w, https:\/\/www.sf-germany.org\/einheiten\/uss-hephaistos\/wp-content\/uploads\/teresa-712x1024.png 712w\" sizes=\"auto, (max-width: 150px) 100vw, 150px\" \/><\/a><\/td>\n<\/tr>\n<tr style=\"height: 19px;\">\n<td style=\"font-weight: bold; border: 0px solid transparent; width: 100%; height: 19px;\" colspan=\"2\" align=\"center\">Teresa Ruthven<\/td>\n<\/tr>\n<tr style=\"height: 19px;\">\n<td style=\"font-weight: bold; border: 0px solid transparent; width: 50%; height: 19px;\" align=\"right\" width=\"50%\">Status<\/td>\n<td style=\"border: 0px solid transparent; width: 50%; height: 19px;\" align=\"left\" width=\"50%\">NPC<\/td>\n<\/tr>\n<tr style=\"height: 19px;\">\n<td style=\"font-weight: bold; border: 0px solid transparent; width: 50%; height: 19px;\" align=\"right\" width=\"50%\">Spieler<\/td>\n<td style=\"border: 0px solid transparent; width: 50%; height: 19px;\" align=\"left\" width=\"50%\">Mac<\/td>\n<\/tr>\n<tr style=\"height: 19px;\">\n<td style=\"font-weight: bold; border: 0px solid #003366; background: #555555; box-shadow: rgba(255, 255, 255, 0.75) 0.1em 0.1em 0.5em; border-radius: 1em; width: 100%; height: 19px;\" colspan=\"2\" align=\"center\">Dienstliche Informationen<\/td>\n<\/tr>\n<tr style=\"height: 31px;\">\n<td style=\"font-weight: bold; border: 0px solid transparent; width: 50%; height: 31px;\" align=\"right\" width=\"50%\">Ranggrafik<\/td>\n<td style=\"border: 0px solid transparent; width: 50%; height: 31px;\" align=\"left\" width=\"50%\"><img loading=\"lazy\" decoding=\"async\" class=\"alignnone\" src=\"https:\/\/www.sf-germany.com\/images\/schemata\/sto\/weiss\/ziv.png\" alt=\"\" width=\"100\" height=\"25\" \/><\/td>\n<\/tr>\n<tr style=\"height: 19px;\">\n<td style=\"font-weight: bold; border: 0px solid transparent; width: 50%; height: 19px;\" align=\"right\" width=\"50%\">Rang<\/td>\n<td style=\"border: 0px solid transparent; width: 50%; height: 19px;\" align=\"left\" width=\"50%\">ZIV<\/td>\n<\/tr>\n<tr style=\"height: 19px;\">\n<td style=\"font-weight: bold; border: 0px solid transparent; width: 50%; height: 19px;\" align=\"right\" width=\"50%\">Posten<\/td>\n<td style=\"border: 0px solid transparent; width: 50%; height: 19px;\" align=\"left\" width=\"50%\">keinen<\/td>\n<\/tr>\n<tr style=\"height: 19px;\">\n<td style=\"font-weight: bold; border: 0px solid transparent; width: 50%; height: 19px;\" align=\"right\" width=\"50%\">Stationierung<\/td>\n<td style=\"border: 0px solid transparent; width: 50%; height: 19px;\" align=\"left\" width=\"50%\">USS Hephaistos<\/td>\n<\/tr>\n<tr style=\"height: 19px;\">\n<td style=\"font-weight: bold; border: 0px solid #003366; background: #555555; box-shadow: rgba(255, 255, 255, 0.75) 0.1em 0.1em 0.5em; border-radius: 1em; width: 100%; height: 19px;\" colspan=\"2\" align=\"center\">Physische Beschreibung<\/td>\n<\/tr>\n<tr style=\"height: 19px;\">\n<td style=\"font-weight: bold; border: 0px solid transparent; width: 50%; height: 19px;\" align=\"right\" width=\"50%\">Spezies<\/td>\n<td style=\"border: 0px solid transparent; width: 50%; height: 19px;\" align=\"left\" width=\"50%\">Mensch<\/td>\n<\/tr>\n<tr style=\"height: 19px;\">\n<td style=\"font-weight: bold; border: 0px solid transparent; width: 50%; height: 19px;\" align=\"right\" width=\"50%\">Geschlecht<\/td>\n<td style=\"border: 0px solid transparent; width: 50%; height: 19px;\" align=\"left\" width=\"50%\">weiblich<\/td>\n<\/tr>\n<tr style=\"height: 19px;\">\n<td style=\"font-weight: bold; border: 0px solid transparent; width: 50%; height: 19px;\" align=\"right\" width=\"50%\">Gr\u00f6\u00dfe<\/td>\n<td style=\"border: 0px solid transparent; width: 50%; height: 19px;\" align=\"left\" width=\"50%\">\u00a0cm<\/td>\n<\/tr>\n<tr style=\"height: 19px;\">\n<td style=\"font-weight: bold; border: 0px solid transparent; width: 50%; height: 19px;\" align=\"right\" width=\"50%\">Gewicht<\/td>\n<td style=\"border: 0px solid transparent; width: 50%; height: 19px;\" align=\"left\" width=\"50%\">\u00a0kg<\/td>\n<\/tr>\n<tr style=\"height: 21px;\">\n<td style=\"font-weight: bold; border: 0px solid transparent; width: 50%; height: 21px;\" align=\"right\" width=\"50%\">Hautfarbe<\/td>\n<td style=\"border: 0px solid transparent; width: 50%; height: 21px;\" align=\"left\" width=\"50%\">wei\u00df<\/td>\n<\/tr>\n<tr style=\"height: 19px;\">\n<td style=\"font-weight: bold; border: 0px solid transparent; width: 50%; height: 19px;\" align=\"right\" width=\"50%\">Haarfarbe<\/td>\n<td style=\"border: 0px solid transparent; width: 50%; height: 19px;\" align=\"left\" width=\"50%\">schwarz, schulterlang, gelockt<\/td>\n<\/tr>\n<tr style=\"height: 19px;\">\n<td style=\"font-weight: bold; border: 0px solid transparent; width: 50%; height: 19px;\" align=\"right\" width=\"50%\">Augenfarbe<\/td>\n<td style=\"border: 0px solid transparent; width: 50%; height: 19px;\" align=\"left\" width=\"50%\">braun<\/td>\n<\/tr>\n<tr style=\"height: 19px;\">\n<td style=\"font-weight: bold; border: 0px solid #003366; background: #555555; box-shadow: rgba(255, 255, 255, 0.75) 0.1em 0.1em 0.5em; border-radius: 1em; width: 100%; height: 19px;\" colspan=\"2\" align=\"center\">Biographische Informationen<\/td>\n<\/tr>\n<tr style=\"height: 19px;\">\n<td style=\"font-weight: bold; border: 0px solid transparent; width: 50%; height: 19px;\" align=\"right\" width=\"50%\">Geburtsort<\/td>\n<td style=\"border: 0px solid transparent; width: 50%; height: 19px;\" align=\"left\" width=\"50%\">Schottland<\/td>\n<\/tr>\n<tr style=\"height: 19px;\">\n<td style=\"font-weight: bold; border: 0px solid transparent; width: 50%; height: 19px;\" align=\"right\" width=\"50%\">Geburtstag<\/td>\n<td style=\"border: 0px solid transparent; width: 50%; height: 19px;\" align=\"left\" width=\"50%\">2396<\/td>\n<\/tr>\n<tr style=\"height: 19px;\">\n<td style=\"font-weight: bold; border: 0px solid transparent; width: 50%; height: 19px;\" align=\"right\" width=\"50%\">Familienstand<\/td>\n<td style=\"border: 0px solid transparent; width: 50%; height: 19px;\" align=\"left\" width=\"50%\">ledig<\/td>\n<\/tr>\n<tr style=\"height: 57px;\">\n<td style=\"font-weight: bold; border: 0px solid transparent; width: 50%; height: 57px;\" align=\"right\" width=\"50%\">Familie<\/td>\n<td style=\"border: 0px solid transparent; width: 50%; height: 57px;\" align=\"left\" width=\"50%\"><a href=\"https:\/\/www.sf-germany.org\/einheiten\/uss-hephaistos\/die-crew\/spieler\/shay-ruthven\/\">Shay Ruthven<\/a> (Bruder)<br \/>\n<a href=\"https:\/\/www.sf-germany.org\/einheiten\/uss-hephaistos\/die-crew\/charakter-archiv\/claudia-ruthven\/\">Claudia Ruthven<\/a> (Schwester)<br \/>\n<a href=\"https:\/\/www.sf-germany.org\/einheiten\/uss-hephaistos\/die-crew\/spieler\/elisa-careen\/\">Elisa Careen<\/a> (Schw\u00e4gerin)<\/td>\n<\/tr>\n<tr style=\"height: 19px;\">\n<td style=\"font-weight: bold; border: 0px solid transparent; width: 50%; height: 19px;\" align=\"right\" width=\"50%\">\u00a0Religion<\/td>\n<td style=\"border: 0px solid transparent; width: 50%; height: 19px;\" align=\"left\" width=\"50%\">keine<\/td>\n<\/tr>\n<tr style=\"height: 19px;\">\n<td style=\"font-weight: bold; border: 0px solid #003366; background: #555555; box-shadow: rgba(255, 255, 255, 0.75) 0.1em 0.1em 0.5em; border-radius: 1em; width: 100%; height: 19px;\" colspan=\"2\" align=\"center\">Politische informationen<\/td>\n<\/tr>\n<tr style=\"height: 19px;\">\n<td style=\"font-weight: bold; border: 0px solid transparent; width: 50%; height: 19px;\" align=\"right\" width=\"50%\">Buergerschaft<\/td>\n<td style=\"border: 0px solid transparent; width: 50%; height: 19px;\" align=\"left\" width=\"50%\">F\u00f6derationsb\u00fcrger<\/td>\n<\/tr>\n<\/tbody>\n<\/table>\n<\/div>\n<p><strong><span style=\"font-size: 24pt;\">Lebenslauf<\/span><\/strong><\/p>\n<p>Teresa Rionach Shannon Ruthven wurde als letztes der insgesamt 5 Kinder des Marcus Ruthven geboren.<br \/>\nZu ihrer Mutter hat sie zwar Kontakt aber sie hat ihr ganzes Leben auf dem Anwesen der Ruthvens in Schottland verbracht.<\/p>\n<p>Als Nesth\u00e4kchen durfte sie viele Freiheiten genie\u00dfen die ihre teilweise viel \u00e4lteren Geschwister nie hatten. Das machte aus der gut erzogenen Tochter des Hauses einen kleinen Rebell. Sie setzt gern und oft genug ihren Kopf durch und l\u00e4sst sich durch das Leben treiben.<\/p>\n<p>Mit 20 fast 21 Jahren stellte ihr Vater sie jedoch wiederholt vor die Frage was sie aus ihrem Leben machen wollte. Das gipfelte in einem Streit bei der er drohte sie einfach bei der Sternenflotte anzumelden wenn sie sich nicht endlich entschied.<\/p>\n<p>Zu Shay als gro\u00dfen Bruder hat sie ein freundschaftliches Verh\u00e4ltnis, auch weil sie ihn \u00e4hnlich wie ihren Vater um den Finger wickeln kann. Elisa wurde in der Zeit in der sie in Schottland war zu einer sehr guten Freundin und Vertrauten von Teresa. Das war vermutlich der Grund warum der j\u00fcngste Spross des Ruthven Clans nach einem Streit mit ihrem Vater die Sachen packte und einfach eine Passage nach K7 buchte.<\/p>\n<p>Dort angekommen sa\u00df sie wenige Stunden im Arrest wegen angeblichen Schmuggels, das konnte aber recht schnell, auch Dank der gro\u00dfen Schwester Codr. Claudia Ruthven aus der Welt geschafft werden.<\/p>\n<p>Aktuell befindet sie sich auf der Hephaistos und mit dieser wie alle anderen an Bord in der Anomalie und damit in einer seltsamen Fantasywelt. Dort war sie im Red Dragon als Bedienung t\u00e4tig. Auch Teresa hat sich daf\u00fcr entschieden ihre Erinnerungen an diese Zeit beizubehalten.<br \/>\nZur\u00fcck auf K7 ist weiterhin die Frage nach ihrer beruflichen Zukunft offen auch wenn sie keine Eile hat diese zu beantworten.<\/p>\n<p>&nbsp;<\/p>\n<hr \/>\n<p><strong><span style=\"font-size: 24pt;\">Psychologisches Profil<\/span><\/strong><\/p>\n<p>Teresa versucht ihren Kopf durchzusetzen und kann recht st\u00f6rrisch und eigensinnig sein. Gleichzeitig schert sie sich auch weniger um die g\u00fcltigen Normen und sagt auch gern mal was sie denkt.<br \/>\nDank ihrer Erziehung wei\u00df sie aber auch was sich geh\u00f6rt und wei\u00df auch sehr genau wenn sie gewissen Grenzen \u00fcberschreitet. Daher steht sie der Dreier-Beziehung ihres Bruders Shay mit Elisa und Trish eher skeptisch gegen\u00fcber, ist aber bereit sich \u00fcberzeugen zu lassen.<br \/>\nGenerell ist sie eine pers\u00f6nlichkeitsstarke junge Frau die mit dem Kopf durch die Wand will ohne genau zu wissen wo der Weg hin gehen soll.<\/p>\n<p><strong><span style=\"font-size: 18pt;\">St\u00e4rken \/ Schw\u00e4chen<\/span><\/strong><\/p>\n<p><strong>Positiv:<\/strong><\/p>\n<ul>\n<li><\/li>\n<\/ul>\n<p><strong>Negativ:<\/strong><\/p>\n<ul>\n<li><\/li>\n<\/ul>\n<p><strong>Vorlieben:<\/strong><\/p>\n<ul>\n<li><\/li>\n<\/ul>\n<p><strong>Abneigungen:\u00a0<\/strong><\/p>\n<ul>\n<li><\/li>\n<\/ul>\n<hr \/>\n<p><strong><span style=\"font-size: 24pt;\">Spezialgebiete<\/span><\/strong><\/p>\n<p><strong>Schulbildung<\/strong><\/p>\n<ul>\n<li>Normale Schulbildung bis zum Abitur.<\/li>\n<li>Aktuell keinen besonderen Berufswunsch<\/li>\n<li>Bedienung in einer Kneipe in Reedale (Anomalie)<\/li>\n<\/ul>\n<p><strong>Studien auf der Sternenflottenakademie:<\/strong><\/p>\n<p>&nbsp;<\/p>\n<p>Hauptf\u00e4cher:<\/p>\n<ul>\n<li><\/li>\n<\/ul>\n<p>Nebenf\u00e4cher:<\/p>\n<ul>\n<li><\/li>\n<\/ul>\n<p><strong>Besonderheiten der eigenen Spezies:<\/strong><br \/>\nKeine<\/p>\n<p><strong>Sonstiges:<\/strong><\/p>\n<p>Die ist ganz gut im fechten, mag es aber nicht unbedingt.<br \/>\nDaf\u00fcr tanzt sie gerne und lernt gerne alle m\u00f6glichen T\u00e4nze aus der ganzen Galaxie.<br \/>\nGenerell ist sie recht sportlich und fit ohne das sie gro\u00df trainieren muss.<br \/>\nEin Umstand der etwas verwundert wenn man sieht welche Massen an Essen die junge Frau verdr\u00fccken kann. Vor allem Kuchen.<br \/>\n<strong><br \/>\nSprachen:<\/strong><br \/>\nF\u00f6derationsstandard, G\u00e4lisch, Scots &#8211; flie\u00dfend<br \/>\nFranz\u00f6sisch &#8211; gelernt aber nie angewendet<br \/>\nDiv. andere Sprachen &#8211; nur Fl\u00fcche<\/p>\n<p>&nbsp;<\/p>\n<hr \/>\n<p><strong><span style=\"font-size: 24pt;\">Hobbies<\/span><\/strong><\/p>\n<ul>\n<li>Reiten<\/li>\n<li>Fechten<\/li>\n<li>Tanzen (gern in Clubs mit Freunden)<\/li>\n<\/ul>\n<hr \/>\n<p><strong><span style=\"font-size: 24pt;\">Medizinisches Profil<\/span><\/strong><\/p>\n<p>Kerngesund<\/p>\n<p><strong>Krankheiten &amp; Gesundheit:<\/strong><\/p>\n<ul>\n<li>keine<\/li>\n<\/ul>\n<hr \/>\n<p><span style=\"font-size: 32px;\"><b>Klassifizierte<\/b><\/span><strong><span style=\"font-size: 24pt;\">\u00a0Sektion<\/span><\/strong><\/p>\n<p>Keine Eintr\u00e4ge<\/p>\n","protected":false},"excerpt":{"rendered":"<p>Teresa Ruthven Status NPC Spieler Mac Dienstliche Informationen Ranggrafik Rang ZIV Posten keinen Stationierung USS Hephaistos Physische Beschreibung Spezies Mensch Geschlecht weiblich Gr\u00f6\u00dfe \u00a0cm Gewicht \u00a0kg Hautfarbe wei\u00df Haarfarbe schwarz, schulterlang, gelockt Augenfarbe braun Biographische Informationen Geburtsort Schottland Geburtstag 2396 Familienstand ledig Familie Shay Ruthven (Bruder) Claudia Ruthven (Schwester) Elisa Careen (Schw\u00e4gerin) \u00a0Religion keine Politische&#8230;<\/p>\n<p class=\"more-link-wrap\"><a href=\"https:\/\/www.sf-germany.org\/einheiten\/uss-hephaistos\/die-crew\/teresa-ruthven\/\" class=\"more-link\">Read More<span class=\"screen-reader-text\"> &ldquo;Teresa Ruthven&rdquo;<\/span> &raquo;<\/a><\/p>\n","protected":false},"author":2,"featured_media":0,"parent":27,"menu_order":20,"comment_status":"closed","ping_status":"closed","template":"page-templates\/medium.php","meta":{"footnotes":""},"class_list":["post-7082","page","type-page","status-publish","hentry"],"_links":{"self":[{"href":"https:\/\/www.sf-germany.org\/einheiten\/uss-hephaistos\/wp-json\/wp\/v2\/pages\/7082","targetHints":{"allow":["GET"]}}],"collection":[{"href":"https:\/\/www.sf-germany.org\/einheiten\/uss-hephaistos\/wp-json\/wp\/v2\/pages"}],"about":[{"href":"https:\/\/www.sf-germany.org\/einheiten\/uss-hephaistos\/wp-json\/wp\/v2\/types\/page"}],"author":[{"embeddable":true,"href":"https:\/\/www.sf-germany.org\/einheiten\/uss-hephaistos\/wp-json\/wp\/v2\/users\/2"}],"replies":[{"embeddable":true,"href":"https:\/\/www.sf-germany.org\/einheiten\/uss-hephaistos\/wp-json\/wp\/v2\/comments?post=7082"}],"version-history":[{"count":8,"href":"https:\/\/www.sf-germany.org\/einheiten\/uss-hephaistos\/wp-json\/wp\/v2\/pages\/7082\/revisions"}],"predecessor-version":[{"id":7952,"href":"https:\/\/www.sf-germany.org\/einheiten\/uss-hephaistos\/wp-json\/wp\/v2\/pages\/7082\/revisions\/7952"}],"up":[{"embeddable":true,"href":"https:\/\/www.sf-germany.org\/einheiten\/uss-hephaistos\/wp-json\/wp\/v2\/pages\/27"}],"wp:attachment":[{"href":"https:\/\/www.sf-germany.org\/einheiten\/uss-hephaistos\/wp-json\/wp\/v2\/media?parent=7082"}],"curies":[{"name":"wp","href":"https:\/\/api.w.org\/{rel}","templated":true}]}}