{"id":736,"date":"2019-01-20T11:37:27","date_gmt":"2019-01-20T10:37:27","guid":{"rendered":"http:\/\/www.sf-germany.org\/einheiten\/hephaistos\/?page_id=736"},"modified":"2022-10-07T12:53:13","modified_gmt":"2022-10-07T10:53:13","slug":"sarah-brown","status":"publish","type":"page","link":"https:\/\/www.sf-germany.org\/einheiten\/uss-hephaistos\/die-crew\/sarah-brown\/","title":{"rendered":"Sarah Brown"},"content":{"rendered":"<div style=\"float: right; margin-left: 15px; margin-bottom: 15px; font-size: 11px;\">\n<table style=\"border: solid 0px #003366; background: transparent; box-shadow: 0.1em 0.1em 0.5em rgba(255,255,255,0.75); -moz-box-shadow: 0.1em 0.1em 0.5em rgba(255,255,255,0.75); -webkit-box-shadow: 0.1em 0.1em 0.5em rgba(255,255,255,0.75); border-radius: 1em; -moz-border-radius: 1em; -webkit-border-radius: 1em;\" border=\"3\" cellspacing=\"10\" align=\"right\">\n<tbody>\n<tr>\n<td style=\"font-weight: bold; border: solid 0px transparent;\" colspan=\"2\" align=\"center\"><img loading=\"lazy\" decoding=\"async\" class=\"alignnone size-medium wp-image-740\" src=\"https:\/\/www.sf-germany.org\/einheiten\/uss-hephaistos\/wp-content\/uploads\/business-woman-silhouette-218x300.jpg\" alt=\"\" width=\"218\" height=\"300\" srcset=\"https:\/\/www.sf-germany.org\/einheiten\/uss-hephaistos\/wp-content\/uploads\/business-woman-silhouette-218x300.jpg 218w, https:\/\/www.sf-germany.org\/einheiten\/uss-hephaistos\/wp-content\/uploads\/business-woman-silhouette.jpg 447w\" sizes=\"auto, (max-width: 218px) 100vw, 218px\" \/><\/td>\n<\/tr>\n<tr style=\"font-weight: bold; border: solid 0px transparent;\" align=\"center\">\n<td colspan=\"2\" align=\"center\">Sarah Brown<\/td>\n<\/tr>\n<tr style=\"font-weight: bold; border: solid 0px transparent;\" align=\"center\">\n<td style=\"font-weight: bold; border: solid 0px transparent;\" align=\"right\" width=\"50%\">Status<\/td>\n<td style=\"border: solid 0px transparent;\" align=\"left\" width=\"50%\">NPC (Effi)<\/td>\n<\/tr>\n<tr style=\"font-weight: bold; border: solid 0px transparent;\" align=\"center\">\n<td align=\"right\" width=\"50%\">Spieler<\/td>\n<td align=\"left\" width=\"50%\">alle<\/td>\n<\/tr>\n<tr style=\"font-weight: bold; border: solid 0px transparent;\" align=\"center\">\n<td style=\"font-weight: bold; border: solid 0px #003366; background: #555; box-shadow: 0.1em 0.1em 0.5em rgba(255,255,255,0.75); -webkit-box-shadow: 0.1em 0.1em 0.5em rgba(255,255,255,0.75); border-radius: 1em; -webkit-border-radius: 1em;\" colspan=\"2\" align=\"center\">Dienstliche Informationen<\/td>\n<\/tr>\n<tr style=\"font-weight: bold; border: solid 0px transparent;\" align=\"center\">\n<td align=\"right\" width=\"50%\">Ranggrafik<\/td>\n<td style=\"border: solid 0px transparent;\" align=\"left\" width=\"50%\"><img loading=\"lazy\" decoding=\"async\" src=\"https:\/\/www.sf-germany.com\/images\/schemata\/sto\/gelb\/po2.png\" alt=\"\" width=\"100\" height=\"25\" \/><\/td>\n<\/tr>\n<tr style=\"font-weight: bold; border: solid 0px transparent;\" align=\"center\">\n<td align=\"right\" width=\"50%\">Rang<\/td>\n<td style=\"border: solid 0px transparent;\" align=\"left\" width=\"50%\">PO2<\/td>\n<\/tr>\n<tr style=\"font-weight: bold; border: solid 0px transparent;\" align=\"center\">\n<td align=\"right\" width=\"50%\">Posten<\/td>\n<td style=\"border: solid 0px transparent;\" align=\"left\" width=\"50%\">Techniker<\/td>\n<\/tr>\n<tr style=\"font-weight: bold; border: solid 0px transparent;\" align=\"center\">\n<td align=\"right\" width=\"50%\">Stationierung<\/td>\n<td style=\"border: solid 0px transparent;\" align=\"left\" width=\"50%\">USS Hephaistos<\/td>\n<\/tr>\n<tr style=\"font-weight: bold; border: solid 0px #003366; background: #555; box-shadow: 0.1em 0.1em 0.5em rgba(255,255,255,0.75); -webkit-box-shadow: 0.1em 0.1em 0.5em rgba(255,255,255,0.75); border-radius: 1em; -webkit-border-radius: 1em;\" align=\"center\">\n<td colspan=\"2\" align=\"center\">Biographische Informationen<\/td>\n<\/tr>\n<tr style=\"font-weight: bold; border: solid 0px transparent;\" align=\"center\">\n<td align=\"right\" width=\"50%\">Geburtstag<\/td>\n<td style=\"border: solid 0px transparent;\" align=\"left\" width=\"50%\">17.03.2391<\/td>\n<\/tr>\n<tr style=\"font-weight: bold; border: solid 0px transparent;\" align=\"center\">\n<td align=\"right\" width=\"50%\">Geburtsort<\/td>\n<td style=\"border: solid 0px transparent;\" align=\"left\" width=\"50%\">Eden, Texas, Erde<\/td>\n<\/tr>\n<tr style=\"font-weight: bold; border: solid 0px transparent;\" align=\"center\">\n<td align=\"right\" width=\"50%\">Religion<\/td>\n<td style=\"border: solid 0px transparent;\" align=\"left\" width=\"50%\">Katholisch<\/td>\n<\/tr>\n<tr style=\"font-weight: bold; border: solid 0px transparent;\" align=\"center\">\n<td align=\"right\" width=\"50%\">Familienstand<\/td>\n<td style=\"border: solid 0px transparent;\" align=\"left\" width=\"50%\">ledig<\/td>\n<\/tr>\n<tr style=\"font-weight: bold; border: solid 0px transparent;\" align=\"center\">\n<td align=\"right\" width=\"50%\">Sexualit\u00e4t<\/td>\n<td style=\"border: solid 0px transparent;\" align=\"left\" width=\"50%\">heterosexuell<\/td>\n<\/tr>\n<tr style=\"font-weight: bold; border: solid 0px transparent;\" align=\"center\">\n<td align=\"right\" valign=\"top\" width=\"50%\">Ehepartner<\/td>\n<td style=\"border: solid 0px transparent;\" align=\"left\" width=\"50%\">&#8212;<\/td>\n<\/tr>\n<tr style=\"font-weight: bold; border: solid 0px transparent;\" align=\"center\">\n<td align=\"right\" valign=\"top\" width=\"50%\">Kinder<\/td>\n<td style=\"border: solid 0px transparent;\" align=\"left\" width=\"50%\">\n<div>&#8212;<\/div>\n<\/td>\n<\/tr>\n<tr style=\"font-weight: bold; border: solid 0px transparent;\" align=\"center\">\n<td align=\"right\" valign=\"top\" width=\"50%\">Vater<\/td>\n<td style=\"border: solid 0px transparent;\" align=\"left\" width=\"50%\">\n<div>Robert James Brown<\/div>\n<\/td>\n<\/tr>\n<tr style=\"font-weight: bold; border: solid 0px transparent;\" align=\"center\">\n<td align=\"right\" valign=\"top\" width=\"50%\">Mutter<\/td>\n<td style=\"border: solid 0px transparent;\" align=\"left\" width=\"50%\">Hannah Brown, geb. Millers<\/td>\n<\/tr>\n<tr style=\"font-weight: bold; border: solid 0px transparent;\" align=\"center\">\n<td align=\"right\" valign=\"top\" width=\"50%\">Geschwister<\/td>\n<td style=\"border: solid 0px transparent;\" align=\"left\" width=\"50%\">\n<div>Jeremy Robert Brown<\/div>\n<div>Myriam Brown<\/div>\n<\/td>\n<\/tr>\n<tr style=\"font-weight: bold; border: solid 0px transparent;\" align=\"center\">\n<td align=\"right\" valign=\"top\" width=\"50%\">Haustier<\/td>\n<td style=\"border: solid 0px transparent;\" align=\"left\" width=\"50%\">&#8212;<\/td>\n<\/tr>\n<tr style=\"font-weight: bold; border: solid 0px #003366; background: #555; box-shadow: 0.1em 0.1em 0.5em rgba(255,255,255,0.75); -webkit-box-shadow: 0.1em 0.1em 0.5em rgba(255,255,255,0.75); border-radius: 1em; -webkit-border-radius: 1em;\" align=\"center\">\n<td colspan=\"2\" align=\"center\">Physische Beschreibung<\/td>\n<\/tr>\n<tr style=\"font-weight: bold; border: solid 0px transparent;\" align=\"center\">\n<td align=\"right\" width=\"50%\">Spezies<\/td>\n<td style=\"border: solid 0px transparent;\" align=\"left\" width=\"50%\">Mensch<\/td>\n<\/tr>\n<tr style=\"font-weight: bold; border: solid 0px transparent;\" align=\"center\">\n<td align=\"right\" width=\"50%\">Geschlecht<\/td>\n<td style=\"border: solid 0px transparent;\" align=\"left\" width=\"50%\">weiblich<\/td>\n<\/tr>\n<tr style=\"font-weight: bold; border: solid 0px transparent;\" align=\"center\">\n<td align=\"right\" width=\"50%\">Gr\u00f6\u00dfe<\/td>\n<td style=\"border: solid 0px transparent;\" align=\"left\" width=\"50%\">179 cm<\/td>\n<\/tr>\n<tr style=\"font-weight: bold; border: solid 0px transparent;\" align=\"center\">\n<td align=\"right\" width=\"50%\">Gewicht<\/td>\n<td style=\"border: solid 0px transparent;\" align=\"left\" width=\"50%\">58 kg<\/td>\n<\/tr>\n<tr style=\"font-weight: bold; border: solid 0px transparent;\" align=\"center\">\n<td align=\"right\" width=\"50%\">Haarfarbe<\/td>\n<td style=\"border: solid 0px transparent;\" align=\"left\" width=\"50%\">honigblond<\/td>\n<\/tr>\n<tr style=\"font-weight: bold; border: solid 0px transparent;\" align=\"center\">\n<td align=\"right\" width=\"50%\">Augenfarbe<\/td>\n<td style=\"border: solid 0px transparent;\" align=\"left\" width=\"50%\">grau-blau<\/td>\n<\/tr>\n<tr style=\"font-weight: bold; border: solid 0px transparent;\" align=\"center\">\n<td align=\"right\" width=\"50%\">Haut<\/td>\n<td style=\"border: solid 0px transparent;\" align=\"left\" width=\"50%\">gebr\u00e4unt<\/td>\n<\/tr>\n<tr style=\"font-weight: bold; border: solid 0px #003366; background: #555; box-shadow: 0.1em 0.1em 0.5em rgba(255,255,255,0.75); -webkit-box-shadow: 0.1em 0.1em 0.5em rgba(255,255,255,0.75); border-radius: 1em; -webkit-border-radius: 1em;\" align=\"center\">\n<td colspan=\"2\" align=\"center\">Politische Informationen<\/td>\n<\/tr>\n<tr style=\"font-weight: bold; border: solid 0px transparent;\" align=\"center\">\n<td align=\"right\" valign=\"top\" width=\"50%\">Buergerschaft<\/td>\n<td style=\"border: solid 0px transparent;\" align=\"left\" width=\"50%\">F\u00f6derationsb\u00fcrger<\/td>\n<\/tr>\n<\/tbody>\n<\/table>\n<\/div>\n<h2>Lebenslauf<\/h2>\n<p>Sarah wurde in der kleinen Gemeinde Eden in Texas geboren und wuchs zusammen mit ihrem \u00e4lteren Bruder und ihrer j\u00fcngeren Schwester auf der elterlichen, automatisierten Farm auf, die sich schon seit Generationen im Familienbesitz befindet.<\/p>\n<p>Neben ihrer Vorliebe f\u00fcr Pferde zeigte sie vor Allem eine Begabung im Reparieren der technologischen Anlagen. Als ihr Bruder aber fr\u00fch heiratete und seinen Willen bekundete, einmal die Farm zu \u00fcbernehmen, beschloss Sarah, dass ihr Platz in der Welt wohl woanders liegen musste. Schlie\u00dflich begann sie eine Ausbildung bei der Sternenflotte, wo man ihre technische Begabung schulte.<\/p>\n<ul>\n<li>2410 wurde sie auf die Luna Basis versetzt.<\/li>\n<li>2412 flog sie auf der USS Spock.<\/li>\n<li>Ende 2413, nach Ende der Mission der Spock, wurde sie schlie\u00dflich auf die USS Hephaistos versetzt.<\/li>\n<\/ul>\n<hr \/>\n<h2>Psychologisches Profil<\/h2>\n<p>Sarah ist gl\u00e4ubige Katholikin (zumindest in einer der vielen Auslegungen des 25. Jahrhunderts) und versucht die Tugenden der christlichen Moralvorstellungen zu leben. Dabei ist sie aber, wie in so manchen texanischen Kommunen \u00fcblich, neo-konservativ und hat Schwierigkeiten mit Personen, die nicht ihrem Weltbild und Wertekodex entsprechen. Dies schlie\u00dft auch eine gewisse Voreingenommenheit gegen\u00fcber Nicht-Menschen mit ein, auch wenn sie dies meist gut verbergen kann. Immerhin akzeptiert sie alle Spezies als von Gott geschaffen, hat aber Schwierigkeiten, Spezies die nicht aus S\u00e4ugetieren entstanden sind, als gleichwertig anzusehen.<\/p>\n<p>Sarah hat starke Vorurteile gegen Klingonen, Cardassianern und anderen gewaltbereiten Spezies.<\/p>\n<h3>Beziehungen zu anderen Crewmitgliedern<\/h3>\n<ul>\n<li>Sie hat Schwierigkeiten mit ihrer Mitbewohnerin <a href=\"https:\/\/www.sf-germany.org\/einheiten\/uss-hephaistos\/die-crew\/trish-greene\/\">Trish Greene<\/a>, die sie als unz\u00fcchtigen Tramp wahr nimmt.<\/li>\n<\/ul>\n<hr \/>\n<h2>Spezialgebiete<\/h2>\n<p>Technikerin mit Spezialgebieten Impulsantriebe und Steuerd\u00fcsen. Ironischerweise all das, ohne einen Shuttleschein zu haben &#8211; die Texanerin hat n\u00e4mlich Angst vor dem Flug in &#8218;Sardinendosen&#8216;.<\/p>\n<hr \/>\n<h2>Hobbies<\/h2>\n<p>Als echte Texanerin hat Sarah als Kind und Jugendliche reiten und schie\u00dfen gelernt. W\u00e4hrend sich ersteres zu einer echten Leidenschaft entwickelte, war das zweite aber eher Familientradition &#8211; und so w\u00fcrde sie heute eine Waffe auch eher nur aus sportlichen Gr\u00fcnden in die Hand nehmen, denn um anderen weh zu tun.<\/p>\n<p>Sarah hat zudem Line Dance gemacht, hat N\u00e4hen und Sticken gelernt und w\u00e4hrend der Schulzeit im Kirchenchor gesungen.<\/p>\n<p>Sie tendiert dazu, unter Menschen zu bleiben, menschliche Restaurants zu besuchen und bei ihren Replikatorbestellungen keine Experimente einzugehen. Hingegen ist sie durchaus f\u00fcr ein &#8218;klassisches&#8216; BBQ zu begeistern.<\/p>\n<hr \/>\n<h2>Medizinisches Profil<\/h2>\n<p>Sarah ist kerngesund. Kleinere Verletzungen aus der Jugend sind gut verheilt.<\/p>\n<p>Auf der Hephaistos h\u00e4lt sie sich mit Aerobic und Zumba fit.<\/p>\n<hr \/>\n<h2>Klassifzierte Sektion<\/h2>\n<p>keine Eintr\u00e4ge<\/p>\n<hr \/>\n<h2>Posts<\/h2>\n<p>[<a href=\"https:\/\/de.groups.yahoo.com\/neo\/groups\/USS-Hephaistos\/conversations\/messages\/516\">516<\/a>]<\/p>\n","protected":false},"excerpt":{"rendered":"<p>Sarah Brown Status NPC (Effi) Spieler alle Dienstliche Informationen Ranggrafik Rang PO2 Posten Techniker Stationierung USS Hephaistos Biographische Informationen Geburtstag 17.03.2391 Geburtsort Eden, Texas, Erde Religion Katholisch Familienstand ledig Sexualit\u00e4t heterosexuell Ehepartner &#8212; Kinder &#8212; Vater Robert James Brown Mutter Hannah Brown, geb. Millers Geschwister Jeremy Robert Brown Myriam Brown Haustier &#8212; Physische Beschreibung Spezies&#8230;<\/p>\n<p class=\"more-link-wrap\"><a href=\"https:\/\/www.sf-germany.org\/einheiten\/uss-hephaistos\/die-crew\/sarah-brown\/\" class=\"more-link\">Read More<span class=\"screen-reader-text\"> &ldquo;Sarah Brown&rdquo;<\/span> &raquo;<\/a><\/p>\n","protected":false},"author":2,"featured_media":0,"parent":27,"menu_order":22,"comment_status":"closed","ping_status":"closed","template":"page-templates\/medium.php","meta":{"footnotes":""},"class_list":["post-736","page","type-page","status-publish","hentry"],"_links":{"self":[{"href":"https:\/\/www.sf-germany.org\/einheiten\/uss-hephaistos\/wp-json\/wp\/v2\/pages\/736","targetHints":{"allow":["GET"]}}],"collection":[{"href":"https:\/\/www.sf-germany.org\/einheiten\/uss-hephaistos\/wp-json\/wp\/v2\/pages"}],"about":[{"href":"https:\/\/www.sf-germany.org\/einheiten\/uss-hephaistos\/wp-json\/wp\/v2\/types\/page"}],"author":[{"embeddable":true,"href":"https:\/\/www.sf-germany.org\/einheiten\/uss-hephaistos\/wp-json\/wp\/v2\/users\/2"}],"replies":[{"embeddable":true,"href":"https:\/\/www.sf-germany.org\/einheiten\/uss-hephaistos\/wp-json\/wp\/v2\/comments?post=736"}],"version-history":[{"count":6,"href":"https:\/\/www.sf-germany.org\/einheiten\/uss-hephaistos\/wp-json\/wp\/v2\/pages\/736\/revisions"}],"predecessor-version":[{"id":5558,"href":"https:\/\/www.sf-germany.org\/einheiten\/uss-hephaistos\/wp-json\/wp\/v2\/pages\/736\/revisions\/5558"}],"up":[{"embeddable":true,"href":"https:\/\/www.sf-germany.org\/einheiten\/uss-hephaistos\/wp-json\/wp\/v2\/pages\/27"}],"wp:attachment":[{"href":"https:\/\/www.sf-germany.org\/einheiten\/uss-hephaistos\/wp-json\/wp\/v2\/media?parent=736"}],"curies":[{"name":"wp","href":"https:\/\/api.w.org\/{rel}","templated":true}]}}