{"id":747,"date":"2019-01-20T12:59:31","date_gmt":"2019-01-20T11:59:31","guid":{"rendered":"http:\/\/www.sf-germany.org\/einheiten\/hephaistos\/?page_id=747"},"modified":"2024-01-12T22:01:46","modified_gmt":"2024-01-12T21:01:46","slug":"mkor-sohn-des-nedek","status":"publish","type":"page","link":"https:\/\/www.sf-germany.org\/einheiten\/uss-hephaistos\/die-crew\/spieler\/ajur-sohn-des-nedek\/mkor-sohn-des-nedek\/","title":{"rendered":"M&#8217;Kor, Sohn des Nedek"},"content":{"rendered":"<div style=\"float: right; margin-left: 15px; margin-bottom: 15px; font-size: 11px;\">\n<p>&nbsp;<\/p>\n<table style=\"border: 0px solid #003366; background: transparent; box-shadow: rgba(255, 255, 255, 0.75) 0.1em 0.1em 0.5em; border-radius: 1em; width: 101.783%;\" border=\"3\" cellspacing=\"10\" align=\"right\">\n<tbody>\n<tr>\n<td style=\"font-weight: bold; border: 0px solid transparent; width: 100%;\" colspan=\"2\" align=\"center\"><\/td>\n<\/tr>\n<tr>\n<td style=\"background: transparent; border: 0px solid transparent; width: 100%;\" colspan=\"2\" align=\"center\"><a href=\"https:\/\/www.sf-germany.org\/einheiten\/uss-hephaistos\/wp-content\/uploads\/mkor_v2.png\"><img loading=\"lazy\" decoding=\"async\" class=\"aligncenter wp-image-1176 \" src=\"https:\/\/www.sf-germany.org\/einheiten\/uss-hephaistos\/wp-content\/uploads\/mkor_v2-249x300.png\" alt=\"\" width=\"182\" height=\"219\" srcset=\"https:\/\/www.sf-germany.org\/einheiten\/uss-hephaistos\/wp-content\/uploads\/mkor_v2-249x300.png 249w, https:\/\/www.sf-germany.org\/einheiten\/uss-hephaistos\/wp-content\/uploads\/mkor_v2.png 353w\" sizes=\"auto, (max-width: 182px) 100vw, 182px\" \/><\/a><\/td>\n<\/tr>\n<tr>\n<td style=\"font-weight: bold; border: 0px solid transparent; width: 100%;\" colspan=\"2\" align=\"center\">M&#8217;Kor, Sohn des Nedek,<br \/>\nHaus Kular<\/td>\n<\/tr>\n<tr>\n<td style=\"font-weight: bold; border: 0px solid transparent; width: 50.9412%;\" align=\"right\" width=\"50%\">Status<\/td>\n<td style=\"border: 0px solid transparent; width: 49.0588%;\" align=\"left\" width=\"50%\">NPC<\/td>\n<\/tr>\n<tr>\n<td style=\"font-weight: bold; border: 0px solid transparent; width: 50.9412%;\" align=\"right\" width=\"50%\">Spieler<\/td>\n<td style=\"border: 0px solid transparent; width: 49.0588%;\" align=\"left\" width=\"50%\">Effi<\/td>\n<\/tr>\n<tr>\n<td style=\"font-weight: bold; border: 0px solid #003366; background: #555555; box-shadow: rgba(255, 255, 255, 0.75) 0.1em 0.1em 0.5em; border-radius: 1em; width: 100%;\" colspan=\"2\" align=\"center\">Dienstliche Informationen<\/td>\n<\/tr>\n<tr>\n<td style=\"font-weight: bold; border: 0px solid transparent; width: 50.9412%;\" align=\"right\" width=\"50%\">Ranggrafik<\/td>\n<td style=\"border: 0px solid transparent; width: 49.0588%;\" align=\"left\" width=\"50%\"><a href=\"https:\/\/wiki.bravofleet.com\/index.php\/Klingon_Defense_Force_Ranks\"><img decoding=\"async\" src=\"https:\/\/wiki.bravofleet.com\/images\/b\/b7\/A-1-Ech.png\" \/><\/a><\/td>\n<\/tr>\n<tr>\n<td style=\"font-weight: bold; border: 0px solid transparent; width: 50.9412%;\" align=\"right\" width=\"50%\">Rang<\/td>\n<td style=\"border: 0px solid transparent; width: 49.0588%;\" align=\"left\" width=\"50%\">&#8218;ech (Brigardeadmiral)<\/td>\n<\/tr>\n<tr>\n<td style=\"font-weight: bold; border: 0px solid transparent; width: 50.9412%;\" align=\"right\" width=\"50%\">Posten<\/td>\n<td style=\"border: 0px solid transparent; width: 49.0588%;\" align=\"left\" width=\"50%\">Brigadekommandant<\/td>\n<\/tr>\n<tr>\n<td style=\"font-weight: bold; border: 0px solid transparent; width: 50.9412%;\" align=\"right\" width=\"50%\">Stationierung<\/td>\n<td style=\"border: 0px solid transparent; width: 49.0588%;\" align=\"left\" width=\"50%\">IKS Qu&#8217;Vat (modifizierter Vor\u2019cha-Klasse Angriffskreuzer)<\/td>\n<\/tr>\n<tr>\n<td style=\"font-weight: bold; border: 0px solid #003366; background: #555555; box-shadow: rgba(255, 255, 255, 0.75) 0.1em 0.1em 0.5em; border-radius: 1em; width: 100%;\" colspan=\"2\" align=\"center\">Biographische Informationen<\/td>\n<\/tr>\n<tr>\n<td style=\"font-weight: bold; border: 0px solid transparent; width: 50.9412%;\" align=\"right\" width=\"50%\">Geburtstag<\/td>\n<td style=\"border: 0px solid transparent; width: 49.0588%;\" align=\"left\" width=\"50%\">22.09.2391<\/td>\n<\/tr>\n<tr>\n<td style=\"font-weight: bold; border: 0px solid transparent; width: 50.9412%;\" align=\"right\" width=\"50%\">Geburtsort<\/td>\n<td style=\"border: 0px solid transparent; width: 49.0588%;\" align=\"left\" width=\"50%\">Qo&#8217;nos, Al\u2019tak\u2019nor<\/td>\n<\/tr>\n<tr>\n<td style=\"font-weight: bold; border: 0px solid transparent; width: 50.9412%;\" align=\"right\" width=\"50%\">Familienstand<\/td>\n<td style=\"border: 0px solid transparent; width: 49.0588%;\" align=\"left\" width=\"50%\">ledig<\/td>\n<\/tr>\n<tr>\n<td style=\"font-weight: bold; border: 0px solid transparent; width: 50.9412%;\" align=\"right\" valign=\"top\" width=\"50%\">Familie<\/td>\n<td style=\"border: 0px solid transparent; width: 49.0588%;\" align=\"left\" width=\"50%\"><strong>Vater: <\/strong>Nedek, Sohn des Pakor,<br \/>\nHaus Kular<br \/>\n<strong>Mutter: <\/strong>Ha\u2019tha, Tochter des Mu\u2019Tok<br \/>\n<strong>Bruder: <\/strong><a href=\"https:\/\/www.sf-germany.org\/einheiten\/uss-hephaistos\/die-crew\/spieler\/ajur-sohn-des-nedek\/\">Ajur, Sohn des Nedek<\/a><br \/>\n<strong>Schwester: <\/strong>Manda, Tochter des Nedek<\/td>\n<\/tr>\n<tr>\n<td style=\"font-weight: bold; border: 0px solid transparent; width: 50.9412%;\" align=\"right\" width=\"50%\">Religion<\/td>\n<td style=\"border: 0px solid transparent; width: 49.0588%;\" align=\"left\" width=\"50%\">keine<\/td>\n<\/tr>\n<tr>\n<td style=\"font-weight: bold; border: 0px solid #003366; background: #555555; box-shadow: rgba(255, 255, 255, 0.75) 0.1em 0.1em 0.5em; border-radius: 1em; width: 100%;\" colspan=\"2\" align=\"center\">Physische Beschreibung<\/td>\n<\/tr>\n<tr>\n<td style=\"font-weight: bold; border: 0px solid transparent; width: 50.9412%;\" align=\"right\" width=\"50%\">Spezies<\/td>\n<td style=\"border: 0px solid transparent; width: 49.0588%;\" align=\"left\" width=\"50%\">Klingone<\/td>\n<\/tr>\n<tr>\n<td style=\"font-weight: bold; border: 0px solid transparent; width: 50.9412%;\" align=\"right\" width=\"50%\">Geschlecht<\/td>\n<td style=\"border: 0px solid transparent; width: 49.0588%;\" align=\"left\" width=\"50%\">m\u00e4nnlich<\/td>\n<\/tr>\n<tr>\n<td style=\"font-weight: bold; border: 0px solid transparent; width: 50.9412%;\" align=\"right\" width=\"50%\">Gr\u00f6\u00dfe<\/td>\n<td style=\"border: 0px solid transparent; width: 49.0588%;\" align=\"left\" width=\"50%\">192 cm<\/td>\n<\/tr>\n<tr>\n<td style=\"font-weight: bold; border: 0px solid transparent; width: 50.9412%;\" align=\"right\" width=\"50%\">Gr\u00f6\u00dfe<\/td>\n<td style=\"border: 0px solid transparent; width: 49.0588%;\" align=\"left\" width=\"50%\">108 kg<\/td>\n<\/tr>\n<tr>\n<td style=\"font-weight: bold; border: 0px solid transparent; width: 50.9412%;\" align=\"right\" width=\"50%\">Hautfarbe<\/td>\n<td style=\"border: 0px solid transparent; width: 49.0588%;\" align=\"left\" width=\"50%\">Wiener Milchkaffee<\/td>\n<\/tr>\n<tr>\n<td style=\"font-weight: bold; border: 0px solid transparent; width: 50.9412%;\" align=\"right\" width=\"50%\">Haarfarbe<\/td>\n<td style=\"border: 0px solid transparent; width: 49.0588%;\" align=\"left\" width=\"50%\">Gelockte<br \/>\nschwarze Haare<br \/>\nbis zum Schulterblatt<\/td>\n<\/tr>\n<tr>\n<td style=\"font-weight: bold; border: 0px solid transparent; width: 50.9412%;\" align=\"right\" width=\"50%\">Augenfarbe<\/td>\n<td style=\"border: 0px solid transparent; width: 49.0588%;\" align=\"left\" width=\"50%\">Blau<\/td>\n<\/tr>\n<tr>\n<td style=\"font-weight: bold; border: 0px solid #003366; background: #555555; box-shadow: rgba(255, 255, 255, 0.75) 0.1em 0.1em 0.5em; border-radius: 1em; width: 100%;\" colspan=\"2\" align=\"center\">Politische informationen<\/td>\n<\/tr>\n<tr>\n<td style=\"font-weight: bold; border: 0px solid transparent; width: 50.9412%;\" align=\"right\" width=\"50%\">Buergerschaft<\/td>\n<td style=\"border: 0px solid transparent; width: 49.0588%;\" align=\"left\" width=\"50%\">Klingonisches Imperium<\/td>\n<\/tr>\n<tr>\n<td style=\"font-weight: bold; border: 0px solid transparent; width: 50.9412%;\" align=\"right\" width=\"50%\"><\/td>\n<td style=\"border: 0px solid transparent; width: 49.0588%;\" align=\"left\" width=\"50%\"><\/td>\n<\/tr>\n<\/tbody>\n<\/table>\n<\/div>\n<p><strong><span style=\"font-size: 24pt;\">Beschreibung<\/span><\/strong><\/p>\n<p><strong><span style=\"font-size: 18pt;\">Aussehen und K\u00f6rperbau<\/span><\/strong><\/p>\n<p>M&#8217;Kor ist ein 192cm gro\u00dfer, m\u00e4nnlicher Klingone mit langen, gelockten schwarzen Haaren und blauen Augen.\u00a0 Den Bart tr\u00e4gt er in zwei Z\u00f6pfen vom Kinn herab.<\/p>\n<p>Die charakteristischen Stirnw\u00fclste der Klingonen sind bei ihm als senkrechter Stirnkamm mit kleinen Seitenpfeilern und als engstehender Halbkreis ausgepr\u00e4gt. Das Gesicht ist eher oval-schmal und langgezogen. Die Nase ist gerade, eher klein und schmal. Das Kinn des Klingonen ist kantig. Seine Haut hat die Farbe eines Wiener Milchkaffees.<\/p>\n<p><span style=\"font-size: 18pt;\"><strong>Stimme<\/strong><\/span><\/p>\n<p>M&#8217;Kor spricht in einer Bass-Tonlage. Er spricht mit Emotion in der Stimme, wird h\u00e4ufig laut und verwendet typische Knurrlaute.<\/p>\n<p><span style=\"font-size: 18pt;\"><strong>Geruch<\/strong><\/span><\/p>\n<p>Wie die meisten Klingonen besitzt M&#8217;Kor einen f\u00fcr Menschen auff\u00e4lligen K\u00f6rpergeruch. Er riecht eher wie ein dicker, erdiger Waldboden mit einer Note von Eisen, wie bei frisch vergossenem Blut, und einem Hauch Fingerhut.<\/p>\n<hr \/>\n<p><strong><span style=\"font-size: 24pt;\">Lebenslauf<\/span><\/strong><\/p>\n<p><strong><span style=\"font-size: 18pt;\">Qo&#8217;nos<\/span><\/strong><\/p>\n<p><span style=\"font-size: 18pt;\">Sohn des Nedek<\/span><\/p>\n<p>M&#8217;Kor ist der zweitgeborene Sohn des Nedek und dessen Frau Ha\u2019tha aus dem Hause Kular. Sein Vater diente in der Qo\u2019nos Heimatflotte der Navy des Klingonischen Imperiums. Seine Mutter war Teil des B\u00fcros des Imperialen Geheimdienstes.<br \/>\nM\u2019Kor war schon als Kind wild und unbeugsam, ein brutaler Krieger, der sich furchtlos jeder Bedrohung stellte. Damit lief er seinem \u00e4lteren Bruder den Rang als Erbe des Hauses ab. W\u00e4hrend Ajur in ein Kloster gesteckt wurde, erhielt M&#8217;Kor die beste milit\u00e4rische Ausbildung, die seine Eltern sich leisten konnten.<\/p>\n<p>Das Verh\u00e4ltnis zu seinem Bruder Ajur ist angespannt. M&#8217;Kor betrachtet seinen \u00e4lteren Bruder als Schw\u00e4chling und als Schande und ist doch eifers\u00fcchtig, auf das Verst\u00e4ndnis, das ihre gemeinsame Mutter f\u00fcr Ajur zeigt.<\/p>\n<p><strong><span style=\"font-size: 18pt;\">Klingonische Flotte<\/span><\/strong><\/p>\n<p>M&#8217;Kor erhielt zu erst Privatunterricht bei seinem Onkel &#8211; dem j\u00fcngeren Bruder seines Vaters &#8211; wo er vor Allem Nahkampf und Jagd studierte. Sp\u00e4ter kam er als Rekrut in das klingonische Milit\u00e4r und diente sich auf kleinern Schiffen der 6. Flotte hoch. Vielen \u00e4lteren Klingonen fiel er als Verk\u00f6rperung der alten klingonischen Ideale auf und so lie\u00dfen Bef\u00f6rderungen nicht lange auf sich warten &#8211; insbesondere nicht, nachdem er sich der Gruppe &#8222;Kriegsgesang auf Khitomer&#8220; anschloss, die ihn f\u00f6rderte.<\/p>\n<p>2415 war er bereits erster Offizier auf der IKS Qu&#8217;Vat, unter dem Kommando seines (anderen) Onkels Kaybok, Sohn des Atrass. Nach dessen Tod in einem Raumkampf mit der USS Hephaistos &#8211; auf der sich ausgerechnet M&#8217;Kors \u00e4lterer Bruder Ajur befand &#8211; \u00fcbernahm M&#8217;Kor das Kommando \u00fcber den Angriffskreuzer.<\/p>\n<h5>Kriegsgesang auf Khitomer<\/h5>\n<p>M&#8217;Kor ist mittlerweile in den inneren Kreis der Gruppe aufgestiegen und hat dadurch viel Macht und Einfluss gewonnen &#8211; auch wenn ihm der &#8218;Rat der S\u00e4nger&#8216; noch verschlossen ist. Er tr\u00e4gt die Insignien der Gruppe auf seiner Uniform und verf\u00fcgt \u00fcber seine pers\u00f6nliche Leibgarde.<\/p>\n<hr \/>\n<p><strong><span style=\"font-size: 24pt;\">Besondere F\u00e4higkeiten<\/span><\/strong><\/p>\n<p><strong>Klingone<\/strong><br \/>\nM&#8217;Kor ist ein geb\u00fcrtiger Klingone und beherrscht als solcher die klingonische Sprache und Kultur. Er hat sich zwar f\u00fcr die kriegerischen Aspekte der klingonischen Kultur interessiert, f\u00fcr Philosophie, Kunst oder Geschichte jedoch nie viel \u00fcbrig gehabt.<\/p>\n<p>Stattdessen wurde er zu einem gef\u00fcrchteten Nah- und Fernk\u00e4mpfer, was er im Laufe seiner Milit\u00e4rlaufbahn bereits bei mehreren Entergefechten und Duellen unter Beweis stellen konnte. M&#8217;Kor ist es gewohnt, Truppen zu f\u00fchren.<\/p>\n<p>W\u00e4hrend seines Dienstes in der sechsten Flotte lernte er zudem, was es hei\u00dft, ein Raumschiff zu kommandieren und Raumk\u00e4mpfe zu bestehen. M&#8217;Kor ist der Archetyp des klingonischen Kriegers und Eroberers &#8211; gepaart mit einer geh\u00f6rigen Portion Bauernschl\u00e4ue und List.<\/p>\n<p><strong>Hobbies<\/strong><br \/>\nWenn M&#8217;Kors so etwas wie Hobbies hat, dann z\u00e4hlen hierzu wohl Alkohol und Frauen. Als echter Krieger h\u00e4lt er alles, was nicht dem Kampf oder dem Vergn\u00fcgen dient als reine Zeitverschwendung. Und so nutzt er seine freie Zeit h\u00e4ufig dazu, seine F\u00e4higkeiten weiter zu verbessern.<\/p>\n<p><strong>Zusammenfassung der F\u00e4higkeiten<\/strong><\/p>\n<ul>\n<li>Astrogation: Warpantriebe<\/li>\n<li>Astrophysik<\/li>\n<li>Bewaffneter Nahkampf (Klingonisch)<\/li>\n<li>Computer: Operation<\/li>\n<li>Duelle (Klingonisch)<\/li>\n<li>Elektronik: Kommunikation<\/li>\n<li>Elektronik: Sensoren<\/li>\n<li>Elektronik: Computer<\/li>\n<li>Elektronik Operation: Sensoren<\/li>\n<li>Elektronik Operation: Transporter<\/li>\n<li>Elektronik Operation: Kommunikation<\/li>\n<li>Elektronik Operation: Torpedos<\/li>\n<li>Elektronik Operation: Klingonische Disruptoren<\/li>\n<li>Flugtraining: Shuttle (Klingonisch)<\/li>\n<li>Flugtraining: Raumschiffe<\/li>\n<li>Null-G Operationen<\/li>\n<li>Protokolle des Klingonischen Reiches<\/li>\n<li>Raumanz\u00fcge: Operationen<\/li>\n<li>Sprachen: Klingonisch (Muttersprache)<\/li>\n<li>Sprachen: Cardassianisch<\/li>\n<li>Strategie: Raumkampf<\/li>\n<li>Taktik: Kleine Einheiten<\/li>\n<li>Taktik: Raumkampf<\/li>\n<li>\u00dcberlebenstraining<\/li>\n<li>Unbewaffneter Kampf: Klingonische Kampfkunst<\/li>\n<li>Waffen: Disruptor<\/li>\n<li>Zieltraining: Torpedos<\/li>\n<li>Zieltraining: Disruptoren<\/li>\n<\/ul>\n<hr \/>\n<p><strong><span style=\"font-size: 24pt;\">Psychologisches Profil<\/span><\/strong><\/p>\n<p>M&#8217;Kor ist ein Klingone, der f\u00fcr den Kampf lebt. Selbst die Feierlichkeiten auf Qo&#8217;nos oder Raumbasen dienen vor Allem dazu, seinen Ruhm zu mehren. M&#8217;Kor strebt, wie seine Mitverschw\u00f6rer, ein starken, unabh\u00e4ngiges klingonisches Imperium ab &#8211; und dabei hat er gro\u00dfe Ambitionen. Zwar sieht er, dass es (noch) andere Klingonen gibt, die vor ihm einen Platz an der Spitze verdient h\u00e4tten, aber als Teil des Rates und im Inneren Kreis der Macht sieht er sich sp\u00e4ter durchaus.<\/p>\n<p>M&#8217;Kor h\u00e4lt viel von klingonischer Ehre und versucht diese so gut es geht zu leben &#8211; er wei\u00df aber auch, dass manchmal pers\u00f6nliche Opfer notwendig sind, um ein gro\u00dfes Ziel zu erreichen. Im Gegensatz zu vielen Klingonen ist er nicht nur engstirnig direkt, sondern mit einer gewissen Bauernschl\u00e4ue und taktischem Verst\u00e4ndnis gesegnet und in der Lage, strategisch zu planen &#8211; was ihn gef\u00e4hrlich macht. Auch h\u00fctet er sich davor, andere zu untersch\u00e4tzen, nur weil sie Frauen sind oder einer anderen Spezies angeh\u00f6ren.<\/p>\n<p>W\u00e4hrend des Kriegs hat M&#8217;Kor viel praktische Erfahrung sammeln k\u00f6nnen und muss als f\u00e4higer Kommandant gelten, der das seiner Familie eigene Verst\u00e4ndnis von Taktik und Strategie verinnerlicht hat. Er ist kein b\u00f6sartiger Tyrann, sondern glaubt daran, dass das klingonische Reich sich erneuern muss. Dar\u00fcber hinaus ist er Krieger durch und durch, der seinen Kah&#8217;less gelesen hat. Im Gegensatz zu seinem Bruder Ajur kann er aber weniger mit den philosophischen Feinheiten anfangen und lebt mehr das Kriegsideal.<\/p>\n<p><strong><span style=\"font-size: 18pt;\">Claudia Ruthven<\/span><\/strong><\/p>\n<p>M&#8217;Kor hatte eine Zeitlang Claudia Ruthven als Geisel und war vom Mut und der Durchsetzungskraft dieser Frau beeindruckt &#8211; ohne dass er es zugeben w\u00fcrde. Unterbewusst versucht er, sich ihr gegen\u00fcber zu beweisen. Was leider auch die Motivation f\u00fcr einige seiner waghalsigen Erfolge w\u00e4hrend des Krieges ist.<\/p>\n<p><strong><span style=\"font-size: 18pt;\">USS Hephaistos<\/span><\/strong><\/p>\n<p>Die USS Hephaistos unter dem CO Shay Ruthven hat M&#8217;Kors Weg mehrfach gekreuzt und langsam beginnt er, das Schiff &#8211; von dem er mittlerweile auch wei\u00df, dass dort sein Bruder dient &#8211; als pers\u00f6nliche Nemesis zu betrachten. Es reicht ihm nicht, die Hephaistos zu zerst\u00f6ren &#8211; er m\u00f6chte sie wirklich vernichten und auch ihren Ruf in den Abgrund st\u00fcrzen.<\/p>\n<p><strong><span style=\"font-size: 18pt;\">Vorlieben<\/span><\/strong><\/p>\n<ul>\n<li>Familienrezept: gro\u00dfer Raktajino, hei\u00df, mit zwei Spritzer tegh&#8217;oq. tegh&#8217;oq bezeichnet das Gift des klingonischen Drachenegels und verleiht dem Getr\u00e4nk eine s\u00fc\u00dfe Sch\u00e4rfe, w\u00e4hrend gleichzeitig das Koffein schneller resorbiert wird.<\/li>\n<li>Er h\u00e4lt sich mehrere Geliebte, wie es seinem Status als Krieger geb\u00fchrt.<\/li>\n<\/ul>\n<hr \/>\n<p><strong><span style=\"font-size: 24pt;\">Medizinisches Profil<\/span><\/strong><\/p>\n<p>M&#8217;Kor hat sich in der Vergangenheit mehrere Verletzungen im Kampf zugezogen, die jedoch alle verheilt sind. Stolz tr\u00e4gt er die Narben dieser K\u00e4mpfe auf dem K\u00f6rper.<\/p>\n<hr \/>\n<p><strong><span style=\"font-size: 24pt;\">Besondere Besitzt\u00fcmer<\/span><\/strong><\/p>\n<h4>Sturmbringer<\/h4>\n<p>Ein Schwert klingonischer Machart, dass sich seit etwa 300 Jahren im Besitz der Familie befindet und M&#8217;Kor f\u00fcr seine Verdienste verliehen wurde. Es hei\u00dft, dass es die Kampfeslust seines Tr\u00e4gers auffangen und daraus einen Sturm erzeugen k\u00f6nnen.<\/p>\n<h4>IKS Qu&#8217;Vat<\/h4>\n<p>Bei der Qu&#8217;Vat handelt es sich um einen modifizierten Vor\u2019cha-Klasse Angriffskreuzer, der M&#8217;Kor als Flaggschiff dient. Nach dem Aufstieg M&#8217;Kors innerhalb des klingonischen Milit\u00e4rs wurde der Kreuzer durch Kriegsbeute mehrfach modifiziert: Ein weiterer Reaktor versorgt st\u00e4rkere Waffensysteme und eine verbesserte Schildmatrix. Auch wurde das Tarnsystem aktualisiert. Die Qu&#8217;Vat verf\u00fcgt zwar \u00fcber zwei Torpedorohre weniger, hat daf\u00fcr aber zwei gepulste Phasersysteme nach Sternenflottenvorbild und einen romulanischen Hyperionenwerfer, der dazu ausgelegt ist, Schild- und Energiesysteme des Gegners zu st\u00f6ren. M&#8217;Kor hat dem typisch klingonischen Reflex widerstanden, eine st\u00e4rkere Panzerung einzubauen, um die Geschwindigkeit und Wendigkeit des Schiffes nicht zu gef\u00e4hrden. Daf\u00fcr gibt es &#8211; recht untypisch &#8211; automatisierte Feuerl\u00f6scheinrichtungen und abgeschottete Bereiche an Bord, die den Schaden nach Treffern minimieren.<\/p>\n<h5>Ladebereiche<\/h5>\n<p>Das Schiff verf\u00fcgt \u00fcber weniger Lader\u00e4ume als \u00fcblich &#8211; einerseits auf Grund des zus\u00e4tzlichen Reaktors und die erweiterten System, zum anderen wegen des Kommandozentrums.<\/p>\n<h5>Kommandozentrum<\/h5>\n<p>Neben der Br\u00fccke verf\u00fcgt der Angriffskreuzer \u00fcber ein taktisches Kommandozentrum an Bord, von dem aus M&#8217;Kor eine Brigade koordinieren kann. Hier befinden sich auch die pers\u00f6nlichen Quartiere des Brigadekommandanten, inklusive eines traditionellen Harems, der erstaunlich ungenutzt ist.<\/p>\n<hr \/>\n<p><strong><span style=\"font-size: 24pt;\">Familie<\/span><\/strong><\/p>\n<p><em>Die folgenden Informationen sind nicht allgemein bekannt, sollen hier aber f\u00fcr Wiederverwendung und \u00dcbersichtlichkeit festgehalten werden.<\/em><\/p>\n<p><strong><span style=\"font-size: 18pt;\">Ajur, Sohn des Nedek<\/span><\/strong><\/p>\n<p>M&#8217;Kor und Ajur haben ein schwieriges Verh\u00e4ltnis zueinander. M&#8217;Kor h\u00e4lt seinen Bruder f\u00fcr k\u00f6rperlich schwach und zu weich, muss aber anerkennen, dass dieser taktisch und strategisch ebenfalls sehr begabt ist. Zwischen beiden herrscht eher Rivalit\u00e4t als Hass und M&#8217;Kor versucht Ajur zu beweisen, dass der Weg des Kriegers der Richtige ist.<\/p>\n<p><strong><span style=\"font-size: 18pt;\">Gro\u00dfeltern<\/span><\/strong><\/p>\n<p>Sein Gro\u00dfvater, Pakor, war der zweite Ehemann seiner Gro\u00dfmutter K&#8217;nera. Pakor hatte mit ihrem ersten Mann Atrass Blutsbr\u00fcderschaft geschlossen und heiratete nach dessen Tod in der Schlacht dessen Witwe.<\/p>\n<p><span style=\"font-size: 18pt;\"><strong>Kaybok, Sohn des Atrass<\/strong><\/span><\/p>\n<p>Kaybok ist der \u00e4ltere Halbbruder von M&#8217;Kors Vater Nedek. Kaybok starb als CO der IKS Qu&#8217;Vat w\u00e4hrend eines Raumgefechts mit der USS Hephaistos, durch direktes Einwirken Ajurs.<\/p>\n<p>Er diente in der 6. Raumflotte und geh\u00f6rte der Gruppe &#8222;Kriegsgesang auf Khitomer&#8220; an, welche an einem typischen Muster in Form von (afgemalten) roten Blutspritzern an den Uniformschultern zu erkennen ist.<\/p>\n<hr \/>\n<p><strong><span style=\"font-size: 24pt;\">Klassifizierte Sektion<\/span><\/strong><\/p>\n<h5>Kriegsgesang auf Khitomer<\/h5>\n<p>Je weiter M&#8217;Kor in den R\u00e4ngen des Kriegsgesangs aufgestiegen ist, umso skeptischer wurde er. Er ist sich nicht sicher, ob alle Entscheidungen dort zum Wohle des klingonischen Volkes getroffen wurden.. oder ob sie \u00fcberhaupt von Klingonen getroffen wurden. Als Patriot h\u00e4lt er noch an den \u00f6ffentlichen Zielen der Gruppe &#8211; das klingonische Imperium zu neuer Gr\u00f6\u00dfe zu f\u00fchren und die Kriegerkultur zu erneuern &#8211; fest, wird insgeheim aber misstraurig was die wirklichen Ziele des Kriegsgesag angeht und beginnt im Stillen manche Befehle zu hinterfragen.<\/p>\n<hr \/>\n<p><strong><span style=\"font-size: 24pt;\">Posts<\/span><\/strong><\/p>\n<p>[<a href=\"https:\/\/de.groups.yahoo.com\/neo\/groups\/USS-Hephaistos\/conversations\/messages\/507\">507<\/a>], [<a href=\"https:\/\/de.groups.yahoo.com\/neo\/groups\/USS-Hephaistos\/conversations\/messages\/513\">513<\/a>]<\/p>\n","protected":false},"excerpt":{"rendered":"<p>&nbsp; M&#8217;Kor, Sohn des Nedek, Haus Kular Status NPC Spieler Effi Dienstliche Informationen Ranggrafik Rang &#8218;ech (Brigardeadmiral) Posten Brigadekommandant Stationierung IKS Qu&#8217;Vat (modifizierter Vor\u2019cha-Klasse Angriffskreuzer) Biographische Informationen Geburtstag 22.09.2391 Geburtsort Qo&#8217;nos, Al\u2019tak\u2019nor Familienstand ledig Familie Vater: Nedek, Sohn des Pakor, Haus Kular Mutter: Ha\u2019tha, Tochter des Mu\u2019Tok Bruder: Ajur, Sohn des Nedek Schwester: Manda, Tochter&#8230;<\/p>\n<p class=\"more-link-wrap\"><a href=\"https:\/\/www.sf-germany.org\/einheiten\/uss-hephaistos\/die-crew\/spieler\/ajur-sohn-des-nedek\/mkor-sohn-des-nedek\/\" class=\"more-link\">Read More<span class=\"screen-reader-text\"> &ldquo;M&#8217;Kor, Sohn des Nedek&rdquo;<\/span> &raquo;<\/a><\/p>\n","protected":false},"author":2,"featured_media":0,"parent":650,"menu_order":90,"comment_status":"closed","ping_status":"closed","template":"page-templates\/medium.php","meta":{"footnotes":""},"class_list":["post-747","page","type-page","status-publish","hentry"],"_links":{"self":[{"href":"https:\/\/www.sf-germany.org\/einheiten\/uss-hephaistos\/wp-json\/wp\/v2\/pages\/747","targetHints":{"allow":["GET"]}}],"collection":[{"href":"https:\/\/www.sf-germany.org\/einheiten\/uss-hephaistos\/wp-json\/wp\/v2\/pages"}],"about":[{"href":"https:\/\/www.sf-germany.org\/einheiten\/uss-hephaistos\/wp-json\/wp\/v2\/types\/page"}],"author":[{"embeddable":true,"href":"https:\/\/www.sf-germany.org\/einheiten\/uss-hephaistos\/wp-json\/wp\/v2\/users\/2"}],"replies":[{"embeddable":true,"href":"https:\/\/www.sf-germany.org\/einheiten\/uss-hephaistos\/wp-json\/wp\/v2\/comments?post=747"}],"version-history":[{"count":8,"href":"https:\/\/www.sf-germany.org\/einheiten\/uss-hephaistos\/wp-json\/wp\/v2\/pages\/747\/revisions"}],"predecessor-version":[{"id":7717,"href":"https:\/\/www.sf-germany.org\/einheiten\/uss-hephaistos\/wp-json\/wp\/v2\/pages\/747\/revisions\/7717"}],"up":[{"embeddable":true,"href":"https:\/\/www.sf-germany.org\/einheiten\/uss-hephaistos\/wp-json\/wp\/v2\/pages\/650"}],"wp:attachment":[{"href":"https:\/\/www.sf-germany.org\/einheiten\/uss-hephaistos\/wp-json\/wp\/v2\/media?parent=747"}],"curies":[{"name":"wp","href":"https:\/\/api.w.org\/{rel}","templated":true}]}}