{"id":757,"date":"2019-01-20T14:48:46","date_gmt":"2019-01-20T13:48:46","guid":{"rendered":"http:\/\/www.sf-germany.org\/einheiten\/hephaistos\/?page_id=757"},"modified":"2022-10-07T12:53:13","modified_gmt":"2022-10-07T10:53:13","slug":"rhixx","status":"publish","type":"page","link":"https:\/\/www.sf-germany.org\/einheiten\/uss-hephaistos\/die-crew\/rhixx\/","title":{"rendered":"Rhixx"},"content":{"rendered":"<div style=\"float: right; margin-left: 15px; margin-bottom: 15px; font-size: 11px;\">\n<table style=\"border: solid 0px #003366; background: transparent; box-shadow: 0.1em 0.1em 0.5em rgba(255,255,255,0.75); -moz-box-shadow: 0.1em 0.1em 0.5em rgba(255,255,255,0.75); -webkit-box-shadow: 0.1em 0.1em 0.5em rgba(255,255,255,0.75); border-radius: 1em; -moz-border-radius: 1em; -webkit-border-radius: 1em;\" border=\"3\" cellspacing=\"10\" align=\"right\">\n<tbody>\n<tr>\n<td style=\"font-weight: bold; border: solid 0px transparent;\" colspan=\"2\" align=\"center\"><\/td>\n<\/tr>\n<tr>\n<td style=\"background: transparent; border: solid 0px transparent;\" colspan=\"2\" align=\"center\"><a href=\"https:\/\/pixabay.com\/de\/frau-roter-kopf-natur-rot-haar-2542261\/\"><img loading=\"lazy\" decoding=\"async\" class=\"alignnone wp-image-111 size-full\" src=\"https:\/\/www.sf-germany.org\/einheiten\/uss-hephaistos\/wp-content\/uploads\/2016\/01\/CharBild.png\" alt=\"\" width=\"179\" height=\"140\" \/><\/a><\/td>\n<\/tr>\n<tr style=\"font-weight: bold; border: solid 0px transparent;\" align=\"center\">\n<td colspan=\"2\" align=\"center\">Rhixx<\/td>\n<\/tr>\n<tr style=\"font-weight: bold; border: solid 0px transparent;\" align=\"center\">\n<td style=\"font-weight: bold; border: solid 0px transparent;\" align=\"right\" width=\"50%\">Status<\/td>\n<td style=\"border: solid 0px transparent;\" align=\"left\" width=\"50%\">NPC (Effi)<\/td>\n<\/tr>\n<tr style=\"font-weight: bold; border: solid 0px transparent;\" align=\"center\">\n<td align=\"right\" width=\"50%\">Spieler<\/td>\n<td align=\"left\" width=\"50%\">alle<\/td>\n<\/tr>\n<tr style=\"font-weight: bold; border: solid 0px transparent;\" align=\"center\">\n<td style=\"font-weight: bold; border: solid 0px #003366; background: #555; box-shadow: 0.1em 0.1em 0.5em rgba(255,255,255,0.75); -webkit-box-shadow: 0.1em 0.1em 0.5em rgba(255,255,255,0.75); border-radius: 1em; -webkit-border-radius: 1em;\" colspan=\"2\" align=\"center\">Dienstliche Informationen<\/td>\n<\/tr>\n<tr style=\"font-weight: bold; border: solid 0px transparent;\" align=\"center\">\n<td align=\"right\" width=\"50%\">Ranggrafik<\/td>\n<td style=\"border: solid 0px transparent;\" align=\"left\" width=\"50%\"><img loading=\"lazy\" decoding=\"async\" src=\"https:\/\/www.sf-germany.com\/images\/schemata\/sto\/gelb\/crwm1.png\" alt=\"\" width=\"100\" height=\"25\" \/><\/td>\n<\/tr>\n<tr style=\"font-weight: bold; border: solid 0px transparent;\" align=\"center\">\n<td align=\"right\" width=\"50%\">Rang<\/td>\n<td style=\"border: solid 0px transparent;\" align=\"left\" width=\"50%\">Crewman 1st<\/td>\n<\/tr>\n<tr style=\"font-weight: bold; border: solid 0px transparent;\" align=\"center\">\n<td align=\"right\" width=\"50%\">Posten<\/td>\n<td style=\"border: solid 0px transparent;\" align=\"left\" width=\"50%\">Ressourcenmanager<\/td>\n<\/tr>\n<tr style=\"font-weight: bold; border: solid 0px transparent;\" align=\"center\">\n<td align=\"right\" width=\"50%\">Stationierung<\/td>\n<td style=\"border: solid 0px transparent;\" align=\"left\" width=\"50%\">USS Hephaistos<\/td>\n<\/tr>\n<tr style=\"font-weight: bold; border: solid 0px #003366; background: #555; box-shadow: 0.1em 0.1em 0.5em rgba(255,255,255,0.75); -webkit-box-shadow: 0.1em 0.1em 0.5em rgba(255,255,255,0.75); border-radius: 1em; -webkit-border-radius: 1em;\" align=\"center\">\n<td colspan=\"2\" align=\"center\">Biographische Informationen<\/td>\n<\/tr>\n<tr style=\"font-weight: bold; border: solid 0px transparent;\" align=\"center\">\n<td align=\"right\" width=\"50%\">Geburtstag<\/td>\n<td style=\"border: solid 0px transparent;\" align=\"left\" width=\"50%\"><\/td>\n<\/tr>\n<tr style=\"font-weight: bold; border: solid 0px transparent;\" align=\"center\">\n<td align=\"right\" width=\"50%\">Geburtsort<\/td>\n<td style=\"border: solid 0px transparent;\" align=\"left\" width=\"50%\"><\/td>\n<\/tr>\n<tr style=\"font-weight: bold; border: solid 0px transparent;\" align=\"center\">\n<td align=\"right\" width=\"50%\">Familienstand<\/td>\n<td style=\"border: solid 0px transparent;\" align=\"left\" width=\"50%\"><\/td>\n<\/tr>\n<tr style=\"font-weight: bold; border: solid 0px transparent;\" align=\"center\">\n<td align=\"right\" width=\"50%\">Sexualit\u00e4t<\/td>\n<td style=\"border: solid 0px transparent;\" align=\"left\" width=\"50%\"><\/td>\n<\/tr>\n<tr style=\"font-weight: bold; border: solid 0px transparent;\" align=\"center\">\n<td align=\"right\" valign=\"top\" width=\"50%\">Ehepartner<\/td>\n<td style=\"border: solid 0px transparent;\" align=\"left\" width=\"50%\">&#8212;<\/td>\n<\/tr>\n<tr style=\"font-weight: bold; border: solid 0px transparent;\" align=\"center\">\n<td align=\"right\" valign=\"top\" width=\"50%\">Kinder<\/td>\n<td style=\"border: solid 0px transparent;\" align=\"left\" width=\"50%\">\n<div>&#8212;<\/div>\n<\/td>\n<\/tr>\n<tr style=\"font-weight: bold; border: solid 0px transparent;\" align=\"center\">\n<td align=\"right\" valign=\"top\" width=\"50%\">Vater<\/td>\n<td style=\"border: solid 0px transparent;\" align=\"left\" width=\"50%\">\n<div><\/div>\n<\/td>\n<\/tr>\n<tr style=\"font-weight: bold; border: solid 0px transparent;\" align=\"center\">\n<td align=\"right\" valign=\"top\" width=\"50%\">Mutter<\/td>\n<td style=\"border: solid 0px transparent;\" align=\"left\" width=\"50%\"><\/td>\n<\/tr>\n<tr style=\"font-weight: bold; border: solid 0px transparent;\" align=\"center\">\n<td align=\"right\" valign=\"top\" width=\"50%\">Geschwister<\/td>\n<td style=\"border: solid 0px transparent;\" align=\"left\" width=\"50%\">&#8212;<\/td>\n<\/tr>\n<tr style=\"font-weight: bold; border: solid 0px transparent;\" align=\"center\">\n<td align=\"right\" valign=\"top\" width=\"50%\">Haustier<\/td>\n<td style=\"border: solid 0px transparent;\" align=\"left\" width=\"50%\">&#8212;<\/td>\n<\/tr>\n<tr style=\"font-weight: bold; border: solid 0px #003366; background: #555; box-shadow: 0.1em 0.1em 0.5em rgba(255,255,255,0.75); -webkit-box-shadow: 0.1em 0.1em 0.5em rgba(255,255,255,0.75); border-radius: 1em; -webkit-border-radius: 1em;\" align=\"center\">\n<td colspan=\"2\" align=\"center\">Physische Beschreibung<\/td>\n<\/tr>\n<tr style=\"font-weight: bold; border: solid 0px transparent;\" align=\"center\">\n<td align=\"right\" width=\"50%\">Spezies<\/td>\n<td style=\"border: solid 0px transparent;\" align=\"left\" width=\"50%\">Denobulaner<\/td>\n<\/tr>\n<tr style=\"font-weight: bold; border: solid 0px transparent;\" align=\"center\">\n<td align=\"right\" width=\"50%\">Geschlecht<\/td>\n<td style=\"border: solid 0px transparent;\" align=\"left\" width=\"50%\">m\u00e4nnlich<\/td>\n<\/tr>\n<tr style=\"font-weight: bold; border: solid 0px transparent;\" align=\"center\">\n<td align=\"right\" width=\"50%\">Gr\u00f6\u00dfe<\/td>\n<td style=\"border: solid 0px transparent;\" align=\"left\" width=\"50%\"><\/td>\n<\/tr>\n<tr style=\"font-weight: bold; border: solid 0px transparent;\" align=\"center\">\n<td align=\"right\" width=\"50%\">Gewicht<\/td>\n<td style=\"border: solid 0px transparent;\" align=\"left\" width=\"50%\"><\/td>\n<\/tr>\n<tr style=\"font-weight: bold; border: solid 0px transparent;\" align=\"center\">\n<td align=\"right\" width=\"50%\">Haarfarbe<\/td>\n<td style=\"border: solid 0px transparent;\" align=\"left\" width=\"50%\">braun<\/td>\n<\/tr>\n<tr style=\"font-weight: bold; border: solid 0px transparent;\" align=\"center\">\n<td align=\"right\" width=\"50%\">Augenfarbe<\/td>\n<td style=\"border: solid 0px transparent;\" align=\"left\" width=\"50%\"><\/td>\n<\/tr>\n<tr style=\"font-weight: bold; border: solid 0px transparent;\" align=\"center\">\n<td align=\"right\" width=\"50%\">Haut<\/td>\n<td style=\"border: solid 0px transparent;\" align=\"left\" width=\"50%\"><\/td>\n<\/tr>\n<tr style=\"font-weight: bold; border: solid 0px #003366; background: #555; box-shadow: 0.1em 0.1em 0.5em rgba(255,255,255,0.75); -webkit-box-shadow: 0.1em 0.1em 0.5em rgba(255,255,255,0.75); border-radius: 1em; -webkit-border-radius: 1em;\" align=\"center\">\n<td colspan=\"2\" align=\"center\">Politische Informationen<\/td>\n<\/tr>\n<tr style=\"font-weight: bold; border: solid 0px transparent;\" align=\"center\">\n<td align=\"right\" valign=\"top\" width=\"50%\">Buergerschaft<\/td>\n<td style=\"border: solid 0px transparent;\" align=\"left\" width=\"50%\">F\u00f6derationsb\u00fcrger<\/td>\n<\/tr>\n<\/tbody>\n<\/table>\n<\/div>\n<h2>Lebenslauf<\/h2>\n<hr \/>\n<h2>Psychologisches Profil<\/h2>\n<p>Crewman Rhixx ist ein sehr \u00e4ngstliches Individuum und hatte bereits fr\u00fcher Kontakt mit Counselorn um diese \u00c4ngste in den Griff zu bekommen.<\/p>\n<p>Seit den Ereignissen auf der Hephaistos mit den als Mitglieder anderer Spezies getarnten klingonischen Saboteurinnen hat sich die Angstst\u00f6rung versch\u00e4rft und niemand paranoide Z\u00fcge an. Rhixx vermutet \u00fcberall verborgene klingonische Spione, die darauf aus sind, ihn zu t\u00f6ten.<\/p>\n<h3>Beziehungen zu anderen Crewmitgliedern<\/h3>\n<ul>\n<li><\/li>\n<\/ul>\n<hr \/>\n<h2>Spezialgebiete<\/h2>\n<p>Rhixx arbeitet im Bereich der OPS als Ressourcenmanager. Insbesondere ist er f\u00fcr die Quartierzuteilung und -pflege zust\u00e4ndig.<\/p>\n<hr \/>\n<h2>Hobbies<\/h2>\n<hr \/>\n<h2>Medizinisches Profil<\/h2>\n<hr \/>\n<h2>Klassifzierte Sektion<\/h2>\n<p>keine Eintr\u00e4ge<\/p>\n<hr \/>\n<h2>Posts<\/h2>\n<p>Rhixx hat einen Auftritt in folgenden Posts der Hephaistos:<\/p>\n<p>[<a href=\"https:\/\/de.groups.yahoo.com\/neo\/groups\/USS-Hephaistos\/conversations\/messages\/516\">516<\/a>]<\/p>\n","protected":false},"excerpt":{"rendered":"<p>Rhixx Status NPC (Effi) Spieler alle Dienstliche Informationen Ranggrafik Rang Crewman 1st Posten Ressourcenmanager Stationierung USS Hephaistos Biographische Informationen Geburtstag Geburtsort Familienstand Sexualit\u00e4t Ehepartner &#8212; Kinder &#8212; Vater Mutter Geschwister &#8212; Haustier &#8212; Physische Beschreibung Spezies Denobulaner Geschlecht m\u00e4nnlich Gr\u00f6\u00dfe Gewicht Haarfarbe braun Augenfarbe Haut Politische Informationen Buergerschaft F\u00f6derationsb\u00fcrger Lebenslauf Psychologisches Profil Crewman Rhixx ist&#8230;<\/p>\n<p class=\"more-link-wrap\"><a href=\"https:\/\/www.sf-germany.org\/einheiten\/uss-hephaistos\/die-crew\/rhixx\/\" class=\"more-link\">Read More<span class=\"screen-reader-text\"> &ldquo;Rhixx&rdquo;<\/span> &raquo;<\/a><\/p>\n","protected":false},"author":2,"featured_media":0,"parent":27,"menu_order":30,"comment_status":"closed","ping_status":"closed","template":"page-templates\/medium.php","meta":{"footnotes":""},"class_list":["post-757","page","type-page","status-publish","hentry"],"_links":{"self":[{"href":"https:\/\/www.sf-germany.org\/einheiten\/uss-hephaistos\/wp-json\/wp\/v2\/pages\/757","targetHints":{"allow":["GET"]}}],"collection":[{"href":"https:\/\/www.sf-germany.org\/einheiten\/uss-hephaistos\/wp-json\/wp\/v2\/pages"}],"about":[{"href":"https:\/\/www.sf-germany.org\/einheiten\/uss-hephaistos\/wp-json\/wp\/v2\/types\/page"}],"author":[{"embeddable":true,"href":"https:\/\/www.sf-germany.org\/einheiten\/uss-hephaistos\/wp-json\/wp\/v2\/users\/2"}],"replies":[{"embeddable":true,"href":"https:\/\/www.sf-germany.org\/einheiten\/uss-hephaistos\/wp-json\/wp\/v2\/comments?post=757"}],"version-history":[{"count":4,"href":"https:\/\/www.sf-germany.org\/einheiten\/uss-hephaistos\/wp-json\/wp\/v2\/pages\/757\/revisions"}],"predecessor-version":[{"id":5560,"href":"https:\/\/www.sf-germany.org\/einheiten\/uss-hephaistos\/wp-json\/wp\/v2\/pages\/757\/revisions\/5560"}],"up":[{"embeddable":true,"href":"https:\/\/www.sf-germany.org\/einheiten\/uss-hephaistos\/wp-json\/wp\/v2\/pages\/27"}],"wp:attachment":[{"href":"https:\/\/www.sf-germany.org\/einheiten\/uss-hephaistos\/wp-json\/wp\/v2\/media?parent=757"}],"curies":[{"name":"wp","href":"https:\/\/api.w.org\/{rel}","templated":true}]}}