{"id":7662,"date":"2024-01-10T09:55:18","date_gmt":"2024-01-10T08:55:18","guid":{"rendered":"https:\/\/www.sf-germany.org\/einheiten\/uss-hephaistos\/?page_id=7662"},"modified":"2024-04-16T20:49:36","modified_gmt":"2024-04-16T18:49:36","slug":"uss-nemesis-ncc-7666","status":"publish","type":"page","link":"https:\/\/www.sf-germany.org\/einheiten\/uss-hephaistos\/sektor\/uss-nemesis-ncc-7666\/","title":{"rendered":"USS Nemesis NCC 7666"},"content":{"rendered":"<p><a href=\"https:\/\/www.sf-germany.org\/einheiten\/uss-hephaistos\/wp-content\/uploads\/USS-Nemesis.jpg\"><img loading=\"lazy\" decoding=\"async\" class=\"aligncenter wp-image-8186\" src=\"https:\/\/www.sf-germany.org\/einheiten\/uss-hephaistos\/wp-content\/uploads\/USS-Nemesis-300x210.jpg\" alt=\"\" width=\"600\" height=\"420\" srcset=\"https:\/\/www.sf-germany.org\/einheiten\/uss-hephaistos\/wp-content\/uploads\/USS-Nemesis-300x210.jpg 300w, https:\/\/www.sf-germany.org\/einheiten\/uss-hephaistos\/wp-content\/uploads\/USS-Nemesis-1024x716.jpg 1024w, https:\/\/www.sf-germany.org\/einheiten\/uss-hephaistos\/wp-content\/uploads\/USS-Nemesis.jpg 1148w\" sizes=\"auto, (max-width: 600px) 100vw, 600px\" \/><\/a><\/p>\n<p>Unter dem Kommando von Cpt. Sureya Bateh.<br \/>\nPrototyp der Nemesis-Klasse, Kampfkreuzer, In Dienst gestellt im September 2415<br \/>\nDreifache Teilungsoption vertikal. 6 Warpgondeln, schlanker und kleiner als \u00fcbliche Warpgondeln. Nach Teilung hat jeder Teil 2 Warpgondeln. Minimalistische Ausstattung. Die Teilung ist bei diesem Prototyp das normale Procedere bei einem Angriff, so dass der Gegner in die Zange genommen werden oder gleichzeitig gegen mehrere Gegner vorgegangen werden kann.<\/p>\n<p>Die Nemesis ist kleiner als die Hephaistos. Standard-Besatzung 80 Personen.<br \/>\nKeine Zivilisten an Bord.<\/p>\n<p>Alle drei Teile k\u00f6nnen v\u00f6llig autonom agieren und sind eigenst\u00e4ndige kleine Schiffe mit vollem Warp, Waffen und Schilden. Namen der drei Teile: J\u00f6rmungandr (Mitte), Fenris (rechts), Sleipnir (links) (benannt nach den drei Kindern des nordischen Gottes Loki, zu Ehren von Sureya Batehs fr\u00fcherem Captain und zeitweise Lebensgef\u00e4hrten Fleetcaptain Torgny B. Dahlgren)<br \/>\nWenn zusammengesetzt, gemeinsame Hauptsteuerung der drei Warpkerne \u00fcber den Hauptmaschinenraum. Kerne sind koppelbar, somit genug Energie f\u00fcr volle Kapazit\u00e4t der Terti\u00e4rsysteme, Energie kann kumuliert verwendet werden, um z.B. die Schilde auf 150% zu verst\u00e4rken. Zwischen den drei Kernen besteht eine Fourier-Barriere, so dass sie bei Problemen voneinander abgeschirmt sind.<\/p>\n<p>Neuartige H\u00fcllenpanzerung (letzte Verteidigungslinie bei Ausfall der Schilde): Rayleigh-Panzerung. Gefertigt aus dreifach irisiertem Numerium. Dieses Material kann kleinere Energiemengen absorbieren und den Schiffssystemen zuf\u00fchren (einfache Phaser-Salven). St\u00e4rkere Energiemengen (Phaser auf voller Kraft, Torpedo-Explosionen) werden \u00fcber die absorbierbare Menge hinaus unvollst\u00e4ndig zur\u00fcckgeworfen. So macht z.B. ein einschlagender Quantentorpedo nach Versagen der Schilde nur 40% seines eigentlichen Schadens. Ist der Angreifer in einer Entfernung von weniger als 50.000 km, werden 30% des Schadens auf den Angreifer zur\u00fcckgeworfen. Diese Panzerung ist nur ein Notfall-System. Weiterhin Abwehr haupts\u00e4chlich \u00fcber die Schilde.<\/p>\n<p>Verbesserte Abschusssysteme in der Torpedorampe, somit schnellere Schussfolge m\u00f6glich.<br \/>\nDie Crew hat eine Sondergenehmigung vom HQ, um im Dienst Waffen tragen zu d\u00fcrfen. Sehr militaristische Sicherheitsabteilung.<\/p>\n<p>Krankenstation auf dem modernsten Stand der Technik, gr\u00f6\u00dfer als \u00fcblich bei dieser Mannschaftsgr\u00f6\u00dfe, 15 Liegen, drei OPs, mehrere Isolierr\u00e4ume mit Sonderequipment f\u00fcr schwere Verletzungen.<\/p>\n<p>Au\u00dfer einer sehr modernen 3-D-Stellarkartographie, aber keine Wissenschaftssstation im eigentlichen Sinne.<\/p>\n<p>Gro\u00dfe Messe, die auch als Freizeitraum dient. Keine Bar, kein Restaurant, kein Arboretum oder sonstige Erholungseinrichtungen. Daf\u00fcr 5 Holodecks, die solche ersetzen k\u00f6nnen.<\/p>\n<p>Keine psychologische Abteilung. Bei Bedarf an psychologischer Behandlung kann auf die Krankenstation zur\u00fcckgegriffen werden. Ein Teil des Personals ist nicht nur medizinisch, sondern auch psychologisch geschult.<\/p>\n<p>Br\u00fccke: klein und Effizient. Ausgestattet mit 3-D-Technik, die teilweise den Hauptbildschirm ersetzt, vor allem in Gefechtssituationen. Alle n\u00f6tigen Stationen vorhanden. Captains-Chair erh\u00f6ht direkt in der Mitte.<\/p>\n<p>Besprechungsraum: ausgestattet mit neuester 3-D-Technik, die die Bildschirme ersetzt. So k\u00f6nnen Simulationen, Gefechtsformationen, Umgebungskarten und Kurse plastisch dargestellt werden.<\/p>\n<p>CO \u2013 Captain <a href=\"https:\/\/www.sf-germany.org\/einheiten\/uss-hephaistos\/die-crew\/charakter-archiv\/sureya-bateh\/\">Sureya Bateh<\/a> (Mensch, weiblich)<br \/>\nEO \u2013 Cmdr. <a href=\"https:\/\/www.sf-germany.org\/einheiten\/uss-hephaistos\/sektor\/uss-nemesis-ncc-7666\/ratan_vaish\/\">Ratan Vaish<\/a> (Mensch, m\u00e4nnlich)<br \/>\n2O\/OPS \u2013 Lt.Cmdr. <a href=\"https:\/\/www.sf-germany.org\/einheiten\/uss-hephaistos\/sektor\/uss-nemesis-ncc-7666\/vtaila\/\">V\u2019taila<\/a> (Vulkanier, m\u00e4nnlich)<br \/>\nCOMM \u2013 Lt. (jg) <a href=\"https:\/\/www.sf-germany.org\/einheiten\/uss-hephaistos\/sektor\/uss-nemesis-ncc-7666\/jona-nican\/\">Jona Nican<\/a> (Bajoraner, m\u00e4nnlich)<br \/>\nTAK \u2013 Lt.Cmdr. <a href=\"https:\/\/www.sf-germany.org\/einheiten\/uss-hephaistos\/sektor\/uss-nemesis-ncc-7666\/carmenhernandez\/\">Carmen Hernandez<\/a> (Mensch, weiblich)<br \/>\nFLG \u2013 Lt. <a href=\"https:\/\/www.sf-germany.org\/einheiten\/uss-hephaistos\/sektor\/uss-nemesis-ncc-7666\/amrit-doobay\/\">Amrit Doobay<\/a> (Mensch, m\u00e4nnlich)<br \/>\nsFLG &#8211; Ens. <a href=\"https:\/\/www.sf-germany.org\/einheiten\/uss-hephaistos\/sektor\/uss-nemesis-ncc-7666\/senna-finu\/\">Senna Finu<\/a> (Trill, unvereinigt, weiblich)<br \/>\nCING \u2013 Lt.Cmdr. <a href=\"https:\/\/www.sf-germany.org\/einheiten\/uss-hephaistos\/sektor\/uss-nemesis-ncc-7666\/bradok\/\">Bradok<\/a> (Halbcardassianer, m\u00e4nnlich)<br \/>\nCSO \u2013 Lt. (jg) <a href=\"https:\/\/www.sf-germany.org\/einheiten\/uss-hephaistos\/sektor\/uss-nemesis-ncc-7666\/lurdon-urdan\/\">Lurdon Urdan<\/a> (Andorianer, m\u00e4nnlich)<br \/>\nCWI \u2013 Lt. <a href=\"https:\/\/www.sf-germany.org\/einheiten\/uss-hephaistos\/sektor\/uss-nemesis-ncc-7666\/tpor\/\">T\u2018por<\/a> (Halbvulkanierin, weiblich)<br \/>\nCM &#8211; Lt.Cmdr. <a href=\"https:\/\/www.sf-germany.org\/einheiten\/uss-hephaistos\/sektor\/uss-nemesis-ncc-7666\/mairenna-zui\/\">Dr. Mairenna Zui<\/a>, (Betazoid, weiblich)<br \/>\nStlv. CM \u2013 Lt. <a href=\"https:\/\/www.sf-germany.org\/einheiten\/uss-hephaistos\/sektor\/uss-nemesis-ncc-7666\/jaxon-bryn\/\">Jaxon Bryn<\/a> (Trill, vereinigt, m\u00e4nnlich)<br \/>\nTransporter-Chief &#8211; CPO <a href=\"https:\/\/www.sf-germany.org\/einheiten\/uss-hephaistos\/sektor\/uss-nemesis-ncc-7666\/david-eddings\/\">David Eddings<\/a> (Mensch, m\u00e4nnlich)<\/p>\n<p>&nbsp;<\/p>\n<p>&nbsp;<\/p>\n","protected":false},"excerpt":{"rendered":"<p>Unter dem Kommando von Cpt. Sureya Bateh. Prototyp der Nemesis-Klasse, Kampfkreuzer, In Dienst gestellt im September 2415 Dreifache Teilungsoption vertikal. 6 Warpgondeln, schlanker und kleiner als \u00fcbliche Warpgondeln. Nach Teilung hat jeder Teil 2 Warpgondeln. Minimalistische Ausstattung. Die Teilung ist bei diesem Prototyp das normale Procedere bei einem Angriff, so dass der Gegner in die&#8230;<\/p>\n<p class=\"more-link-wrap\"><a href=\"https:\/\/www.sf-germany.org\/einheiten\/uss-hephaistos\/sektor\/uss-nemesis-ncc-7666\/\" class=\"more-link\">Read More<span class=\"screen-reader-text\"> &ldquo;USS Nemesis NCC 7666&rdquo;<\/span> &raquo;<\/a><\/p>\n","protected":false},"author":1,"featured_media":0,"parent":7964,"menu_order":2,"comment_status":"closed","ping_status":"closed","template":"","meta":{"footnotes":""},"class_list":["post-7662","page","type-page","status-publish","hentry"],"_links":{"self":[{"href":"https:\/\/www.sf-germany.org\/einheiten\/uss-hephaistos\/wp-json\/wp\/v2\/pages\/7662","targetHints":{"allow":["GET"]}}],"collection":[{"href":"https:\/\/www.sf-germany.org\/einheiten\/uss-hephaistos\/wp-json\/wp\/v2\/pages"}],"about":[{"href":"https:\/\/www.sf-germany.org\/einheiten\/uss-hephaistos\/wp-json\/wp\/v2\/types\/page"}],"author":[{"embeddable":true,"href":"https:\/\/www.sf-germany.org\/einheiten\/uss-hephaistos\/wp-json\/wp\/v2\/users\/1"}],"replies":[{"embeddable":true,"href":"https:\/\/www.sf-germany.org\/einheiten\/uss-hephaistos\/wp-json\/wp\/v2\/comments?post=7662"}],"version-history":[{"count":25,"href":"https:\/\/www.sf-germany.org\/einheiten\/uss-hephaistos\/wp-json\/wp\/v2\/pages\/7662\/revisions"}],"predecessor-version":[{"id":8384,"href":"https:\/\/www.sf-germany.org\/einheiten\/uss-hephaistos\/wp-json\/wp\/v2\/pages\/7662\/revisions\/8384"}],"up":[{"embeddable":true,"href":"https:\/\/www.sf-germany.org\/einheiten\/uss-hephaistos\/wp-json\/wp\/v2\/pages\/7964"}],"wp:attachment":[{"href":"https:\/\/www.sf-germany.org\/einheiten\/uss-hephaistos\/wp-json\/wp\/v2\/media?parent=7662"}],"curies":[{"name":"wp","href":"https:\/\/api.w.org\/{rel}","templated":true}]}}