{"id":8009,"date":"2024-03-06T14:18:04","date_gmt":"2024-03-06T13:18:04","guid":{"rendered":"https:\/\/www.sf-germany.org\/einheiten\/uss-hephaistos\/?page_id=8009"},"modified":"2025-05-09T11:51:27","modified_gmt":"2025-05-09T09:51:27","slug":"caraxes","status":"publish","type":"page","link":"https:\/\/www.sf-germany.org\/einheiten\/uss-hephaistos\/die-crew\/spieler\/nazira-tapai\/caraxes\/","title":{"rendered":"Caraxes"},"content":{"rendered":"<p><strong><span style=\"font-size: 18pt;\"><img loading=\"lazy\" decoding=\"async\" class=\"size-medium wp-image-8011 alignleft\" src=\"https:\/\/www.sf-germany.org\/einheiten\/uss-hephaistos\/wp-content\/uploads\/Caraxes-300x300.png\" alt=\"\" width=\"300\" height=\"300\" srcset=\"https:\/\/www.sf-germany.org\/einheiten\/uss-hephaistos\/wp-content\/uploads\/Caraxes-300x300.png 300w, https:\/\/www.sf-germany.org\/einheiten\/uss-hephaistos\/wp-content\/uploads\/Caraxes-150x150.png 150w, https:\/\/www.sf-germany.org\/einheiten\/uss-hephaistos\/wp-content\/uploads\/Caraxes.png 1024w\" sizes=\"auto, (max-width: 300px) 100vw, 300px\" \/>Caraxes<\/span><\/strong><\/p>\n<p>Caraxes ist ein gro\u00dfer, schneewei\u00dfer Rabe mit dunklen Augen. Er ist ebenso intelligent wie ein Mensch und kann sprechen, wenn auch sehr kr\u00e4chzend.<\/p>\n<p>Zur Mission &#8222;Welcome to Arcadia&#8220;, als alle Chars ein &#8218;zweites Leben&#8216; gef\u00fchrt haben, war er der st\u00e4ndige Begleiter und Vertraute der Nachtm\u00fcllerin Nazira, die ihn als K\u00fcken gefunden und aufgezogen hatte. Als die Hephaistos die Anomalie wieder verlie\u00df, beschloss Caraxes, sie zu begleiten, da er neugierig auf die andere Welt au\u00dferhalb seiner Heimat war. Es ist also nicht klar, was Caraxes wirklich ist, nur, dass er eines der Wesen aus der Anomalie ist und aktuell die Form eines wei\u00dfen Raben inne hat.<\/p>\n<p>Caraxes ist ein guter Gespr\u00e4chspartner, wenn auch recht frech und eigensinnig. Er spielt gerne auch mal einen Streich und verh\u00e4lt sich Nazira gegen\u00fcber recht besitzergreifend, was vor allem Jori Tainia, der Partner von Nazira, zu sp\u00fcren bekommt. Der Rabe kann regelrecht eifers\u00fcchtiges Verhalten zeigen.<\/p>\n<p>Da es ihm in Naziras Quartier zu langweilig ist, hat er die M\u00f6glichkeit bekommen, ihr Quartier eigenst\u00e4ndig zu verlassen und zu betreten und h\u00e4lt sich seit dem sehr h\u00e4ufig im Elysion, der Bar der Hephaistos, auf, um sowohl Nick, dem Barkeeper, als auch seinen G\u00e4sten mal auf den Keks zu gehen, oder sich auch mal tiefsinnig mit ihnen zu unterhalten, wobei er stets seinen eigenen &#8222;Drink&#8220; bekommt &#8211; meist Fruchtsaft. Er w\u00fcrde gerne Alkohol ausprobieren, aber den gibt Nick ihm nicht. Noch nicht.<\/p>\n<p>Als die Hephaistos bei der Mission &#8222;Operation Schattentanz&#8220; auf dem Planet Xarantine in ihre drei Teile aufgeteilt abgest\u00fcrzt, war er ausgesandt worden, um die anderen Schiffsteile zu suchen. Unterwegs traf er auf Jetsun Pema, die mit dem selben Auftrag unterwegs war und musste sie nach einer Notlandung in einem See ohnm\u00e4chtig herausziehen &#8211; in Gestalt eines gro\u00dfen, muskul\u00f6sen Mannes mit sehr blasser Haut, wei\u00dfen schulterlangen Haaren und schwarzen Augen.\u00a0 Zuvor, direkt nach dem Absturz, hatte er bereits ein anders Crewmitglied auf diese Art von einem herabgest\u00fcrzten Pfeiler befreit, doch als diese sp\u00e4ter im halben Dilirium von einem &#8218;wei\u00dfen Mann&#8216; faselte der sie gerettet habe, dachten die Hilfskr\u00e4fte, sie h\u00e4tte eine Halluzination gehabt, denn einen Mann mit dieser Beschreibung gibt es nicht an Bord.<\/p>\n<p>Nur die \u00c4rztin der Hephaistos wei\u00df nun also, dass Caraxes seine Gestalt in einen Humanoiden \u00e4ndern kann. Warum er dies bisher seiner engsten Freundin Nazira nicht offenbart hat, bleibt r\u00e4tselhaft.<\/p>\n","protected":false},"excerpt":{"rendered":"<p>Caraxes Caraxes ist ein gro\u00dfer, schneewei\u00dfer Rabe mit dunklen Augen. Er ist ebenso intelligent wie ein Mensch und kann sprechen, wenn auch sehr kr\u00e4chzend. Zur Mission &#8222;Welcome to Arcadia&#8220;, als alle Chars ein &#8218;zweites Leben&#8216; gef\u00fchrt haben, war er der st\u00e4ndige Begleiter und Vertraute der Nachtm\u00fcllerin Nazira, die ihn als K\u00fcken gefunden und aufgezogen hatte&#8230;.<\/p>\n<p class=\"more-link-wrap\"><a href=\"https:\/\/www.sf-germany.org\/einheiten\/uss-hephaistos\/die-crew\/spieler\/nazira-tapai\/caraxes\/\" class=\"more-link\">Read More<span class=\"screen-reader-text\"> &ldquo;Caraxes&rdquo;<\/span> &raquo;<\/a><\/p>\n","protected":false},"author":2,"featured_media":0,"parent":6668,"menu_order":0,"comment_status":"closed","ping_status":"closed","template":"page-templates\/medium.php","meta":{"footnotes":""},"class_list":["post-8009","page","type-page","status-publish","hentry"],"_links":{"self":[{"href":"https:\/\/www.sf-germany.org\/einheiten\/uss-hephaistos\/wp-json\/wp\/v2\/pages\/8009","targetHints":{"allow":["GET"]}}],"collection":[{"href":"https:\/\/www.sf-germany.org\/einheiten\/uss-hephaistos\/wp-json\/wp\/v2\/pages"}],"about":[{"href":"https:\/\/www.sf-germany.org\/einheiten\/uss-hephaistos\/wp-json\/wp\/v2\/types\/page"}],"author":[{"embeddable":true,"href":"https:\/\/www.sf-germany.org\/einheiten\/uss-hephaistos\/wp-json\/wp\/v2\/users\/2"}],"replies":[{"embeddable":true,"href":"https:\/\/www.sf-germany.org\/einheiten\/uss-hephaistos\/wp-json\/wp\/v2\/comments?post=8009"}],"version-history":[{"count":5,"href":"https:\/\/www.sf-germany.org\/einheiten\/uss-hephaistos\/wp-json\/wp\/v2\/pages\/8009\/revisions"}],"predecessor-version":[{"id":8807,"href":"https:\/\/www.sf-germany.org\/einheiten\/uss-hephaistos\/wp-json\/wp\/v2\/pages\/8009\/revisions\/8807"}],"up":[{"embeddable":true,"href":"https:\/\/www.sf-germany.org\/einheiten\/uss-hephaistos\/wp-json\/wp\/v2\/pages\/6668"}],"wp:attachment":[{"href":"https:\/\/www.sf-germany.org\/einheiten\/uss-hephaistos\/wp-json\/wp\/v2\/media?parent=8009"}],"curies":[{"name":"wp","href":"https:\/\/api.w.org\/{rel}","templated":true}]}}