{"id":83,"date":"2016-01-11T21:27:42","date_gmt":"2016-01-11T20:27:42","guid":{"rendered":"http:\/\/www.sf-germany.org\/einheiten\/hephaistos\/?page_id=83"},"modified":"2024-01-11T10:02:50","modified_gmt":"2024-01-11T09:02:50","slug":"hauptbruecke","status":"publish","type":"page","link":"https:\/\/www.sf-germany.org\/einheiten\/uss-hephaistos\/das-schiff\/hauptbruecke\/","title":{"rendered":"Hauptbr\u00fccke"},"content":{"rendered":"<p><a href=\"https:\/\/www.sf-germany.org\/einheiten\/uss-hephaistos\/wp-content\/uploads\/2016\/01\/hephaistoscprw3.png\"><img loading=\"lazy\" decoding=\"async\" class=\"wp-image-11 aligncenter\" src=\"https:\/\/www.sf-germany.org\/einheiten\/uss-hephaistos\/wp-content\/uploads\/2016\/01\/hephaistoscprw3-300x254.png\" alt=\"\" width=\"150\" height=\"127\" srcset=\"https:\/\/www.sf-germany.org\/einheiten\/uss-hephaistos\/wp-content\/uploads\/2016\/01\/hephaistoscprw3-300x254.png 300w, https:\/\/www.sf-germany.org\/einheiten\/uss-hephaistos\/wp-content\/uploads\/2016\/01\/hephaistoscprw3.png 388w\" sizes=\"auto, (max-width: 150px) 100vw, 150px\" \/><\/a><\/p>\n<hr \/>\n<p style=\"text-align: center;\"><a href=\"https:\/\/www.sf-germany.org\/einheiten\/uss-hephaistos\/wp-content\/uploads\/2016\/01\/prometheus-bridge.jpg\"><img loading=\"lazy\" decoding=\"async\" class=\"aligncenter wp-image-91 size-full\" src=\"https:\/\/www.sf-germany.org\/einheiten\/uss-hephaistos\/wp-content\/uploads\/2016\/01\/prometheus-bridge.jpg\" alt=\"\" width=\"1292\" height=\"921\" srcset=\"https:\/\/www.sf-germany.org\/einheiten\/uss-hephaistos\/wp-content\/uploads\/2016\/01\/prometheus-bridge.jpg 1292w, https:\/\/www.sf-germany.org\/einheiten\/uss-hephaistos\/wp-content\/uploads\/2016\/01\/prometheus-bridge-300x214.jpg 300w, https:\/\/www.sf-germany.org\/einheiten\/uss-hephaistos\/wp-content\/uploads\/2016\/01\/prometheus-bridge-768x547.jpg 768w, https:\/\/www.sf-germany.org\/einheiten\/uss-hephaistos\/wp-content\/uploads\/2016\/01\/prometheus-bridge-1024x730.jpg 1024w\" sizes=\"auto, (max-width: 1292px) 100vw, 1292px\" \/><\/a> <strong>Br\u00fccke gesamt<\/strong><\/p>\n<hr \/>\n<p style=\"text-align: center;\"><a href=\"https:\/\/www.sf-germany.org\/einheiten\/uss-hephaistos\/wp-content\/uploads\/Atlas_Captains_Post.webp\"><img loading=\"lazy\" decoding=\"async\" class=\"aligncenter wp-image-7699 size-full\" src=\"https:\/\/www.sf-germany.org\/einheiten\/uss-hephaistos\/wp-content\/uploads\/Atlas_Captains_Post.webp\" alt=\"\" width=\"1000\" height=\"563\" srcset=\"https:\/\/www.sf-germany.org\/einheiten\/uss-hephaistos\/wp-content\/uploads\/Atlas_Captains_Post.webp 1000w, https:\/\/www.sf-germany.org\/einheiten\/uss-hephaistos\/wp-content\/uploads\/Atlas_Captains_Post-300x169.webp 300w\" sizes=\"auto, (max-width: 1000px) 100vw, 1000px\" \/><\/a><strong>Br\u00fccke vorne<\/strong><\/p>\n<hr \/>\n<p style=\"text-align: center;\"><a href=\"https:\/\/www.sf-germany.org\/einheiten\/uss-hephaistos\/wp-content\/uploads\/Atlas_Fore.webp\"><img loading=\"lazy\" decoding=\"async\" class=\"aligncenter wp-image-7700 size-full\" src=\"https:\/\/www.sf-germany.org\/einheiten\/uss-hephaistos\/wp-content\/uploads\/Atlas_Fore.webp\" alt=\"\" width=\"1000\" height=\"563\" srcset=\"https:\/\/www.sf-germany.org\/einheiten\/uss-hephaistos\/wp-content\/uploads\/Atlas_Fore.webp 1000w, https:\/\/www.sf-germany.org\/einheiten\/uss-hephaistos\/wp-content\/uploads\/Atlas_Fore-300x169.webp 300w\" sizes=\"auto, (max-width: 1000px) 100vw, 1000px\" \/><\/a><strong>Br\u00fccke hinten<\/strong><\/p>\n<hr \/>\n<p style=\"text-align: center;\"><a href=\"https:\/\/www.sf-germany.org\/einheiten\/uss-hephaistos\/wp-content\/uploads\/Caucasus_Wide.webp\"><img loading=\"lazy\" decoding=\"async\" class=\"aligncenter wp-image-7704 size-full\" src=\"https:\/\/www.sf-germany.org\/einheiten\/uss-hephaistos\/wp-content\/uploads\/Caucasus_Wide.webp\" alt=\"\" width=\"1000\" height=\"563\" srcset=\"https:\/\/www.sf-germany.org\/einheiten\/uss-hephaistos\/wp-content\/uploads\/Caucasus_Wide.webp 1000w, https:\/\/www.sf-germany.org\/einheiten\/uss-hephaistos\/wp-content\/uploads\/Caucasus_Wide-300x169.webp 300w\" sizes=\"auto, (max-width: 1000px) 100vw, 1000px\" \/><\/a><strong>Br\u00fccke bei rotem Alarm<\/strong><\/p>\n<hr \/>\n<p class=\"has-text-align-left\" style=\"text-align: left;\"><span style=\"font-size: 10pt;\"><strong>Quellen:<\/strong><\/span><br \/>\n<span style=\"font-size: 10pt;\">Bild 1: <a href=\"https:\/\/www.ex-astris-scientia.org\/gallery\/bridges1.htm\" target=\"_blank\" rel=\"noopener noreferrer\">Ex Astris Scentia<\/a><\/span><br \/>\n<span style=\"font-size: 10pt;\">Bild 2, 3 &amp; 4: <a href=\"https:\/\/sto.gamepedia.com\/Prometheus_Bridge\" target=\"_blank\" rel=\"noopener noreferrer\">Star Trek Online Wiki<\/a><\/span><\/p>\n","protected":false},"excerpt":{"rendered":"<p>Br\u00fccke gesamt Br\u00fccke vorne Br\u00fccke hinten Br\u00fccke bei rotem Alarm Quellen: Bild 1: Ex Astris Scentia Bild 2, 3 &amp; 4: Star Trek Online Wiki<\/p>\n","protected":false},"author":1,"featured_media":0,"parent":43,"menu_order":0,"comment_status":"closed","ping_status":"closed","template":"page-templates\/medium.php","meta":{"footnotes":""},"class_list":["post-83","page","type-page","status-publish","hentry"],"_links":{"self":[{"href":"https:\/\/www.sf-germany.org\/einheiten\/uss-hephaistos\/wp-json\/wp\/v2\/pages\/83","targetHints":{"allow":["GET"]}}],"collection":[{"href":"https:\/\/www.sf-germany.org\/einheiten\/uss-hephaistos\/wp-json\/wp\/v2\/pages"}],"about":[{"href":"https:\/\/www.sf-germany.org\/einheiten\/uss-hephaistos\/wp-json\/wp\/v2\/types\/page"}],"author":[{"embeddable":true,"href":"https:\/\/www.sf-germany.org\/einheiten\/uss-hephaistos\/wp-json\/wp\/v2\/users\/1"}],"replies":[{"embeddable":true,"href":"https:\/\/www.sf-germany.org\/einheiten\/uss-hephaistos\/wp-json\/wp\/v2\/comments?post=83"}],"version-history":[{"count":19,"href":"https:\/\/www.sf-germany.org\/einheiten\/uss-hephaistos\/wp-json\/wp\/v2\/pages\/83\/revisions"}],"predecessor-version":[{"id":7707,"href":"https:\/\/www.sf-germany.org\/einheiten\/uss-hephaistos\/wp-json\/wp\/v2\/pages\/83\/revisions\/7707"}],"up":[{"embeddable":true,"href":"https:\/\/www.sf-germany.org\/einheiten\/uss-hephaistos\/wp-json\/wp\/v2\/pages\/43"}],"wp:attachment":[{"href":"https:\/\/www.sf-germany.org\/einheiten\/uss-hephaistos\/wp-json\/wp\/v2\/media?parent=83"}],"curies":[{"name":"wp","href":"https:\/\/api.w.org\/{rel}","templated":true}]}}