{"id":8491,"date":"2024-04-30T11:19:00","date_gmt":"2024-04-30T09:19:00","guid":{"rendered":"https:\/\/www.sf-germany.org\/einheiten\/uss-hephaistos\/?page_id=8491"},"modified":"2024-04-30T11:50:17","modified_gmt":"2024-04-30T09:50:17","slug":"sphinx-typ-mkii","status":"publish","type":"page","link":"https:\/\/www.sf-germany.org\/einheiten\/uss-hephaistos\/das-schiff\/sphinx-typ-mkii\/","title":{"rendered":"Sphinx Typ MKII"},"content":{"rendered":"<p><a href=\"https:\/\/www.sf-germany.org\/einheiten\/uss-hephaistos\/wp-content\/uploads\/workbee_sphinx_mkII.png\"><img loading=\"lazy\" decoding=\"async\" class=\"aligncenter wp-image-8495\" src=\"https:\/\/www.sf-germany.org\/einheiten\/uss-hephaistos\/wp-content\/uploads\/workbee_sphinx_mkII.png\" alt=\"\" width=\"400\" height=\"174\" srcset=\"https:\/\/www.sf-germany.org\/einheiten\/uss-hephaistos\/wp-content\/uploads\/workbee_sphinx_mkII.png 912w, https:\/\/www.sf-germany.org\/einheiten\/uss-hephaistos\/wp-content\/uploads\/workbee_sphinx_mkII-300x130.png 300w\" sizes=\"auto, (max-width: 400px) 100vw, 400px\" \/><\/a><\/p>\n<p><strong>Sphinx Typ MKII<\/strong><\/p>\n<p>Der Sphinx Typ MKII definiert die Zukunft des Raumtransports neu. Basierend auf den bew\u00e4hrten Prinzipien der Sphinx-Serie bietet dieses Nachfolgemodell eine Reihe von bahnbrechenden Verbesserungen, die es zur bevorzugten Wahl f\u00fcr den interstellaren Frachttransport machen.<\/p>\n<p><strong>Leistung und Effizienz:<\/strong><\/p>\n<p>Mit einem \u00fcberarbeiteten Antriebssystem erreicht der MKII eine bisher unerreichte Geschwindigkeit und Effizienz im Weltraum. Dank fortschrittlicher Triebwerkstechnologie kann er schwere Frachten \u00fcber kleinere Distanzen transportieren, ohne dabei Kompromisse bei der Impulse-Geschwindigkeit einzugehen.<\/p>\n<p><strong>Vielseitigkeit und Anpassungsf\u00e4higkeit:<\/strong><\/p>\n<p>Der Sphinx Typ MKII ist ein vielseitiges Arbeitspferd im Weltraum. Sein modulares Design erm\u00f6glicht es, verschiedene Frachtmodule und Spezialausr\u00fcstungen anzubringen, um den Anforderungen einer Vielzahl von Missionen gerecht zu werden. Von Bergbau-Expeditionen bis hin zu Rettungsmissionen ist der MKII f\u00fcr jede Herausforderung ger\u00fcstet.<\/p>\n<p><strong>Komfort und Sicherheit:<\/strong><\/p>\n<p>Der Komfort und die Sicherheit der Besatzung stehen beim Sphinx Typ MKII an erster Stelle. Das Cockpit ist ergonomisch gestaltet und bietet eine optimale Arbeitsumgebung f\u00fcr die Piloten. Die Kabine bietet ausreichend Platz f\u00fcr eine Besatzung von bis zu vier Personen und ist mit modernster Technologie ausgestattet, einschlie\u00dflich lebenserhaltender Systeme und Notfallprotokolle, um die Besatzung in jeder Situation zu sch\u00fctzen.<\/p>\n<p><strong>Zuverl\u00e4ssigkeit und Langlebigkeit:<\/strong><\/p>\n<p>Der Sphinx Typ MKII misst 13 Meter in der L\u00e4nge, 6 Meter in der Breite und 3 Meter in der H\u00f6he. Wie alle Produkte der Sphinx-Serie zeichnet sich auch der MKII durch seine Zuverl\u00e4ssigkeit und Langlebigkeit aus. Gebaut aus hochwertigen Materialien und mit strengen Qualit\u00e4tskontrollen hergestellt, ist er f\u00fcr den Dauereinsatz im harten Weltraumumfeld konzipiert. Mit minimaler Wartung und maximaler Leistungsf\u00e4higkeit ist der MKII bereit, die Grenzen des Weltraums zu \u00fcberwinden.<\/p>\n<p>Wie auch der Vorg\u00e4nger verf\u00fcgt die Sphinx-MKII \u00fcber keinen Warpantrieb oder Bewaffnung.<\/p>\n","protected":false},"excerpt":{"rendered":"<p>Sphinx Typ MKII Der Sphinx Typ MKII definiert die Zukunft des Raumtransports neu. Basierend auf den bew\u00e4hrten Prinzipien der Sphinx-Serie bietet dieses Nachfolgemodell eine Reihe von bahnbrechenden Verbesserungen, die es zur bevorzugten Wahl f\u00fcr den interstellaren Frachttransport machen. Leistung und Effizienz: Mit einem \u00fcberarbeiteten Antriebssystem erreicht der MKII eine bisher unerreichte Geschwindigkeit und Effizienz im&#8230;<\/p>\n<p class=\"more-link-wrap\"><a href=\"https:\/\/www.sf-germany.org\/einheiten\/uss-hephaistos\/das-schiff\/sphinx-typ-mkii\/\" class=\"more-link\">Read More<span class=\"screen-reader-text\"> &ldquo;Sphinx Typ MKII&rdquo;<\/span> &raquo;<\/a><\/p>\n","protected":false},"author":1,"featured_media":0,"parent":43,"menu_order":10,"comment_status":"closed","ping_status":"closed","template":"","meta":{"footnotes":""},"class_list":["post-8491","page","type-page","status-publish","hentry"],"_links":{"self":[{"href":"https:\/\/www.sf-germany.org\/einheiten\/uss-hephaistos\/wp-json\/wp\/v2\/pages\/8491","targetHints":{"allow":["GET"]}}],"collection":[{"href":"https:\/\/www.sf-germany.org\/einheiten\/uss-hephaistos\/wp-json\/wp\/v2\/pages"}],"about":[{"href":"https:\/\/www.sf-germany.org\/einheiten\/uss-hephaistos\/wp-json\/wp\/v2\/types\/page"}],"author":[{"embeddable":true,"href":"https:\/\/www.sf-germany.org\/einheiten\/uss-hephaistos\/wp-json\/wp\/v2\/users\/1"}],"replies":[{"embeddable":true,"href":"https:\/\/www.sf-germany.org\/einheiten\/uss-hephaistos\/wp-json\/wp\/v2\/comments?post=8491"}],"version-history":[{"count":4,"href":"https:\/\/www.sf-germany.org\/einheiten\/uss-hephaistos\/wp-json\/wp\/v2\/pages\/8491\/revisions"}],"predecessor-version":[{"id":8498,"href":"https:\/\/www.sf-germany.org\/einheiten\/uss-hephaistos\/wp-json\/wp\/v2\/pages\/8491\/revisions\/8498"}],"up":[{"embeddable":true,"href":"https:\/\/www.sf-germany.org\/einheiten\/uss-hephaistos\/wp-json\/wp\/v2\/pages\/43"}],"wp:attachment":[{"href":"https:\/\/www.sf-germany.org\/einheiten\/uss-hephaistos\/wp-json\/wp\/v2\/media?parent=8491"}],"curies":[{"name":"wp","href":"https:\/\/api.w.org\/{rel}","templated":true}]}}